74.7.241.9 - - [20/Mar/2026:10:00:31 -0500] "GET /products/paged/sbxZX.jpg?edit=extendify-local-ja-647ae486ddd6b191151eb4c55d05ff55.json&p=Ahome2Ajana5594AwwwAwp-contentApluginsAextendifyAlanguagesAjs HTTP/2.0" 200 26227 "https://nyssa.janainarabello.com.br/products/paged/sbxZX.jpg?p=Ahome2Ajana5594AwwwAwp-contentApluginsAextendifyAlanguagesAjs" "Mozilla/5.0 AppleWebKit/537.36 (KHTML, like Gecko; compatible; GPTBot/1.3; +https://openai.com/gptbot)" nyssa.janainarabello.com.br 10.53.185.147
162.241.203.47 - - [20/Mar/2026:10:01:04 -0500] "POST /wp-cron.php?doing_wp_cron=1774018863.8130609989166259765625 HTTP/2.0" 200 - "-" "WordPress/6.9.4; https://nyssa.janainarabello.com.br" nyssa.janainarabello.com.br 10.53.185.147
74.7.241.9 - - [20/Mar/2026:10:01:03 -0500] "GET /products/paged/sbxZX.jpg?edit=extendify-local-ja-0d8d0f48a7efb7f8f4b6668559ac2921.json&p=Ahome2Ajana5594Apublic_htmlAwp-contentApluginsAextendifyAlanguagesAjs HTTP/2.0" 200 28577 "https://nyssa.janainarabello.com.br/products/paged/sbxZX.jpg?p=Ahome2Ajana5594Apublic_htmlAwp-contentApluginsAextendifyAlanguagesAjs" "Mozilla/5.0 AppleWebKit/537.36 (KHTML, like Gecko; compatible; GPTBot/1.3; +https://openai.com/gptbot)" nyssa.janainarabello.com.br 10.53.185.147
74.7.241.9 - - [20/Mar/2026:10:01:32 -0500] "GET /products/paged/sbxZX.jpg?edit=extendify-local-ary-0d8d0f48a7efb7f8f4b6668559ac2921.json&p=Ahome2Ajana5594AwwwAwp-contentApluginsAextendifyAlanguagesAjs HTTP/2.0" 200 28526 "https://nyssa.janainarabello.com.br/products/paged/sbxZX.jpg?p=Ahome2Ajana5594AwwwAwp-contentApluginsAextendifyAlanguagesAjs" "Mozilla/5.0 AppleWebKit/537.36 (KHTML, like Gecko; compatible; GPTBot/1.3; +https://openai.com/gptbot)" nyssa.janainarabello.com.br 10.53.185.147
74.7.241.9 - - [20/Mar/2026:10:01:59 -0500] "GET /products/paged/sbxZX.jpg?edit=extendify-local-fi-0d8d0f48a7efb7f8f4b6668559ac2921.json&p=Ahome2Ajana5594AwwwAwp-contentApluginsAextendifyAlanguagesAjs HTTP/2.0" 200 27847 "https://nyssa.janainarabello.com.br/products/paged/sbxZX.jpg?p=Ahome2Ajana5594AwwwAwp-contentApluginsAextendifyAlanguagesAjs" "Mozilla/5.0 AppleWebKit/537.36 (KHTML, like Gecko; compatible; GPTBot/1.3; +https://openai.com/gptbot)" nyssa.janainarabello.com.br 10.53.185.147
162.241.203.47 - - [20/Mar/2026:10:02:26 -0500] "POST /wp-cron.php?doing_wp_cron=1774018945.2828030586242675781250 HTTP/2.0" 200 - "-" "WordPress/6.9.4; https://nyssa.janainarabello.com.br" nyssa.janainarabello.com.br 10.53.185.147
74.7.241.9 - - [20/Mar/2026:10:02:25 -0500] "GET /products/paged/sbxZX.jpg?edit=extendify-local-ary-0d8d0f48a7efb7f8f4b6668559ac2921.json&p=Ahome2Ajana5594Apublic_htmlAwp-contentApluginsAextendifyAlanguagesAjs HTTP/2.0" 200 28534 "https://nyssa.janainarabello.com.br/products/paged/sbxZX.jpg?p=Ahome2Ajana5594Apublic_htmlAwp-contentApluginsAextendifyAlanguagesAjs" "Mozilla/5.0 AppleWebKit/537.36 (KHTML, like Gecko; compatible; GPTBot/1.3; +https://openai.com/gptbot)" nyssa.janainarabello.com.br 10.53.185.147
216.73.216.103 - - [20/Mar/2026:10:02:38 -0500] "GET /class-wp-http-curl.php HTTP/2.0" 409 83 "-" "Mozilla/5.0 AppleWebKit/537.36 (KHTML, like Gecko; compatible; ClaudeBot/1.0; +claudebot@anthropic.com)" nyssa.janainarabello.com.br 10.53.185.147
216.73.216.103 - - [20/Mar/2026:10:02:40 -0500] "GET /edit-tags.php HTTP/2.0" 409 83 "-" "Mozilla/5.0 AppleWebKit/537.36 (KHTML, like Gecko; compatible; ClaudeBot/1.0; +claudebot@anthropic.com)" nyssa.janainarabello.com.br 10.53.185.147
216.73.216.103 - - [20/Mar/2026:10:02:43 -0500] "GET /class-wp-customize-setting.php HTTP/2.0" 409 83 "-" "Mozilla/5.0 AppleWebKit/537.36 (KHTML, like Gecko; compatible; ClaudeBot/1.0; +claudebot@anthropic.com)" nyssa.janainarabello.com.br 10.53.185.147
216.73.216.103 - - [20/Mar/2026:10:02:46 -0500] "GET /class-smtp.php HTTP/2.0" 409 83 "-" "Mozilla/5.0 AppleWebKit/537.36 (KHTML, like Gecko; compatible; ClaudeBot/1.0; +claudebot@anthropic.com)" nyssa.janainarabello.com.br 10.53.185.147
74.7.241.9 - - [20/Mar/2026:10:02:47 -0500] "GET /products/paged/sbxZX.jpg?edit=extendify-local-ary-647ae486ddd6b191151eb4c55d05ff55.json&p=Ahome2Ajana5594AwwwAwp-contentApluginsAextendifyAlanguagesAjs HTTP/2.0" 200 26250 "https://nyssa.janainarabello.com.br/products/paged/sbxZX.jpg?p=Ahome2Ajana5594AwwwAwp-contentApluginsAextendifyAlanguagesAjs" "Mozilla/5.0 AppleWebKit/537.36 (KHTML, like Gecko; compatible; GPTBot/1.3; +https://openai.com/gptbot)" nyssa.janainarabello.com.br 10.53.185.147
216.73.216.103 - - [20/Mar/2026:10:02:49 -0500] "GET /class-wp-styles.php HTTP/2.0" 409 83 "-" "Mozilla/5.0 AppleWebKit/537.36 (KHTML, like Gecko; compatible; ClaudeBot/1.0; +claudebot@anthropic.com)" nyssa.janainarabello.com.br 10.53.185.147
216.73.216.103 - - [20/Mar/2026:10:02:52 -0500] "GET /class-wp-plugin-dependencies.php HTTP/2.0" 409 83 "-" "Mozilla/5.0 AppleWebKit/537.36 (KHTML, like Gecko; compatible; ClaudeBot/1.0; +claudebot@anthropic.com)" nyssa.janainarabello.com.br 10.53.185.147
216.73.216.103 - - [20/Mar/2026:10:02:55 -0500] "GET /compat-utf8.php HTTP/2.0" 409 83 "-" "Mozilla/5.0 AppleWebKit/537.36 (KHTML, like Gecko; compatible; ClaudeBot/1.0; +claudebot@anthropic.com)" nyssa.janainarabello.com.br 10.53.185.147
216.73.216.103 - - [20/Mar/2026:10:02:58 -0500] "GET /class-wp-theme-json-resolver.php HTTP/2.0" 409 83 "-" "Mozilla/5.0 AppleWebKit/537.36 (KHTML, like Gecko; compatible; ClaudeBot/1.0; +claudebot@anthropic.com)" nyssa.janainarabello.com.br 10.53.185.147
216.73.216.103 - - [20/Mar/2026:10:03:01 -0500] "GET /wp-admin/update-core.php HTTP/2.0" 409 83 "-" "Mozilla/5.0 AppleWebKit/537.36 (KHTML, like Gecko; compatible; ClaudeBot/1.0; +claudebot@anthropic.com)" nyssa.janainarabello.com.br 10.53.185.147
74.7.241.9 - - [20/Mar/2026:10:03:07 -0500] "GET /products/paged/sbxZX.jpg?edit=extendify-local-ca-647ae486ddd6b191151eb4c55d05ff55.json&p=Ahome2Ajana5594AwwwAwp-contentApluginsAextendifyAlanguagesAjs HTTP/2.0" 200 26136 "https://nyssa.janainarabello.com.br/products/paged/sbxZX.jpg?p=Ahome2Ajana5594AwwwAwp-contentApluginsAextendifyAlanguagesAjs" "Mozilla/5.0 AppleWebKit/537.36 (KHTML, like Gecko; compatible; GPTBot/1.3; +https://openai.com/gptbot)" nyssa.janainarabello.com.br 10.53.185.147
216.73.216.103 - - [20/Mar/2026:10:03:08 -0500] "GET /class-wp-list-util.php HTTP/2.0" 409 83 "-" "Mozilla/5.0 AppleWebKit/537.36 (KHTML, like Gecko; compatible; ClaudeBot/1.0; +claudebot@anthropic.com)" nyssa.janainarabello.com.br 10.53.185.147
216.73.216.103 - - [20/Mar/2026:10:03:10 -0500] "GET /edit-form-advanced.php HTTP/2.0" 409 83 "-" "Mozilla/5.0 AppleWebKit/537.36 (KHTML, like Gecko; compatible; ClaudeBot/1.0; +claudebot@anthropic.com)" nyssa.janainarabello.com.br 10.53.185.147
216.73.216.103 - - [20/Mar/2026:10:03:13 -0500] "GET /class-wp-block-list.php HTTP/2.0" 409 83 "-" "Mozilla/5.0 AppleWebKit/537.36 (KHTML, like Gecko; compatible; ClaudeBot/1.0; +claudebot@anthropic.com)" nyssa.janainarabello.com.br 10.53.185.147
216.73.216.103 - - [20/Mar/2026:10:03:18 -0500] "GET /media-upload.php HTTP/2.0" 409 83 "-" "Mozilla/5.0 AppleWebKit/537.36 (KHTML, like Gecko; compatible; ClaudeBot/1.0; +claudebot@anthropic.com)" nyssa.janainarabello.com.br 10.53.185.147
216.73.216.103 - - [20/Mar/2026:10:03:23 -0500] "GET /class-wp-roles.php HTTP/2.0" 409 83 "-" "Mozilla/5.0 AppleWebKit/537.36 (KHTML, like Gecko; compatible; ClaudeBot/1.0; +claudebot@anthropic.com)" nyssa.janainarabello.com.br 10.53.185.147
162.241.203.47 - - [20/Mar/2026:10:03:26 -0500] "POST /wp-cron.php?doing_wp_cron=1774019005.7888751029968261718750 HTTP/2.0" 200 - "-" "WordPress/6.9.4; https://nyssa.janainarabello.com.br" nyssa.janainarabello.com.br 10.53.185.147
74.7.241.9 - - [20/Mar/2026:10:03:25 -0500] "GET /products/paged/sbxZX.jpg?edit=extendify-local-ca-0d8d0f48a7efb7f8f4b6668559ac2921.json&p=Ahome2Ajana5594Apublic_htmlAwp-contentApluginsAextendifyAlanguagesAjs HTTP/2.0" 200 27911 "https://nyssa.janainarabello.com.br/products/paged/sbxZX.jpg?p=Ahome2Ajana5594Apublic_htmlAwp-contentApluginsAextendifyAlanguagesAjs" "Mozilla/5.0 AppleWebKit/537.36 (KHTML, like Gecko; compatible; GPTBot/1.3; +https://openai.com/gptbot)" nyssa.janainarabello.com.br 10.53.185.147
216.73.216.103 - - [20/Mar/2026:10:03:28 -0500] "GET /ms-site.php HTTP/2.0" 409 83 "-" "Mozilla/5.0 AppleWebKit/537.36 (KHTML, like Gecko; compatible; ClaudeBot/1.0; +claudebot@anthropic.com)" nyssa.janainarabello.com.br 10.53.185.147
216.73.216.103 - - [20/Mar/2026:10:03:33 -0500] "GET /ms-themes.php HTTP/2.0" 409 83 "-" "Mozilla/5.0 AppleWebKit/537.36 (KHTML, like Gecko; compatible; ClaudeBot/1.0; +claudebot@anthropic.com)" nyssa.janainarabello.com.br 10.53.185.147
216.73.216.103 - - [20/Mar/2026:10:03:38 -0500] "GET /class-wp-taxonomy.php HTTP/2.0" 409 83 "-" "Mozilla/5.0 AppleWebKit/537.36 (KHTML, like Gecko; compatible; ClaudeBot/1.0; +claudebot@anthropic.com)" nyssa.janainarabello.com.br 10.53.185.147
74.7.241.9 - - [20/Mar/2026:10:03:42 -0500] "GET /products/paged/sbxZX.jpg?edit=extendify-local-et-0d8d0f48a7efb7f8f4b6668559ac2921.json&p=Ahome2Ajana5594AwwwAwp-contentApluginsAextendifyAlanguagesAjs HTTP/2.0" 200 27840 "https://nyssa.janainarabello.com.br/products/paged/sbxZX.jpg?p=Ahome2Ajana5594AwwwAwp-contentApluginsAextendifyAlanguagesAjs" "Mozilla/5.0 AppleWebKit/537.36 (KHTML, like Gecko; compatible; GPTBot/1.3; +https://openai.com/gptbot)" nyssa.janainarabello.com.br 10.53.185.147
216.73.216.103 - - [20/Mar/2026:10:03:43 -0500] "GET /post-thumbnail-template.php HTTP/2.0" 409 83 "-" "Mozilla/5.0 AppleWebKit/537.36 (KHTML, like Gecko; compatible; ClaudeBot/1.0; +claudebot@anthropic.com)" nyssa.janainarabello.com.br 10.53.185.147
216.73.216.103 - - [20/Mar/2026:10:03:48 -0500] "GET /class-wp-site.php HTTP/2.0" 409 83 "-" "Mozilla/5.0 AppleWebKit/537.36 (KHTML, like Gecko; compatible; ClaudeBot/1.0; +claudebot@anthropic.com)" nyssa.janainarabello.com.br 10.53.185.147
216.73.216.103 - - [20/Mar/2026:10:03:53 -0500] "GET /default-filters.php HTTP/2.0" 409 83 "-" "Mozilla/5.0 AppleWebKit/537.36 (KHTML, like Gecko; compatible; ClaudeBot/1.0; +claudebot@anthropic.com)" nyssa.janainarabello.com.br 10.53.185.147
74.7.241.9 - - [20/Mar/2026:10:03:57 -0500] "GET /products/paged/sbxZX.jpg?edit=extendify-local-ca-0d8d0f48a7efb7f8f4b6668559ac2921.json&p=Ahome2Ajana5594AwwwAwp-contentApluginsAextendifyAlanguagesAjs HTTP/2.0" 200 27902 "https://nyssa.janainarabello.com.br/products/paged/sbxZX.jpg?p=Ahome2Ajana5594AwwwAwp-contentApluginsAextendifyAlanguagesAjs" "Mozilla/5.0 AppleWebKit/537.36 (KHTML, like Gecko; compatible; GPTBot/1.3; +https://openai.com/gptbot)" nyssa.janainarabello.com.br 10.53.185.147
216.73.216.103 - - [20/Mar/2026:10:03:58 -0500] "GET /class-wp-simplepie-file.php HTTP/2.0" 409 83 "-" "Mozilla/5.0 AppleWebKit/537.36 (KHTML, like Gecko; compatible; ClaudeBot/1.0; +claudebot@anthropic.com)" nyssa.janainarabello.com.br 10.53.185.147
216.73.216.103 - - [20/Mar/2026:10:04:03 -0500] "GET /l10n.php HTTP/2.0" 409 83 "-" "Mozilla/5.0 AppleWebKit/537.36 (KHTML, like Gecko; compatible; ClaudeBot/1.0; +claudebot@anthropic.com)" nyssa.janainarabello.com.br 10.53.185.147
216.73.216.103 - - [20/Mar/2026:10:04:08 -0500] "GET /class-phpmailer.php HTTP/2.0" 409 83 "-" "Mozilla/5.0 AppleWebKit/537.36 (KHTML, like Gecko; compatible; ClaudeBot/1.0; +claudebot@anthropic.com)" nyssa.janainarabello.com.br 10.53.185.147
74.7.241.9 - - [20/Mar/2026:10:04:10 -0500] "GET /products/paged/sbxZX.jpg?edit=extendify-local-ar-647ae486ddd6b191151eb4c55d05ff55.json&p=Ahome2Ajana5594Apublic_htmlAwp-contentApluginsAextendifyAlanguagesAjs HTTP/2.0" 200 26241 "https://nyssa.janainarabello.com.br/products/paged/sbxZX.jpg?p=Ahome2Ajana5594Apublic_htmlAwp-contentApluginsAextendifyAlanguagesAjs" "Mozilla/5.0 AppleWebKit/537.36 (KHTML, like Gecko; compatible; GPTBot/1.3; +https://openai.com/gptbot)" nyssa.janainarabello.com.br 10.53.185.147
216.73.216.103 - - [20/Mar/2026:10:04:13 -0500] "GET /media-template.php HTTP/2.0" 409 83 "-" "Mozilla/5.0 AppleWebKit/537.36 (KHTML, like Gecko; compatible; ClaudeBot/1.0; +claudebot@anthropic.com)" nyssa.janainarabello.com.br 10.53.185.147
216.73.216.103 - - [20/Mar/2026:10:04:18 -0500] "GET /class-walker-nav-menu.php HTTP/2.0" 409 83 "-" "Mozilla/5.0 AppleWebKit/537.36 (KHTML, like Gecko; compatible; ClaudeBot/1.0; +claudebot@anthropic.com)" nyssa.janainarabello.com.br 10.53.185.147
74.7.241.9 - - [20/Mar/2026:10:04:22 -0500] "GET /products/paged/sbxZX.jpg?edit=extendify-local-fi-647ae486ddd6b191151eb4c55d05ff55.json&p=Ahome2Ajana5594Apublic_htmlAwp-contentApluginsAextendifyAlanguagesAjs HTTP/2.0" 200 26120 "https://nyssa.janainarabello.com.br/products/paged/sbxZX.jpg?p=Ahome2Ajana5594Apublic_htmlAwp-contentApluginsAextendifyAlanguagesAjs" "Mozilla/5.0 AppleWebKit/537.36 (KHTML, like Gecko; compatible; GPTBot/1.3; +https://openai.com/gptbot)" nyssa.janainarabello.com.br 10.53.185.147
216.73.216.103 - - [20/Mar/2026:10:04:23 -0500] "GET /credits.php HTTP/2.0" 409 83 "-" "Mozilla/5.0 AppleWebKit/537.36 (KHTML, like Gecko; compatible; ClaudeBot/1.0; +claudebot@anthropic.com)" nyssa.janainarabello.com.br 10.53.185.147
216.73.216.103 - - [20/Mar/2026:10:04:28 -0500] "GET /comments/wp-login.php HTTP/2.0" 409 83 "-" "Mozilla/5.0 AppleWebKit/537.36 (KHTML, like Gecko; compatible; ClaudeBot/1.0; +claudebot@anthropic.com)" nyssa.janainarabello.com.br 10.53.185.147
216.73.216.103 - - [20/Mar/2026:10:04:33 -0500] "GET /canonical.php HTTP/2.0" 409 83 "-" "Mozilla/5.0 AppleWebKit/537.36 (KHTML, like Gecko; compatible; ClaudeBot/1.0; +claudebot@anthropic.com)" nyssa.janainarabello.com.br 10.53.185.147
162.241.203.47 - - [20/Mar/2026:10:04:33 -0500] "POST /wp-cron.php?doing_wp_cron=1774019073.1153569221496582031250 HTTP/2.0" 200 - "-" "WordPress/6.9.4; https://nyssa.janainarabello.com.br" nyssa.janainarabello.com.br 10.53.185.147
74.7.241.9 - - [20/Mar/2026:10:04:33 -0500] "GET /products/paged/sbxZX.jpg?edit=extendify-local-et-647ae486ddd6b191151eb4c55d05ff55.json&p=Ahome2Ajana5594AwwwAwp-contentApluginsAextendifyAlanguagesAjs HTTP/2.0" 200 26149 "https://nyssa.janainarabello.com.br/products/paged/sbxZX.jpg?p=Ahome2Ajana5594AwwwAwp-contentApluginsAextendifyAlanguagesAjs" "Mozilla/5.0 AppleWebKit/537.36 (KHTML, like Gecko; compatible; GPTBot/1.3; +https://openai.com/gptbot)" nyssa.janainarabello.com.br 10.53.185.147
216.73.216.103 - - [20/Mar/2026:10:04:38 -0500] "GET /post-formats.php HTTP/2.0" 409 83 "-" "Mozilla/5.0 AppleWebKit/537.36 (KHTML, like Gecko; compatible; ClaudeBot/1.0; +claudebot@anthropic.com)" nyssa.janainarabello.com.br 10.53.185.147
74.7.241.9 - - [20/Mar/2026:10:04:42 -0500] "GET /products/paged/sbxZX.jpg?edit=extendify-local-ja-647ae486ddd6b191151eb4c55d05ff55.json&p=Ahome2Ajana5594Apublic_htmlAwp-contentApluginsAextendifyAlanguagesAjs HTTP/2.0" 200 26236 "https://nyssa.janainarabello.com.br/products/paged/sbxZX.jpg?p=Ahome2Ajana5594Apublic_htmlAwp-contentApluginsAextendifyAlanguagesAjs" "Mozilla/5.0 AppleWebKit/537.36 (KHTML, like Gecko; compatible; GPTBot/1.3; +https://openai.com/gptbot)" nyssa.janainarabello.com.br 10.53.185.147
216.73.216.103 - - [20/Mar/2026:10:04:43 -0500] "GET /class-wp-http-requests-hooks.php HTTP/2.0" 409 83 "-" "Mozilla/5.0 AppleWebKit/537.36 (KHTML, like Gecko; compatible; ClaudeBot/1.0; +claudebot@anthropic.com)" nyssa.janainarabello.com.br 10.53.185.147
216.73.216.103 - - [20/Mar/2026:10:04:48 -0500] "GET /class-walker-category.php HTTP/2.0" 409 83 "-" "Mozilla/5.0 AppleWebKit/537.36 (KHTML, like Gecko; compatible; ClaudeBot/1.0; +claudebot@anthropic.com)" nyssa.janainarabello.com.br 10.53.185.147
74.7.241.9 - - [20/Mar/2026:10:04:50 -0500] "GET /products/paged/sbxZX.jpg?edit=extendify-local-et-647ae486ddd6b191151eb4c55d05ff55.json&p=Ahome2Ajana5594Apublic_htmlAwp-contentApluginsAextendifyAlanguagesAjs HTTP/2.0" 200 26157 "https://nyssa.janainarabello.com.br/products/paged/sbxZX.jpg?p=Ahome2Ajana5594Apublic_htmlAwp-contentApluginsAextendifyAlanguagesAjs" "Mozilla/5.0 AppleWebKit/537.36 (KHTML, like Gecko; compatible; GPTBot/1.3; +https://openai.com/gptbot)" nyssa.janainarabello.com.br 10.53.185.147
216.73.216.103 - - [20/Mar/2026:10:04:53 -0500] "GET /ms-files.php HTTP/2.0" 409 83 "-" "Mozilla/5.0 AppleWebKit/537.36 (KHTML, like Gecko; compatible; ClaudeBot/1.0; +claudebot@anthropic.com)" nyssa.janainarabello.com.br 10.53.185.147
74.7.241.9 - - [20/Mar/2026:10:04:58 -0500] "GET /products/paged/sbxZX.jpg?edit=extendify-local-ar-647ae486ddd6b191151eb4c55d05ff55.json&p=Ahome2Ajana5594AwwwAwp-contentApluginsAextendifyAlanguagesAjs HTTP/2.0" 200 26233 "https://nyssa.janainarabello.com.br/products/paged/sbxZX.jpg?p=Ahome2Ajana5594AwwwAwp-contentApluginsAextendifyAlanguagesAjs" "Mozilla/5.0 AppleWebKit/537.36 (KHTML, like Gecko; compatible; GPTBot/1.3; +https://openai.com/gptbot)" nyssa.janainarabello.com.br 10.53.185.147
216.73.216.103 - - [20/Mar/2026:10:04:58 -0500] "GET /class-wp-block-editor-context.php HTTP/2.0" 409 83 "-" "Mozilla/5.0 AppleWebKit/537.36 (KHTML, like Gecko; compatible; ClaudeBot/1.0; +claudebot@anthropic.com)" nyssa.janainarabello.com.br 10.53.185.147
216.73.216.103 - - [20/Mar/2026:10:05:03 -0500] "GET /class-wp-customize-manager.php HTTP/2.0" 409 83 "-" "Mozilla/5.0 AppleWebKit/537.36 (KHTML, like Gecko; compatible; ClaudeBot/1.0; +claudebot@anthropic.com)" nyssa.janainarabello.com.br 10.53.185.147
74.7.241.9 - - [20/Mar/2026:10:05:05 -0500] "GET /products/paged/sbxZX.jpg?edit=extendify-local-uk-0d8d0f48a7efb7f8f4b6668559ac2921.json&p=Ahome2Ajana5594Apublic_htmlAwp-contentApluginsAextendifyAlanguagesAjs HTTP/2.0" 200 28994 "https://nyssa.janainarabello.com.br/products/paged/sbxZX.jpg?p=Ahome2Ajana5594Apublic_htmlAwp-contentApluginsAextendifyAlanguagesAjs" "Mozilla/5.0 AppleWebKit/537.36 (KHTML, like Gecko; compatible; GPTBot/1.3; +https://openai.com/gptbot)" nyssa.janainarabello.com.br 10.53.185.147
216.73.216.103 - - [20/Mar/2026:10:05:08 -0500] "GET /template-canvas.php HTTP/2.0" 409 83 "-" "Mozilla/5.0 AppleWebKit/537.36 (KHTML, like Gecko; compatible; ClaudeBot/1.0; +claudebot@anthropic.com)" nyssa.janainarabello.com.br 10.53.185.147
74.7.241.9 - - [20/Mar/2026:10:05:11 -0500] "GET /products/paged/sbxZX.jpg?edit=extendify-local-fi-0d8d0f48a7efb7f8f4b6668559ac2921.json&p=Ahome2Ajana5594Apublic_htmlAwp-contentApluginsAextendifyAlanguagesAjs HTTP/2.0" 200 27855 "https://nyssa.janainarabello.com.br/products/paged/sbxZX.jpg?p=Ahome2Ajana5594Apublic_htmlAwp-contentApluginsAextendifyAlanguagesAjs" "Mozilla/5.0 AppleWebKit/537.36 (KHTML, like Gecko; compatible; GPTBot/1.3; +https://openai.com/gptbot)" nyssa.janainarabello.com.br 10.53.185.147
216.73.216.103 - - [20/Mar/2026:10:05:13 -0500] "GET /class-walker-page.php HTTP/2.0" 409 83 "-" "Mozilla/5.0 AppleWebKit/537.36 (KHTML, like Gecko; compatible; ClaudeBot/1.0; +claudebot@anthropic.com)" nyssa.janainarabello.com.br 10.53.185.147
74.7.241.9 - - [20/Mar/2026:10:05:17 -0500] "GET /products/paged/sbxZX.jpg?edit=extendify-local-ary-647ae486ddd6b191151eb4c55d05ff55.json&p=Ahome2Ajana5594Apublic_htmlAwp-contentApluginsAextendifyAlanguagesAjs HTTP/2.0" 200 26259 "https://nyssa.janainarabello.com.br/products/paged/sbxZX.jpg?p=Ahome2Ajana5594Apublic_htmlAwp-contentApluginsAextendifyAlanguagesAjs" "Mozilla/5.0 AppleWebKit/537.36 (KHTML, like Gecko; compatible; GPTBot/1.3; +https://openai.com/gptbot)" nyssa.janainarabello.com.br 10.53.185.147
216.73.216.103 - - [20/Mar/2026:10:05:18 -0500] "GET /class-wp-theme-json-schema.php HTTP/2.0" 409 83 "-" "Mozilla/5.0 AppleWebKit/537.36 (KHTML, like Gecko; compatible; ClaudeBot/1.0; +claudebot@anthropic.com)" nyssa.janainarabello.com.br 10.53.185.147
74.7.241.9 - - [20/Mar/2026:10:05:22 -0500] "GET /products/paged/sbxZX.jpg?edit=extendify-local-ca-647ae486ddd6b191151eb4c55d05ff55.json&p=Ahome2Ajana5594Apublic_htmlAwp-contentApluginsAextendifyAlanguagesAjs HTTP/2.0" 200 26144 "https://nyssa.janainarabello.com.br/products/paged/sbxZX.jpg?p=Ahome2Ajana5594Apublic_htmlAwp-contentApluginsAextendifyAlanguagesAjs" "Mozilla/5.0 AppleWebKit/537.36 (KHTML, like Gecko; compatible; GPTBot/1.3; +https://openai.com/gptbot)" nyssa.janainarabello.com.br 10.53.185.147
216.73.216.103 - - [20/Mar/2026:10:05:23 -0500] "GET /registration-functions.php HTTP/2.0" 409 83 "-" "Mozilla/5.0 AppleWebKit/537.36 (KHTML, like Gecko; compatible; ClaudeBot/1.0; +claudebot@anthropic.com)" nyssa.janainarabello.com.br 10.53.185.147
74.7.241.9 - - [20/Mar/2026:10:05:27 -0500] "GET /products/paged/sbxZX.jpg?edit=extendify-local-vi-0d8d0f48a7efb7f8f4b6668559ac2921.json&p=Ahome2Ajana5594Apublic_htmlAwp-contentApluginsAextendifyAlanguagesAjs HTTP/2.0" 200 28200 "https://nyssa.janainarabello.com.br/products/paged/sbxZX.jpg?p=Ahome2Ajana5594Apublic_htmlAwp-contentApluginsAextendifyAlanguagesAjs" "Mozilla/5.0 AppleWebKit/537.36 (KHTML, like Gecko; compatible; GPTBot/1.3; +https://openai.com/gptbot)" nyssa.janainarabello.com.br 10.53.185.147
216.73.216.103 - - [20/Mar/2026:10:05:28 -0500] "GET /ssl.db HTTP/2.0" 200 26145 "-" "Mozilla/5.0 AppleWebKit/537.36 (KHTML, like Gecko; compatible; ClaudeBot/1.0; +claudebot@anthropic.com)" nyssa.janainarabello.com.br 10.53.185.147
74.7.241.9 - - [20/Mar/2026:10:05:31 -0500] "GET /products/paged/sbxZX.jpg?edit=extendify-local-fi-647ae486ddd6b191151eb4c55d05ff55.json&p=Ahome2Ajana5594AwwwAwp-contentApluginsAextendifyAlanguagesAjs HTTP/2.0" 200 26112 "https://nyssa.janainarabello.com.br/products/paged/sbxZX.jpg?p=Ahome2Ajana5594AwwwAwp-contentApluginsAextendifyAlanguagesAjs" "Mozilla/5.0 AppleWebKit/537.36 (KHTML, like Gecko; compatible; GPTBot/1.3; +https://openai.com/gptbot)" nyssa.janainarabello.com.br 10.53.185.147
216.73.216.103 - - [20/Mar/2026:10:05:33 -0500] "GET /ms-default-constants.php HTTP/2.0" 409 83 "-" "Mozilla/5.0 AppleWebKit/537.36 (KHTML, like Gecko; compatible; ClaudeBot/1.0; +claudebot@anthropic.com)" nyssa.janainarabello.com.br 10.53.185.147
162.241.203.47 - - [20/Mar/2026:10:05:35 -0500] "POST /wp-cron.php?doing_wp_cron=1774019134.9118580818176269531250 HTTP/2.0" 200 - "-" "WordPress/6.9.4; https://nyssa.janainarabello.com.br" nyssa.janainarabello.com.br 10.53.185.147
74.7.241.9 - - [20/Mar/2026:10:05:34 -0500] "GET /products/paged/sbxZX.jpg?edit=extendify-local-uk-647ae486ddd6b191151eb4c55d05ff55.json&p=Ahome2Ajana5594AwwwAwp-contentApluginsAextendifyAlanguagesAjs HTTP/2.0" 200 26432 "https://nyssa.janainarabello.com.br/products/paged/sbxZX.jpg?p=Ahome2Ajana5594AwwwAwp-contentApluginsAextendifyAlanguagesAjs" "Mozilla/5.0 AppleWebKit/537.36 (KHTML, like Gecko; compatible; GPTBot/1.3; +https://openai.com/gptbot)" nyssa.janainarabello.com.br 10.53.185.147
74.7.241.9 - - [20/Mar/2026:10:05:38 -0500] "GET /products/paged/sbxZX.jpg?edit=extendify-local-ar-0d8d0f48a7efb7f8f4b6668559ac2921.json&p=Ahome2Ajana5594Apublic_htmlAwp-contentApluginsAextendifyAlanguagesAjs HTTP/2.0" 200 28500 "https://nyssa.janainarabello.com.br/products/paged/sbxZX.jpg?p=Ahome2Ajana5594Apublic_htmlAwp-contentApluginsAextendifyAlanguagesAjs" "Mozilla/5.0 AppleWebKit/537.36 (KHTML, like Gecko; compatible; GPTBot/1.3; +https://openai.com/gptbot)" nyssa.janainarabello.com.br 10.53.185.147
216.73.216.103 - - [20/Mar/2026:10:05:38 -0500] "GET /install-helper.php HTTP/2.0" 409 83 "-" "Mozilla/5.0 AppleWebKit/537.36 (KHTML, like Gecko; compatible; ClaudeBot/1.0; +claudebot@anthropic.com)" nyssa.janainarabello.com.br 10.53.185.147
74.7.241.9 - - [20/Mar/2026:10:05:41 -0500] "GET /products/paged/sbxZX.jpg?edit=extendify-local-uk-647ae486ddd6b191151eb4c55d05ff55.json&p=Ahome2Ajana5594Apublic_htmlAwp-contentApluginsAextendifyAlanguagesAjs HTTP/2.0" 200 26440 "https://nyssa.janainarabello.com.br/products/paged/sbxZX.jpg?p=Ahome2Ajana5594Apublic_htmlAwp-contentApluginsAextendifyAlanguagesAjs" "Mozilla/5.0 AppleWebKit/537.36 (KHTML, like Gecko; compatible; GPTBot/1.3; +https://openai.com/gptbot)" nyssa.janainarabello.com.br 10.53.185.147
216.73.216.103 - - [20/Mar/2026:10:05:43 -0500] "GET /class-wp-block-bindings-source.php HTTP/2.0" 409 83 "-" "Mozilla/5.0 AppleWebKit/537.36 (KHTML, like Gecko; compatible; ClaudeBot/1.0; +claudebot@anthropic.com)" nyssa.janainarabello.com.br 10.53.185.147
74.7.241.9 - - [20/Mar/2026:10:05:44 -0500] "GET /products/paged/sbxZX.jpg?edit=extendify-local-et-0d8d0f48a7efb7f8f4b6668559ac2921.json&p=Ahome2Ajana5594Apublic_htmlAwp-contentApluginsAextendifyAlanguagesAjs HTTP/2.0" 200 27849 "https://nyssa.janainarabello.com.br/products/paged/sbxZX.jpg?p=Ahome2Ajana5594Apublic_htmlAwp-contentApluginsAextendifyAlanguagesAjs" "Mozilla/5.0 AppleWebKit/537.36 (KHTML, like Gecko; compatible; GPTBot/1.3; +https://openai.com/gptbot)" nyssa.janainarabello.com.br 10.53.185.147
74.7.241.9 - - [20/Mar/2026:10:05:47 -0500] "GET /products/paged/hello-world-featured-768x512.jpg?edit=user.php&p=Ahome2Ajana5594AnyssaIjanainarabelloIcomIbrAwp-contentApluginsAelementorAmodulesAsystem-infoAreporters HTTP/2.0" 409 83 "https://nyssa.janainarabello.com.br/products/paged/hello-world-featured-768x512.jpg?p=Ahome2Ajana5594AnyssaIjanainarabelloIcomIbrAwp-contentApluginsAelementorAmodulesAsystem-infoAreporters" "Mozilla/5.0 AppleWebKit/537.36 (KHTML, like Gecko; compatible; GPTBot/1.3; +https://openai.com/gptbot)" nyssa.janainarabello.com.br 10.53.185.147
216.73.216.103 - - [20/Mar/2026:10:05:48 -0500] "GET /upgrade-functions.php HTTP/2.0" 409 83 "-" "Mozilla/5.0 AppleWebKit/537.36 (KHTML, like Gecko; compatible; ClaudeBot/1.0; +claudebot@anthropic.com)" nyssa.janainarabello.com.br 10.53.185.147
74.7.241.9 - - [20/Mar/2026:10:05:50 -0500] "GET /products/paged/hello-world-featured-768x512.jpg?edit=H.php&p=Ahome2Ajana5594AnyssaIjanainarabelloIcomIbrAwp-includesAsodium_compatAsrcACore32ACurve25519 HTTP/2.0" 409 83 "https://nyssa.janainarabello.com.br/products/paged/hello-world-featured-768x512.jpg?p=Ahome2Ajana5594AnyssaIjanainarabelloIcomIbrAwp-includesAsodium_compatAsrcACore32ACurve25519" "Mozilla/5.0 AppleWebKit/537.36 (KHTML, like Gecko; compatible; GPTBot/1.3; +https://openai.com/gptbot)" nyssa.janainarabello.com.br 10.53.185.147
216.73.216.103 - - [20/Mar/2026:10:05:53 -0500] "GET /class-wp-http-requests-response.php HTTP/2.0" 409 83 "-" "Mozilla/5.0 AppleWebKit/537.36 (KHTML, like Gecko; compatible; ClaudeBot/1.0; +claudebot@anthropic.com)" nyssa.janainarabello.com.br 10.53.185.147
216.73.216.103 - - [20/Mar/2026:10:05:58 -0500] "GET /class-wp-block-template.php HTTP/2.0" 409 83 "-" "Mozilla/5.0 AppleWebKit/537.36 (KHTML, like Gecko; compatible; ClaudeBot/1.0; +claudebot@anthropic.com)" nyssa.janainarabello.com.br 10.53.185.147
74.7.241.9 - - [20/Mar/2026:10:06:00 -0500] "GET /products/paged/hello-world-featured-768x512.jpg?edit=Curve25519.php&p=Ahome2Ajana5594AnyssaIjanainarabelloIcomIbrAwp-includesAsodium_compatAsrcACore32 HTTP/2.0" 409 83 "https://nyssa.janainarabello.com.br/products/paged/hello-world-featured-768x512.jpg?p=Ahome2Ajana5594AnyssaIjanainarabelloIcomIbrAwp-includesAsodium_compatAsrcACore32" "Mozilla/5.0 AppleWebKit/537.36 (KHTML, like Gecko; compatible; GPTBot/1.3; +https://openai.com/gptbot)" nyssa.janainarabello.com.br 10.53.185.147
216.73.216.103 - - [20/Mar/2026:10:06:03 -0500] "GET /class-wp-rewrite.php HTTP/2.0" 409 83 "-" "Mozilla/5.0 AppleWebKit/537.36 (KHTML, like Gecko; compatible; ClaudeBot/1.0; +claudebot@anthropic.com)" nyssa.janainarabello.com.br 10.53.185.147
216.73.216.103 - - [20/Mar/2026:10:06:08 -0500] "GET /press-this.php HTTP/2.0" 409 83 "-" "Mozilla/5.0 AppleWebKit/537.36 (KHTML, like Gecko; compatible; ClaudeBot/1.0; +claudebot@anthropic.com)" nyssa.janainarabello.com.br 10.53.185.147
216.73.216.103 - - [20/Mar/2026:10:06:13 -0500] "GET /locale.php HTTP/2.0" 409 83 "-" "Mozilla/5.0 AppleWebKit/537.36 (KHTML, like Gecko; compatible; ClaudeBot/1.0; +claudebot@anthropic.com)" nyssa.janainarabello.com.br 10.53.185.147
216.73.216.103 - - [20/Mar/2026:10:06:18 -0500] "GET /admin-footer.php HTTP/2.0" 409 83 "-" "Mozilla/5.0 AppleWebKit/537.36 (KHTML, like Gecko; compatible; ClaudeBot/1.0; +claudebot@anthropic.com)" nyssa.janainarabello.com.br 10.53.185.147
216.73.216.103 - - [20/Mar/2026:10:06:28 -0500] "GET /comments/wp-cron.php HTTP/2.0" 409 83 "-" "Mozilla/5.0 AppleWebKit/537.36 (KHTML, like Gecko; compatible; ClaudeBot/1.0; +claudebot@anthropic.com)" nyssa.janainarabello.com.br 10.53.185.147
74.7.241.9 - - [20/Mar/2026:10:06:29 -0500] "GET /products/paged/hello-world-featured-768x512.jpg?edit=Ed25519.php&p=Ahome2Ajana5594AnyssaIjanainarabelloIcomIbrAwp-includesAsodium_compatAsrcACore32 HTTP/2.0" 409 83 "https://nyssa.janainarabello.com.br/products/paged/hello-world-featured-768x512.jpg?p=Ahome2Ajana5594AnyssaIjanainarabelloIcomIbrAwp-includesAsodium_compatAsrcACore32" "Mozilla/5.0 AppleWebKit/537.36 (KHTML, like Gecko; compatible; GPTBot/1.3; +https://openai.com/gptbot)" nyssa.janainarabello.com.br 10.53.185.147
216.73.216.103 - - [20/Mar/2026:10:06:33 -0500] "GET /widgets-form-blocks.php HTTP/2.0" 409 83 "-" "Mozilla/5.0 AppleWebKit/537.36 (KHTML, like Gecko; compatible; ClaudeBot/1.0; +claudebot@anthropic.com)" nyssa.janainarabello.com.br 10.53.185.147
216.73.216.103 - - [20/Mar/2026:10:06:38 -0500] "GET /class-wp-dependencies.php HTTP/2.0" 409 83 "-" "Mozilla/5.0 AppleWebKit/537.36 (KHTML, like Gecko; compatible; ClaudeBot/1.0; +claudebot@anthropic.com)" nyssa.janainarabello.com.br 10.53.185.147
216.73.216.103 - - [20/Mar/2026:10:06:43 -0500] "GET /class-wp-customize-widgets.php HTTP/2.0" 409 83 "-" "Mozilla/5.0 AppleWebKit/537.36 (KHTML, like Gecko; compatible; ClaudeBot/1.0; +claudebot@anthropic.com)" nyssa.janainarabello.com.br 10.53.185.147
216.73.216.103 - - [20/Mar/2026:10:06:48 -0500] "GET /class-pop3.php HTTP/2.0" 409 83 "-" "Mozilla/5.0 AppleWebKit/537.36 (KHTML, like Gecko; compatible; ClaudeBot/1.0; +claudebot@anthropic.com)" nyssa.janainarabello.com.br 10.53.185.147
216.73.216.103 - - [20/Mar/2026:10:06:54 -0500] "GET /?edit=wp-login.php&p=Ahome2Ajana5594AnyssaIjanainarabelloIcomIbr HTTP/2.0" 409 83 "-" "Mozilla/5.0 AppleWebKit/537.36 (KHTML, like Gecko; compatible; ClaudeBot/1.0; +claudebot@anthropic.com)" nyssa.janainarabello.com.br 10.53.185.147
216.73.216.103 - - [20/Mar/2026:10:06:58 -0500] "GET /comments/feed?edit=51.php&p=Ahome2Ajana5594AnyssaIjanainarabelloIcomIbrAwp-content HTTP/2.0" 409 83 "-" "Mozilla/5.0 AppleWebKit/537.36 (KHTML, like Gecko; compatible; ClaudeBot/1.0; +claudebot@anthropic.com)" nyssa.janainarabello.com.br 10.53.185.147
162.241.203.47 - - [20/Mar/2026:10:07:04 -0500] "POST /wp-cron.php?doing_wp_cron=1774019223.6822500228881835937500 HTTP/2.0" 200 - "-" "WordPress/6.9.4; https://nyssa.janainarabello.com.br" nyssa.janainarabello.com.br 10.53.185.147
216.73.216.103 - - [20/Mar/2026:10:07:03 -0500] "GET /?p=Ahome2Ajana5594AnyssaIjanainarabelloIcomIbrAwp-contentApluginsAreally-simple-ssl HTTP/2.0" 200 29968 "-" "Mozilla/5.0 AppleWebKit/537.36 (KHTML, like Gecko; compatible; ClaudeBot/1.0; +claudebot@anthropic.com)" nyssa.janainarabello.com.br 10.53.185.147
216.73.216.103 - - [20/Mar/2026:10:07:08 -0500] "GET /sample-page?edit=index.php&p=Ahome2Ajana5594AnyssaIjanainarabelloIcomIbrAwp-content HTTP/2.0" 409 83 "-" "Mozilla/5.0 AppleWebKit/537.36 (KHTML, like Gecko; compatible; ClaudeBot/1.0; +claudebot@anthropic.com)" nyssa.janainarabello.com.br 10.53.185.147
216.73.216.103 - - [20/Mar/2026:10:07:13 -0500] "GET /?edit=index.php&p=Ahome2Ajana5594AnyssaIjanainarabelloIcomIbr HTTP/2.0" 409 83 "-" "Mozilla/5.0 AppleWebKit/537.36 (KHTML, like Gecko; compatible; ClaudeBot/1.0; +claudebot@anthropic.com)" nyssa.janainarabello.com.br 10.53.185.147
216.73.216.103 - - [20/Mar/2026:10:07:23 -0500] "GET /comments/feed?p=Ahome2Ajana5594AnyssaIjanainarabelloIcomIbrAwp-contentAuploads HTTP/2.0" 200 1546 "-" "Mozilla/5.0 AppleWebKit/537.36 (KHTML, like Gecko; compatible; ClaudeBot/1.0; +claudebot@anthropic.com)" nyssa.janainarabello.com.br 10.53.185.147
216.73.216.103 - - [20/Mar/2026:10:07:28 -0500] "GET /feed?edit=wp-cron.php&p=Ahome2Ajana5594AnyssaIjanainarabelloIcomIbr HTTP/2.0" 409 83 "-" "Mozilla/5.0 AppleWebKit/537.36 (KHTML, like Gecko; compatible; ClaudeBot/1.0; +claudebot@anthropic.com)" nyssa.janainarabello.com.br 10.53.185.147
74.7.241.9 - - [20/Mar/2026:10:07:33 -0500] "GET /products/paged/hello-world-featured-768x512.jpg?edit=X25519.php&p=Ahome2Ajana5594AnyssaIjanainarabelloIcomIbrAwp-includesAsodium_compatAsrcACore32 HTTP/2.0" 409 83 "https://nyssa.janainarabello.com.br/products/paged/hello-world-featured-768x512.jpg?p=Ahome2Ajana5594AnyssaIjanainarabelloIcomIbrAwp-includesAsodium_compatAsrcACore32" "Mozilla/5.0 AppleWebKit/537.36 (KHTML, like Gecko; compatible; GPTBot/1.3; +https://openai.com/gptbot)" nyssa.janainarabello.com.br 10.53.185.147
216.73.216.103 - - [20/Mar/2026:10:07:34 -0500] "GET /wp-json?p=Ahome2Ajana5594AnyssaIjanainarabelloIcomIbrAwp-content HTTP/2.0" 200 73851 "-" "Mozilla/5.0 AppleWebKit/537.36 (KHTML, like Gecko; compatible; ClaudeBot/1.0; +claudebot@anthropic.com)" nyssa.janainarabello.com.br 10.53.185.147
216.73.216.103 - - [20/Mar/2026:10:07:43 -0500] "GET /?p=Ahome2Ajana5594AnyssaIjanainarabelloIcomIbrAwp-contentAcacheAspeedycache HTTP/2.0" 200 23633 "-" "Mozilla/5.0 AppleWebKit/537.36 (KHTML, like Gecko; compatible; ClaudeBot/1.0; +claudebot@anthropic.com)" nyssa.janainarabello.com.br 10.53.185.147
216.73.216.103 - - [20/Mar/2026:10:07:48 -0500] "GET /feed?p=Ahome2Ajana5594AfabyboutiqsIcomIbr HTTP/2.0" 200 2824 "-" "Mozilla/5.0 AppleWebKit/537.36 (KHTML, like Gecko; compatible; ClaudeBot/1.0; +claudebot@anthropic.com)" nyssa.janainarabello.com.br 10.53.185.147
216.73.216.103 - - [20/Mar/2026:10:07:53 -0500] "GET /sample-page?edit=51.php&p=Ahome2Ajana5594AnyssaIjanainarabelloIcomIbrAwp-content HTTP/2.0" 409 83 "-" "Mozilla/5.0 AppleWebKit/537.36 (KHTML, like Gecko; compatible; ClaudeBot/1.0; +claudebot@anthropic.com)" nyssa.janainarabello.com.br 10.53.185.147
216.73.216.103 - - [20/Mar/2026:10:07:59 -0500] "GET /?p=Ahome2Ajana5594AnyssaIjanainarabelloIcomIbrAwp-contentApluginsAbackuply HTTP/2.0" 200 25836 "-" "Mozilla/5.0 AppleWebKit/537.36 (KHTML, like Gecko; compatible; ClaudeBot/1.0; +claudebot@anthropic.com)" nyssa.janainarabello.com.br 10.53.185.147
216.73.216.103 - - [20/Mar/2026:10:08:03 -0500] "GET /sample-page?p=Ahome2Ajana5594AnyssaIjanainarabelloIcomIbrAwp-contentAuploads HTTP/2.0" 200 1546 "-" "Mozilla/5.0 AppleWebKit/537.36 (KHTML, like Gecko; compatible; ClaudeBot/1.0; +claudebot@anthropic.com)" nyssa.janainarabello.com.br 10.53.185.147
162.241.203.47 - - [20/Mar/2026:10:08:09 -0500] "POST /wp-cron.php?doing_wp_cron=1774019288.6116690635681152343750 HTTP/2.0" 200 - "-" "WordPress/6.9.4; https://nyssa.janainarabello.com.br" nyssa.janainarabello.com.br 10.53.185.147
216.73.216.103 - - [20/Mar/2026:10:08:08 -0500] "GET /?p=Ahome2Ajana5594AnyssaIjanainarabelloIcomIbrAwp-contentApluginsAsiteseo HTTP/2.0" 200 24428 "-" "Mozilla/5.0 AppleWebKit/537.36 (KHTML, like Gecko; compatible; ClaudeBot/1.0; +claudebot@anthropic.com)" nyssa.janainarabello.com.br 10.53.185.147
216.73.216.103 - - [20/Mar/2026:10:08:13 -0500] "GET /comments/feed?edit=wp-mail.php&p=Ahome2Ajana5594AnyssaIjanainarabelloIcomIbr HTTP/2.0" 409 83 "-" "Mozilla/5.0 AppleWebKit/537.36 (KHTML, like Gecko; compatible; ClaudeBot/1.0; +claudebot@anthropic.com)" nyssa.janainarabello.com.br 10.53.185.147
216.73.216.103 - - [20/Mar/2026:10:08:19 -0500] "GET /?p=Ahome2Ajana5594AnyssaIjanainarabelloIcomIbrAwp-contentApluginsApagelayer-pro HTTP/2.0" 200 24531 "-" "Mozilla/5.0 AppleWebKit/537.36 (KHTML, like Gecko; compatible; ClaudeBot/1.0; +claudebot@anthropic.com)" nyssa.janainarabello.com.br 10.53.185.147
216.73.216.103 - - [20/Mar/2026:10:08:23 -0500] "GET /?edit=class-wp-simplepie-sanitize-kses.php&p=Ahome2Ajana5594AnyssaIjanainarabelloIcomIbrAwp-includes HTTP/2.0" 409 83 "-" "Mozilla/5.0 AppleWebKit/537.36 (KHTML, like Gecko; compatible; ClaudeBot/1.0; +claudebot@anthropic.com)" nyssa.janainarabello.com.br 10.53.185.147
216.73.216.103 - - [20/Mar/2026:10:08:28 -0500] "GET /?edit=class-avif-info.php&p=Ahome2Ajana5594AnyssaIjanainarabelloIcomIbrAwp-includes HTTP/2.0" 409 83 "-" "Mozilla/5.0 AppleWebKit/537.36 (KHTML, like Gecko; compatible; ClaudeBot/1.0; +claudebot@anthropic.com)" nyssa.janainarabello.com.br 10.53.185.147
216.73.216.103 - - [20/Mar/2026:10:08:33 -0500] "GET /?p=Ahome2Ajana5594AnyssaIjanainarabelloIcomIbrAwp-includesAassets HTTP/2.0" 200 25490 "-" "Mozilla/5.0 AppleWebKit/537.36 (KHTML, like Gecko; compatible; ClaudeBot/1.0; +claudebot@anthropic.com)" nyssa.janainarabello.com.br 10.53.185.147
74.7.241.9 - - [20/Mar/2026:10:08:34 -0500] "GET /products/paged/hello-world-featured-768x512.jpg?edit=Fe.php&p=Ahome2Ajana5594AnyssaIjanainarabelloIcomIbrAwp-includesAsodium_compatAsrcACore32ACurve25519 HTTP/2.0" 409 83 "https://nyssa.janainarabello.com.br/products/paged/hello-world-featured-768x512.jpg?p=Ahome2Ajana5594AnyssaIjanainarabelloIcomIbrAwp-includesAsodium_compatAsrcACore32ACurve25519" "Mozilla/5.0 AppleWebKit/537.36 (KHTML, like Gecko; compatible; GPTBot/1.3; +https://openai.com/gptbot)" nyssa.janainarabello.com.br 10.53.185.147
216.73.216.103 - - [20/Mar/2026:10:08:38 -0500] "GET /?edit=privacy-policy-guide.php&p=Ahome2Ajana5594AnyssaIjanainarabelloIcomIbrAwp-admin HTTP/2.0" 409 83 "-" "Mozilla/5.0 AppleWebKit/537.36 (KHTML, like Gecko; compatible; ClaudeBot/1.0; +claudebot@anthropic.com)" nyssa.janainarabello.com.br 10.53.185.147
216.73.216.103 - - [20/Mar/2026:10:08:43 -0500] "GET /?p=Ahome2Ajana5594AnyssaIjanainarabelloIcomIbrAwp-includesAl10n HTTP/2.0" 200 24787 "-" "Mozilla/5.0 AppleWebKit/537.36 (KHTML, like Gecko; compatible; ClaudeBot/1.0; +claudebot@anthropic.com)" nyssa.janainarabello.com.br 10.53.185.147
216.73.216.103 - - [20/Mar/2026:10:08:48 -0500] "GET /comments/feed?p=Ahome2Ajana5594AIcphorde HTTP/2.0" 200 1252 "-" "Mozilla/5.0 AppleWebKit/537.36 (KHTML, like Gecko; compatible; ClaudeBot/1.0; +claudebot@anthropic.com)" nyssa.janainarabello.com.br 10.53.185.147
216.73.216.103 - - [20/Mar/2026:10:08:53 -0500] "GET /sample-page?edit=wp-mail.php&p=Ahome2Ajana5594AnyssaIjanainarabelloIcomIbr HTTP/2.0" 409 83 "-" "Mozilla/5.0 AppleWebKit/537.36 (KHTML, like Gecko; compatible; ClaudeBot/1.0; +claudebot@anthropic.com)" nyssa.janainarabello.com.br 10.53.185.147
216.73.216.103 - - [20/Mar/2026:10:08:59 -0500] "GET /?edit=.htaccess&p=Ahome2Ajana5594AjanainarabelloIcomIbr HTTP/2.0" 200 23942 "-" "Mozilla/5.0 AppleWebKit/537.36 (KHTML, like Gecko; compatible; ClaudeBot/1.0; +claudebot@anthropic.com)" nyssa.janainarabello.com.br 10.53.185.147
216.73.216.103 - - [20/Mar/2026:10:09:03 -0500] "GET /comments/feed?edit=wp-cron.php&p=Ahome2Ajana5594AnyssaIjanainarabelloIcomIbr HTTP/2.0" 409 83 "-" "Mozilla/5.0 AppleWebKit/537.36 (KHTML, like Gecko; compatible; ClaudeBot/1.0; +claudebot@anthropic.com)" nyssa.janainarabello.com.br 10.53.185.147
162.241.203.47 - - [20/Mar/2026:10:09:13 -0500] "POST /wp-cron.php?doing_wp_cron=1774019352.4984350204467773437500 HTTP/2.0" 200 - "-" "WordPress/6.9.4; https://nyssa.janainarabello.com.br" nyssa.janainarabello.com.br 10.53.185.147
216.73.216.103 - - [20/Mar/2026:10:09:12 -0500] "GET /feed?edit=.spamassassinenable&p=Ahome2Ajana5594 HTTP/2.0" 200 688 "-" "Mozilla/5.0 AppleWebKit/537.36 (KHTML, like Gecko; compatible; ClaudeBot/1.0; +claudebot@anthropic.com)" nyssa.janainarabello.com.br 10.53.185.147
216.73.216.103 - - [20/Mar/2026:10:09:15 -0500] "GET /feed?p=Ahome2Ajana5594AIsubaccounts HTTP/2.0" 200 1191 "-" "Mozilla/5.0 AppleWebKit/537.36 (KHTML, like Gecko; compatible; ClaudeBot/1.0; +claudebot@anthropic.com)" nyssa.janainarabello.com.br 10.53.185.147
216.73.216.103 - - [20/Mar/2026:10:09:20 -0500] "GET /feed?p=Ahome2Ajana5594Awww HTTP/2.0" 200 1333 "-" "Mozilla/5.0 AppleWebKit/537.36 (KHTML, like Gecko; compatible; ClaudeBot/1.0; +claudebot@anthropic.com)" nyssa.janainarabello.com.br 10.53.185.147
216.73.216.103 - - [20/Mar/2026:10:09:25 -0500] "GET /.bash_profile?edit=.htaccess&p=Ahome2Ajana5594AnyssaIjanainarabelloIcomIbrAwp-contentAmu-plugins HTTP/2.0" 200 25457 "-" "Mozilla/5.0 AppleWebKit/537.36 (KHTML, like Gecko; compatible; ClaudeBot/1.0; +claudebot@anthropic.com)" nyssa.janainarabello.com.br 10.53.185.147
216.73.216.103 - - [20/Mar/2026:10:09:30 -0500] "GET /.spamassassinboxenable?p=Ahome2Ajana5594AnyssaIjanainarabelloIcomIbrAwp-contentAmu-plugins HTTP/2.0" 200 26145 "-" "Mozilla/5.0 AppleWebKit/537.36 (KHTML, like Gecko; compatible; ClaudeBot/1.0; +claudebot@anthropic.com)" nyssa.janainarabello.com.br 10.53.185.147
74.7.241.9 - - [20/Mar/2026:10:09:34 -0500] "GET /products/paged/hello-world-featured-768x512.jpg?edit=Precomp.php&p=Ahome2Ajana5594AfabyboutiqsIcomIbrAwp-includesAsodium_compatAsrcACore32ACurve25519AGe HTTP/2.0" 409 83 "https://nyssa.janainarabello.com.br/products/paged/hello-world-featured-768x512.jpg?p=Ahome2Ajana5594AfabyboutiqsIcomIbrAwp-includesAsodium_compatAsrcACore32ACurve25519AGe" "Mozilla/5.0 AppleWebKit/537.36 (KHTML, like Gecko; compatible; GPTBot/1.3; +https://openai.com/gptbot)" nyssa.janainarabello.com.br 10.53.185.147
216.73.216.103 - - [20/Mar/2026:10:09:35 -0500] "GET /comments/feed?edit=.dns&p=Ahome2Ajana5594 HTTP/2.0" 200 691 "-" "Mozilla/5.0 AppleWebKit/537.36 (KHTML, like Gecko; compatible; ClaudeBot/1.0; +claudebot@anthropic.com)" nyssa.janainarabello.com.br 10.53.185.147
216.73.216.103 - - [20/Mar/2026:10:09:40 -0500] "GET /feed?edit=.spamassassinboxenable&p=Ahome2Ajana5594 HTTP/2.0" 200 690 "-" "Mozilla/5.0 AppleWebKit/537.36 (KHTML, like Gecko; compatible; ClaudeBot/1.0; +claudebot@anthropic.com)" nyssa.janainarabello.com.br 10.53.185.147
216.73.216.103 - - [20/Mar/2026:10:09:45 -0500] "GET /.kshrc?p=Ahome2Ajana5594AnyssaIjanainarabelloIcomIbrAwp-contentAmu-plugins HTTP/2.0" 200 26145 "-" "Mozilla/5.0 AppleWebKit/537.36 (KHTML, like Gecko; compatible; ClaudeBot/1.0; +claudebot@anthropic.com)" nyssa.janainarabello.com.br 10.53.185.147
216.73.216.103 - - [20/Mar/2026:10:09:50 -0500] "GET /.spamassassinboxenable?edit=endurance-page-cache.php&p=Ahome2Ajana5594AnyssaIjanainarabelloIcomIbrAwp-contentAmu-plugins HTTP/2.0" 409 83 "-" "Mozilla/5.0 AppleWebKit/537.36 (KHTML, like Gecko; compatible; ClaudeBot/1.0; +claudebot@anthropic.com)" nyssa.janainarabello.com.br 10.53.185.147
216.73.216.103 - - [20/Mar/2026:10:09:55 -0500] "GET /?edit=.dns&p=Ahome2Ajana5594 HTTP/2.0" 200 23018 "-" "Mozilla/5.0 AppleWebKit/537.36 (KHTML, like Gecko; compatible; ClaudeBot/1.0; +claudebot@anthropic.com)" nyssa.janainarabello.com.br 10.53.185.147
216.73.216.103 - - [20/Mar/2026:10:10:00 -0500] "GET /.bashrc?p=Ahome2Ajana5594 HTTP/2.0" 200 27498 "-" "Mozilla/5.0 AppleWebKit/537.36 (KHTML, like Gecko; compatible; ClaudeBot/1.0; +claudebot@anthropic.com)" nyssa.janainarabello.com.br 10.53.185.147
216.73.216.103 - - [20/Mar/2026:10:10:05 -0500] "GET /sample-page?edit=.dns&p=Ahome2Ajana5594 HTTP/2.0" 200 691 "-" "Mozilla/5.0 AppleWebKit/537.36 (KHTML, like Gecko; compatible; ClaudeBot/1.0; +claudebot@anthropic.com)" nyssa.janainarabello.com.br 10.53.185.147
216.73.216.103 - - [20/Mar/2026:10:10:10 -0500] "GET /wp-json?p=Ahome2Ajana5594ArevestebrechoIjanainarabelloIcomIbr HTTP/2.0" 200 73262 "-" "Mozilla/5.0 AppleWebKit/537.36 (KHTML, like Gecko; compatible; ClaudeBot/1.0; +claudebot@anthropic.com)" nyssa.janainarabello.com.br 10.53.185.147
162.241.203.47 - - [20/Mar/2026:10:10:16 -0500] "POST /wp-cron.php?doing_wp_cron=1774019416.0521759986877441406250 HTTP/2.0" 200 - "-" "WordPress/6.9.4; https://nyssa.janainarabello.com.br" nyssa.janainarabello.com.br 10.53.185.147
216.73.216.103 - - [20/Mar/2026:10:10:15 -0500] "GET /?p=Ahome2Ajana5594AnyssaIjanainarabelloIcomIbrAwp-contentAbackuplyAbackups-P3jnEu HTTP/2.0" 200 24065 "-" "Mozilla/5.0 AppleWebKit/537.36 (KHTML, like Gecko; compatible; ClaudeBot/1.0; +claudebot@anthropic.com)" nyssa.janainarabello.com.br 10.53.185.147
216.73.216.103 - - [20/Mar/2026:10:10:20 -0500] "GET /.kshrc?edit=endurance-page-cache.php&p=Ahome2Ajana5594AnyssaIjanainarabelloIcomIbrAwp-contentAmu-plugins HTTP/2.0" 409 83 "-" "Mozilla/5.0 AppleWebKit/537.36 (KHTML, like Gecko; compatible; ClaudeBot/1.0; +claudebot@anthropic.com)" nyssa.janainarabello.com.br 10.53.185.147
216.73.216.103 - - [20/Mar/2026:10:10:26 -0500] "GET /.spamboxenable?p=Ahome2Ajana5594AnyssaIjanainarabelloIcomIbrAwp-contentAmu-plugins HTTP/2.0" 200 26145 "-" "Mozilla/5.0 AppleWebKit/537.36 (KHTML, like Gecko; compatible; ClaudeBot/1.0; +claudebot@anthropic.com)" nyssa.janainarabello.com.br 10.53.185.147
216.73.216.103 - - [20/Mar/2026:10:10:30 -0500] "GET /.bashrc?edit=.htaccess&p=Ahome2Ajana5594AnyssaIjanainarabelloIcomIbrAwp-contentAmu-plugins HTTP/2.0" 200 25457 "-" "Mozilla/5.0 AppleWebKit/537.36 (KHTML, like Gecko; compatible; ClaudeBot/1.0; +claudebot@anthropic.com)" nyssa.janainarabello.com.br 10.53.185.147
216.73.216.103 - - [20/Mar/2026:10:10:35 -0500] "GET /comments/feed?edit=.gemrc&p=Ahome2Ajana5594 HTTP/2.0" 200 777 "-" "Mozilla/5.0 AppleWebKit/537.36 (KHTML, like Gecko; compatible; ClaudeBot/1.0; +claudebot@anthropic.com)" nyssa.janainarabello.com.br 10.53.185.147
74.7.241.9 - - [20/Mar/2026:10:10:39 -0500] "GET /products/paged/hello-world-featured-768x512.jpg?edit=Poly1305.php&p=Ahome2Ajana5594AnyssaIjanainarabelloIcomIbrAwp-includesAsodium_compatAsrcACore32 HTTP/2.0" 409 83 "https://nyssa.janainarabello.com.br/products/paged/hello-world-featured-768x512.jpg?p=Ahome2Ajana5594AnyssaIjanainarabelloIcomIbrAwp-includesAsodium_compatAsrcACore32" "Mozilla/5.0 AppleWebKit/537.36 (KHTML, like Gecko; compatible; GPTBot/1.3; +https://openai.com/gptbot)" nyssa.janainarabello.com.br 10.53.185.147
216.73.216.103 - - [20/Mar/2026:10:10:40 -0500] "GET /comments/.htaccess?p=Ahome2Ajana5594AnyssaIjanainarabelloIcomIbrAwp-contentAmu-plugins HTTP/2.0" 200 26145 "-" "Mozilla/5.0 AppleWebKit/537.36 (KHTML, like Gecko; compatible; ClaudeBot/1.0; +claudebot@anthropic.com)" nyssa.janainarabello.com.br 10.53.185.147
216.73.216.103 - - [20/Mar/2026:10:10:45 -0500] "GET /.bash_logout?p=Ahome2Ajana5594AnyssaIjanainarabelloIcomIbr HTTP/2.0" 200 28121 "-" "Mozilla/5.0 AppleWebKit/537.36 (KHTML, like Gecko; compatible; ClaudeBot/1.0; +claudebot@anthropic.com)" nyssa.janainarabello.com.br 10.53.185.147
216.73.216.103 - - [20/Mar/2026:10:10:50 -0500] "GET /comments/feed?edit=.spamassassinenable&p=Ahome2Ajana5594 HTTP/2.0" 200 688 "-" "Mozilla/5.0 AppleWebKit/537.36 (KHTML, like Gecko; compatible; ClaudeBot/1.0; +claudebot@anthropic.com)" nyssa.janainarabello.com.br 10.53.185.147
216.73.216.103 - - [20/Mar/2026:10:10:55 -0500] "GET /wp-json?edit=.dns&p=Ahome2Ajana5594 HTTP/2.0" 200 72502 "-" "Mozilla/5.0 AppleWebKit/537.36 (KHTML, like Gecko; compatible; ClaudeBot/1.0; +claudebot@anthropic.com)" nyssa.janainarabello.com.br 10.53.185.147
216.73.216.103 - - [20/Mar/2026:10:11:00 -0500] "GET /?edit=site-health-info.php&p=Ahome2Ajana5594AnyssaIjanainarabelloIcomIbrAwp-admin HTTP/2.0" 409 83 "-" "Mozilla/5.0 AppleWebKit/537.36 (KHTML, like Gecko; compatible; ClaudeBot/1.0; +claudebot@anthropic.com)" nyssa.janainarabello.com.br 10.53.185.147
216.73.216.103 - - [20/Mar/2026:10:11:05 -0500] "GET /.spamboxenable?edit=endurance-page-cache.php&p=Ahome2Ajana5594AnyssaIjanainarabelloIcomIbrAwp-contentAmu-plugins HTTP/2.0" 409 83 "-" "Mozilla/5.0 AppleWebKit/537.36 (KHTML, like Gecko; compatible; ClaudeBot/1.0; +claudebot@anthropic.com)" nyssa.janainarabello.com.br 10.53.185.147
216.73.216.103 - - [20/Mar/2026:10:11:11 -0500] "GET /comments/feed?p=Ahome2Ajana5594AIsubaccounts HTTP/2.0" 200 1191 "-" "Mozilla/5.0 AppleWebKit/537.36 (KHTML, like Gecko; compatible; ClaudeBot/1.0; +claudebot@anthropic.com)" nyssa.janainarabello.com.br 10.53.185.147
216.73.216.103 - - [20/Mar/2026:10:11:15 -0500] "GET /feed?edit=.spamboxenable&p=Ahome2Ajana5594 HTTP/2.0" 200 686 "-" "Mozilla/5.0 AppleWebKit/537.36 (KHTML, like Gecko; compatible; ClaudeBot/1.0; +claudebot@anthropic.com)" nyssa.janainarabello.com.br 10.53.185.147
216.73.216.103 - - [20/Mar/2026:10:11:20 -0500] "GET /comments/.htaccess?edit=endurance-page-cache.php&p=Ahome2Ajana5594AnyssaIjanainarabelloIcomIbrAwp-contentAmu-plugins HTTP/2.0" 409 83 "-" "Mozilla/5.0 AppleWebKit/537.36 (KHTML, like Gecko; compatible; ClaudeBot/1.0; +claudebot@anthropic.com)" nyssa.janainarabello.com.br 10.53.185.147
216.73.216.103 - - [20/Mar/2026:10:11:26 -0500] "GET /.spamassassinboxenable?edit=51.php&p=Ahome2Ajana5594AnyssaIjanainarabelloIcomIbrAwp-contentAmu-plugins HTTP/2.0" 409 83 "-" "Mozilla/5.0 AppleWebKit/537.36 (KHTML, like Gecko; compatible; ClaudeBot/1.0; +claudebot@anthropic.com)" nyssa.janainarabello.com.br 10.53.185.147
162.241.203.47 - - [20/Mar/2026:10:11:31 -0500] "POST /wp-cron.php?doing_wp_cron=1774019491.0928239822387695312500 HTTP/2.0" 200 - "-" "WordPress/6.9.4; https://nyssa.janainarabello.com.br" nyssa.janainarabello.com.br 10.53.185.147
216.73.216.103 - - [20/Mar/2026:10:11:30 -0500] "GET /sample-page?edit=.gemrc&p=Ahome2Ajana5594 HTTP/2.0" 200 777 "-" "Mozilla/5.0 AppleWebKit/537.36 (KHTML, like Gecko; compatible; ClaudeBot/1.0; +claudebot@anthropic.com)" nyssa.janainarabello.com.br 10.53.185.147
216.73.216.103 - - [20/Mar/2026:10:11:35 -0500] "GET /comments/feed?edit=.spamassassinboxenable&p=Ahome2Ajana5594 HTTP/2.0" 200 690 "-" "Mozilla/5.0 AppleWebKit/537.36 (KHTML, like Gecko; compatible; ClaudeBot/1.0; +claudebot@anthropic.com)" nyssa.janainarabello.com.br 10.53.185.147
74.7.241.9 - - [20/Mar/2026:10:11:44 -0500] "GET /products/paged/hello-world-featured-768x512.jpg?edit=P1p1.php&p=Ahome2Ajana5594AnyssaIjanainarabelloIcomIbrAwp-includesAsodium_compatAsrcACoreACurve25519AGe HTTP/2.0" 409 83 "https://nyssa.janainarabello.com.br/products/paged/hello-world-featured-768x512.jpg?p=Ahome2Ajana5594AnyssaIjanainarabelloIcomIbrAwp-includesAsodium_compatAsrcACoreACurve25519AGe" "Mozilla/5.0 AppleWebKit/537.36 (KHTML, like Gecko; compatible; GPTBot/1.3; +https://openai.com/gptbot)" nyssa.janainarabello.com.br 10.53.185.147
