74.7.241.9 - - [20/Mar/2026:11:31:38 -0500] "GET /products/paged/hello-world-featured-768x512.jpg?edit=render-mode-normal.php&p=Ahome2Ajana5594AnyssaIjanainarabelloIcomIbrAwp-contentApluginsAelementorAcoreAfrontendArender-modes HTTP/2.0" 409 83 "https://nyssa.janainarabello.com.br/products/paged/hello-world-featured-768x512.jpg?p=Ahome2Ajana5594AnyssaIjanainarabelloIcomIbrAwp-contentApluginsAelementorAcoreAfrontendArender-modes" "Mozilla/5.0 AppleWebKit/537.36 (KHTML, like Gecko; compatible; GPTBot/1.3; +https://openai.com/gptbot)" nyssa.janainarabello.com.br 10.53.185.147
74.7.241.9 - - [20/Mar/2026:11:32:40 -0500] "GET /products/paged/hello-world-featured-768x512.jpg?edit=directadmin.php&p=Ahome2Ajana5594AfabyboutiqsIcomIbrAwp-contentApluginsAreally-simple-sslAlets-encryptAintegrationsAdirectadmin HTTP/2.0" 409 83 "https://nyssa.janainarabello.com.br/products/paged/hello-world-featured-768x512.jpg?p=Ahome2Ajana5594AfabyboutiqsIcomIbrAwp-contentApluginsAreally-simple-sslAlets-encryptAintegrationsAdirectadmin" "Mozilla/5.0 AppleWebKit/537.36 (KHTML, like Gecko; compatible; GPTBot/1.3; +https://openai.com/gptbot)" nyssa.janainarabello.com.br 10.53.185.147
74.7.241.9 - - [20/Mar/2026:11:33:45 -0500] "GET /products/paged/hello-world-featured-768x512.jpg?edit=class-latest-autoloader-guard.php&p=Ahome2Ajana5594AfabyboutiqsIcomIbrAwp-contentApluginsAreally-simple-sslAcoreAvendorAjetpack-autoloader HTTP/2.0" 409 83 "https://nyssa.janainarabello.com.br/products/paged/hello-world-featured-768x512.jpg?p=Ahome2Ajana5594AfabyboutiqsIcomIbrAwp-contentApluginsAreally-simple-sslAcoreAvendorAjetpack-autoloader" "Mozilla/5.0 AppleWebKit/537.36 (KHTML, like Gecko; compatible; GPTBot/1.3; +https://openai.com/gptbot)" nyssa.janainarabello.com.br 10.53.185.147
74.7.241.9 - - [20/Mar/2026:11:34:49 -0500] "GET /products/paged/hello-world-featured-768x512.jpg?edit=atomic-import-export.php&p=Ahome2Ajana5594AnyssaIjanainarabelloIcomIbrAwp-contentApluginsAelementorAmodulesAatomic-widgetsAimport-export HTTP/2.0" 409 83 "https://nyssa.janainarabello.com.br/products/paged/hello-world-featured-768x512.jpg?p=Ahome2Ajana5594AnyssaIjanainarabelloIcomIbrAwp-contentApluginsAelementorAmodulesAatomic-widgetsAimport-export" "Mozilla/5.0 AppleWebKit/537.36 (KHTML, like Gecko; compatible; GPTBot/1.3; +https://openai.com/gptbot)" nyssa.janainarabello.com.br 10.53.185.147
74.7.241.9 - - [20/Mar/2026:11:35:53 -0500] "GET /products/paged/hello-world-featured-768x512.jpg?edit=class-autoloader-handler.php&p=Ahome2Ajana5594AfabyboutiqsIcomIbrAwp-contentApluginsAreally-simple-sslAcoreAvendorAautomatticAjetpack-autoloaderAsrc HTTP/2.0" 409 83 "https://nyssa.janainarabello.com.br/products/paged/hello-world-featured-768x512.jpg?p=Ahome2Ajana5594AfabyboutiqsIcomIbrAwp-contentApluginsAreally-simple-sslAcoreAvendorAautomatticAjetpack-autoloaderAsrc" "Mozilla/5.0 AppleWebKit/537.36 (KHTML, like Gecko; compatible; GPTBot/1.3; +https://openai.com/gptbot)" nyssa.janainarabello.com.br 10.53.185.147
216.73.216.103 - - [20/Mar/2026:11:36:42 -0500] "GET /robots.txt HTTP/2.0" 304 - "-" "Mozilla/5.0 AppleWebKit/537.36 (KHTML, like Gecko; compatible; ClaudeBot/1.0; +claudebot@anthropic.com)" nyssa.janainarabello.com.br 10.53.185.147
216.73.216.103 - - [20/Mar/2026:11:36:42 -0500] "GET /theme-install.php HTTP/2.0" 409 83 "-" "Mozilla/5.0 AppleWebKit/537.36 (KHTML, like Gecko; compatible; ClaudeBot/1.0; +claudebot@anthropic.com)" nyssa.janainarabello.com.br 10.53.185.147
216.73.216.103 - - [20/Mar/2026:11:36:45 -0500] "GET /abilities-api.php HTTP/2.0" 409 83 "-" "Mozilla/5.0 AppleWebKit/537.36 (KHTML, like Gecko; compatible; ClaudeBot/1.0; +claudebot@anthropic.com)" nyssa.janainarabello.com.br 10.53.185.147
216.73.216.103 - - [20/Mar/2026:11:36:48 -0500] "GET /options-permalink.php HTTP/2.0" 409 83 "-" "Mozilla/5.0 AppleWebKit/537.36 (KHTML, like Gecko; compatible; ClaudeBot/1.0; +claudebot@anthropic.com)" nyssa.janainarabello.com.br 10.53.185.147
216.73.216.103 - - [20/Mar/2026:11:36:51 -0500] "GET /template-loader.php HTTP/2.0" 409 83 "-" "Mozilla/5.0 AppleWebKit/537.36 (KHTML, like Gecko; compatible; ClaudeBot/1.0; +claudebot@anthropic.com)" nyssa.janainarabello.com.br 10.53.185.147
216.73.216.103 - - [20/Mar/2026:11:36:54 -0500] "GET /utf8.php HTTP/2.0" 409 83 "-" "Mozilla/5.0 AppleWebKit/537.36 (KHTML, like Gecko; compatible; ClaudeBot/1.0; +claudebot@anthropic.com)" nyssa.janainarabello.com.br 10.53.185.147
216.73.216.103 - - [20/Mar/2026:11:36:57 -0500] "GET /class-wp-editor.php HTTP/2.0" 409 83 "-" "Mozilla/5.0 AppleWebKit/537.36 (KHTML, like Gecko; compatible; ClaudeBot/1.0; +claudebot@anthropic.com)" nyssa.janainarabello.com.br 10.53.185.147
74.7.241.9 - - [20/Mar/2026:11:36:58 -0500] "GET /products/paged/hello-world-featured-768x512.jpg?edit=http-client.asset.php&p=Ahome2Ajana5594AnyssaIjanainarabelloIcomIbrAwp-contentApluginsAelementorAassetsAjsApackagesAhttp-client HTTP/2.0" 409 83 "https://nyssa.janainarabello.com.br/products/paged/hello-world-featured-768x512.jpg?p=Ahome2Ajana5594AnyssaIjanainarabelloIcomIbrAwp-contentApluginsAelementorAassetsAjsApackagesAhttp-client" "Mozilla/5.0 AppleWebKit/537.36 (KHTML, like Gecko; compatible; GPTBot/1.3; +https://openai.com/gptbot)" nyssa.janainarabello.com.br 10.53.185.147
216.73.216.103 - - [20/Mar/2026:11:37:07 -0500] "GET /class-wp-hook.php HTTP/2.0" 409 83 "-" "Mozilla/5.0 AppleWebKit/537.36 (KHTML, like Gecko; compatible; ClaudeBot/1.0; +claudebot@anthropic.com)" nyssa.janainarabello.com.br 10.53.185.147
216.73.216.103 - - [20/Mar/2026:11:37:09 -0500] "GET /feed-atom.php HTTP/2.0" 409 83 "-" "Mozilla/5.0 AppleWebKit/537.36 (KHTML, like Gecko; compatible; ClaudeBot/1.0; +claudebot@anthropic.com)" nyssa.janainarabello.com.br 10.53.185.147
216.73.216.103 - - [20/Mar/2026:11:37:12 -0500] "GET /link-template.php HTTP/2.0" 409 83 "-" "Mozilla/5.0 AppleWebKit/537.36 (KHTML, like Gecko; compatible; ClaudeBot/1.0; +claudebot@anthropic.com)" nyssa.janainarabello.com.br 10.53.185.147
216.73.216.103 - - [20/Mar/2026:11:37:15 -0500] "GET /class-wp-theme-json-data.php HTTP/2.0" 409 83 "-" "Mozilla/5.0 AppleWebKit/537.36 (KHTML, like Gecko; compatible; ClaudeBot/1.0; +claudebot@anthropic.com)" nyssa.janainarabello.com.br 10.53.185.147
216.73.216.103 - - [20/Mar/2026:11:37:18 -0500] "GET /class-requests.php HTTP/2.0" 409 83 "-" "Mozilla/5.0 AppleWebKit/537.36 (KHTML, like Gecko; compatible; ClaudeBot/1.0; +claudebot@anthropic.com)" nyssa.janainarabello.com.br 10.53.185.147
216.73.216.103 - - [20/Mar/2026:11:37:21 -0500] "GET /moderation.php HTTP/2.0" 409 83 "-" "Mozilla/5.0 AppleWebKit/537.36 (KHTML, like Gecko; compatible; ClaudeBot/1.0; +claudebot@anthropic.com)" nyssa.janainarabello.com.br 10.53.185.147
216.73.216.103 - - [20/Mar/2026:11:37:37 -0500] "GET /options-head.php HTTP/2.0" 409 83 "-" "Mozilla/5.0 AppleWebKit/537.36 (KHTML, like Gecko; compatible; ClaudeBot/1.0; +claudebot@anthropic.com)" nyssa.janainarabello.com.br 10.53.185.147
216.73.216.103 - - [20/Mar/2026:11:37:42 -0500] "GET /options-reading.php HTTP/2.0" 409 83 "-" "Mozilla/5.0 AppleWebKit/537.36 (KHTML, like Gecko; compatible; ClaudeBot/1.0; +claudebot@anthropic.com)" nyssa.janainarabello.com.br 10.53.185.147
216.73.216.103 - - [20/Mar/2026:11:37:47 -0500] "GET /general-template.php HTTP/2.0" 409 83 "-" "Mozilla/5.0 AppleWebKit/537.36 (KHTML, like Gecko; compatible; ClaudeBot/1.0; +claudebot@anthropic.com)" nyssa.janainarabello.com.br 10.53.185.147
216.73.216.103 - - [20/Mar/2026:11:37:52 -0500] "GET /class-wp-network-query.php HTTP/2.0" 409 83 "-" "Mozilla/5.0 AppleWebKit/537.36 (KHTML, like Gecko; compatible; ClaudeBot/1.0; +claudebot@anthropic.com)" nyssa.janainarabello.com.br 10.53.185.147
74.7.241.9 - - [20/Mar/2026:11:38:00 -0500] "GET /products/paged/hello-world-featured-768x512.jpg?edit=class-onboarding.php&p=Ahome2Ajana5594AnyssaIjanainarabelloIcomIbrAwp-contentApluginsAreally-simple-sslAonboarding HTTP/2.0" 409 83 "https://nyssa.janainarabello.com.br/products/paged/hello-world-featured-768x512.jpg?p=Ahome2Ajana5594AnyssaIjanainarabelloIcomIbrAwp-contentApluginsAreally-simple-sslAonboarding" "Mozilla/5.0 AppleWebKit/537.36 (KHTML, like Gecko; compatible; GPTBot/1.3; +https://openai.com/gptbot)" nyssa.janainarabello.com.br 10.53.185.147
216.73.216.103 - - [20/Mar/2026:11:38:09 -0500] "GET /class-mixed-content-fixer.php HTTP/2.0" 409 83 "-" "Mozilla/5.0 AppleWebKit/537.36 (KHTML, like Gecko; compatible; ClaudeBot/1.0; +claudebot@anthropic.com)" nyssa.janainarabello.com.br 10.53.185.147
216.73.216.103 - - [20/Mar/2026:11:38:13 -0500] "GET /class-wp-block-type-registry.php HTTP/2.0" 409 83 "-" "Mozilla/5.0 AppleWebKit/537.36 (KHTML, like Gecko; compatible; ClaudeBot/1.0; +claudebot@anthropic.com)" nyssa.janainarabello.com.br 10.53.185.147
216.73.216.103 - - [20/Mar/2026:11:38:18 -0500] "GET /class-wp-block-supports.php HTTP/2.0" 409 83 "-" "Mozilla/5.0 AppleWebKit/537.36 (KHTML, like Gecko; compatible; ClaudeBot/1.0; +claudebot@anthropic.com)" nyssa.janainarabello.com.br 10.53.185.147
216.73.216.103 - - [20/Mar/2026:11:38:23 -0500] "GET /class-wp-image-editor-imagick.php HTTP/2.0" 409 83 "-" "Mozilla/5.0 AppleWebKit/537.36 (KHTML, like Gecko; compatible; ClaudeBot/1.0; +claudebot@anthropic.com)" nyssa.janainarabello.com.br 10.53.185.147
216.73.216.103 - - [20/Mar/2026:11:38:34 -0500] "GET /?edit=class-wp-dependency.php&p=Ahome2Ajana5594AnyssaIjanainarabelloIcomIbrAwp-includes HTTP/2.0" 409 83 "-" "Mozilla/5.0 AppleWebKit/537.36 (KHTML, like Gecko; compatible; ClaudeBot/1.0; +claudebot@anthropic.com)" nyssa.janainarabello.com.br 10.53.185.147
216.73.216.103 - - [20/Mar/2026:11:38:38 -0500] "GET /?edit=class-wp-http-cookie.php&p=Ahome2Ajana5594AnyssaIjanainarabelloIcomIbrAwp-includes HTTP/2.0" 409 83 "-" "Mozilla/5.0 AppleWebKit/537.36 (KHTML, like Gecko; compatible; ClaudeBot/1.0; +claudebot@anthropic.com)" nyssa.janainarabello.com.br 10.53.185.147
216.73.216.103 - - [20/Mar/2026:11:38:43 -0500] "GET /?edit=speculative-loading.php&p=Ahome2Ajana5594AnyssaIjanainarabelloIcomIbrAwp-includes HTTP/2.0" 409 83 "-" "Mozilla/5.0 AppleWebKit/537.36 (KHTML, like Gecko; compatible; ClaudeBot/1.0; +claudebot@anthropic.com)" nyssa.janainarabello.com.br 10.53.185.147
216.73.216.103 - - [20/Mar/2026:11:38:49 -0500] "GET /?edit=wp-comments-post.php&p=Ahome2Ajana5594AfabyboutiqsIcomIbr HTTP/2.0" 409 83 "-" "Mozilla/5.0 AppleWebKit/537.36 (KHTML, like Gecko; compatible; ClaudeBot/1.0; +claudebot@anthropic.com)" nyssa.janainarabello.com.br 10.53.185.147
216.73.216.103 - - [20/Mar/2026:11:38:56 -0500] "GET /?edit=class-wp-text-diff-renderer-inline.php&p=Ahome2Ajana5594AnyssaIjanainarabelloIcomIbrAwp-includes HTTP/2.0" 409 83 "-" "Mozilla/5.0 AppleWebKit/537.36 (KHTML, like Gecko; compatible; ClaudeBot/1.0; +claudebot@anthropic.com)" nyssa.janainarabello.com.br 10.53.185.147
216.73.216.103 - - [20/Mar/2026:11:39:01 -0500] "GET /?edit=script-loader-react-refresh-entry.min.php&p=Ahome2Ajana5594AnyssaIjanainarabelloIcomIbrAwp-includesAassets HTTP/2.0" 409 83 "-" "Mozilla/5.0 AppleWebKit/537.36 (KHTML, like Gecko; compatible; ClaudeBot/1.0; +claudebot@anthropic.com)" nyssa.janainarabello.com.br 10.53.185.147
74.7.241.9 - - [20/Mar/2026:11:39:06 -0500] "GET /products/paged/hello-world-featured-768x512.jpg?edit=editor-mcp.asset.php&p=Ahome2Ajana5594AnyssaIjanainarabelloIcomIbrAwp-contentApluginsAelementorAassetsAjsApackagesAeditor-mcp HTTP/2.0" 409 83 "https://nyssa.janainarabello.com.br/products/paged/hello-world-featured-768x512.jpg?p=Ahome2Ajana5594AnyssaIjanainarabelloIcomIbrAwp-contentApluginsAelementorAassetsAjsApackagesAeditor-mcp" "Mozilla/5.0 AppleWebKit/537.36 (KHTML, like Gecko; compatible; GPTBot/1.3; +https://openai.com/gptbot)" nyssa.janainarabello.com.br 10.53.185.147
162.241.203.47 - - [20/Mar/2026:11:39:08 -0500] "POST /wp-cron.php?doing_wp_cron=1774024747.2673039436340332031250 HTTP/2.0" 200 - "-" "WordPress/6.9.4; https://nyssa.janainarabello.com.br" nyssa.janainarabello.com.br 10.53.185.147
216.73.216.103 - - [20/Mar/2026:11:39:06 -0500] "GET /ssl.db?p=Ahome2 HTTP/2.0" 200 25493 "-" "Mozilla/5.0 AppleWebKit/537.36 (KHTML, like Gecko; compatible; ClaudeBot/1.0; +claudebot@anthropic.com)" nyssa.janainarabello.com.br 10.53.185.147
216.73.216.103 - - [20/Mar/2026:11:39:11 -0500] "GET /.emacs HTTP/2.0" 200 26145 "-" "Mozilla/5.0 AppleWebKit/537.36 (KHTML, like Gecko; compatible; ClaudeBot/1.0; +claudebot@anthropic.com)" nyssa.janainarabello.com.br 10.53.185.147
216.73.216.103 - - [20/Mar/2026:11:39:16 -0500] "GET /comments/.lastlogin HTTP/2.0" 200 26145 "-" "Mozilla/5.0 AppleWebKit/537.36 (KHTML, like Gecko; compatible; ClaudeBot/1.0; +claudebot@anthropic.com)" nyssa.janainarabello.com.br 10.53.185.147
216.73.216.103 - - [20/Mar/2026:11:39:21 -0500] "GET /comments/.emacs HTTP/2.0" 200 26145 "-" "Mozilla/5.0 AppleWebKit/537.36 (KHTML, like Gecko; compatible; ClaudeBot/1.0; +claudebot@anthropic.com)" nyssa.janainarabello.com.br 10.53.185.147
216.73.216.103 - - [20/Mar/2026:11:39:26 -0500] "GET /janainarabello.com.br-ssl_log.bkup HTTP/2.0" 200 26145 "-" "Mozilla/5.0 AppleWebKit/537.36 (KHTML, like Gecko; compatible; ClaudeBot/1.0; +claudebot@anthropic.com)" nyssa.janainarabello.com.br 10.53.185.147
216.73.216.103 - - [20/Mar/2026:11:39:38 -0500] "GET /?edit=class-wp-http-requests-response.php&p=Ahome2Ajana5594AnyssaIjanainarabelloIcomIbrAwp-includes HTTP/2.0" 409 83 "-" "Mozilla/5.0 AppleWebKit/537.36 (KHTML, like Gecko; compatible; ClaudeBot/1.0; +claudebot@anthropic.com)" nyssa.janainarabello.com.br 10.53.185.147
216.73.216.103 - - [20/Mar/2026:11:39:42 -0500] "GET /?edit=update.php&p=Ahome2Ajana5594AnyssaIjanainarabelloIcomIbrAwp-includes HTTP/2.0" 409 83 "-" "Mozilla/5.0 AppleWebKit/537.36 (KHTML, like Gecko; compatible; ClaudeBot/1.0; +claudebot@anthropic.com)" nyssa.janainarabello.com.br 10.53.185.147
216.73.216.103 - - [20/Mar/2026:11:39:47 -0500] "GET /?edit=upload.php&p=Ahome2Ajana5594AnyssaIjanainarabelloIcomIbrAwp-admin HTTP/2.0" 409 83 "-" "Mozilla/5.0 AppleWebKit/537.36 (KHTML, like Gecko; compatible; ClaudeBot/1.0; +claudebot@anthropic.com)" nyssa.janainarabello.com.br 10.53.185.147
216.73.216.103 - - [20/Mar/2026:11:39:52 -0500] "GET /?edit=style-engine.php&p=Ahome2Ajana5594AnyssaIjanainarabelloIcomIbrAwp-includes HTTP/2.0" 409 83 "-" "Mozilla/5.0 AppleWebKit/537.36 (KHTML, like Gecko; compatible; ClaudeBot/1.0; +claudebot@anthropic.com)" nyssa.janainarabello.com.br 10.53.185.147
162.241.203.47 - - [20/Mar/2026:11:40:10 -0500] "POST /wp-cron.php?doing_wp_cron=1774024809.9382030963897705078125 HTTP/2.0" 200 - "-" "WordPress/6.9.4; https://nyssa.janainarabello.com.br" nyssa.janainarabello.com.br 10.53.185.147
216.73.216.103 - - [20/Mar/2026:11:40:09 -0500] "GET /?p=Ahome2Ajana5594AnyssaIjanainarabelloIcomIbrAwp-adminAnetwork HTTP/2.0" 200 27530 "-" "Mozilla/5.0 AppleWebKit/537.36 (KHTML, like Gecko; compatible; ClaudeBot/1.0; +claudebot@anthropic.com)" nyssa.janainarabello.com.br 10.53.185.147
74.7.241.9 - - [20/Mar/2026:11:40:11 -0500] "GET /products/paged/hello-world-featured-768x512.jpg?edit=link-in-bio.php&p=Ahome2Ajana5594AnyssaIjanainarabelloIcomIbrAwp-contentApluginsAelementorAmodulesAlink-in-bioAwidgets HTTP/2.0" 409 83 "https://nyssa.janainarabello.com.br/products/paged/hello-world-featured-768x512.jpg?p=Ahome2Ajana5594AnyssaIjanainarabelloIcomIbrAwp-contentApluginsAelementorAmodulesAlink-in-bioAwidgets" "Mozilla/5.0 AppleWebKit/537.36 (KHTML, like Gecko; compatible; GPTBot/1.3; +https://openai.com/gptbot)" nyssa.janainarabello.com.br 10.53.185.147
216.73.216.103 - - [20/Mar/2026:11:40:13 -0500] "GET /?p=Ahome2Ajana5594AnyssaIjanainarabelloIcomIbrAwp-includesAtheme-compat HTTP/2.0" 200 25375 "-" "Mozilla/5.0 AppleWebKit/537.36 (KHTML, like Gecko; compatible; ClaudeBot/1.0; +claudebot@anthropic.com)" nyssa.janainarabello.com.br 10.53.185.147
216.73.216.103 - - [20/Mar/2026:11:40:18 -0500] "GET /wp-json?p=Ahome2Ajana5594AnyssaIjanainarabelloIcomIbrAwp-contentAplugins HTTP/2.0" 200 74017 "-" "Mozilla/5.0 AppleWebKit/537.36 (KHTML, like Gecko; compatible; ClaudeBot/1.0; +claudebot@anthropic.com)" nyssa.janainarabello.com.br 10.53.185.147
216.73.216.103 - - [20/Mar/2026:11:40:23 -0500] "GET /?edit=class-wp-roles.php&p=Ahome2Ajana5594AnyssaIjanainarabelloIcomIbrAwp-includes HTTP/2.0" 409 83 "-" "Mozilla/5.0 AppleWebKit/537.36 (KHTML, like Gecko; compatible; ClaudeBot/1.0; +claudebot@anthropic.com)" nyssa.janainarabello.com.br 10.53.185.147
216.73.216.103 - - [20/Mar/2026:11:40:28 -0500] "GET /?edit=install-helper.php&p=Ahome2Ajana5594AnyssaIjanainarabelloIcomIbrAwp-admin HTTP/2.0" 409 83 "-" "Mozilla/5.0 AppleWebKit/537.36 (KHTML, like Gecko; compatible; ClaudeBot/1.0; +claudebot@anthropic.com)" nyssa.janainarabello.com.br 10.53.185.147
216.73.216.103 - - [20/Mar/2026:11:40:33 -0500] "GET /feed?edit=wp-activate.php&p=Ahome2Ajana5594AfabyboutiqsIcomIbr HTTP/2.0" 409 83 "-" "Mozilla/5.0 AppleWebKit/537.36 (KHTML, like Gecko; compatible; ClaudeBot/1.0; +claudebot@anthropic.com)" nyssa.janainarabello.com.br 10.53.185.147
216.73.216.103 - - [20/Mar/2026:11:40:38 -0500] "GET /?edit=upgrade-functions.php&p=Ahome2Ajana5594AnyssaIjanainarabelloIcomIbrAwp-admin HTTP/2.0" 409 83 "-" "Mozilla/5.0 AppleWebKit/537.36 (KHTML, like Gecko; compatible; ClaudeBot/1.0; +claudebot@anthropic.com)" nyssa.janainarabello.com.br 10.53.185.147
216.73.216.103 - - [20/Mar/2026:11:40:43 -0500] "GET /?edit=class-wp-metadata-lazyloader.php&p=Ahome2Ajana5594AnyssaIjanainarabelloIcomIbrAwp-includes HTTP/2.0" 409 83 "-" "Mozilla/5.0 AppleWebKit/537.36 (KHTML, like Gecko; compatible; ClaudeBot/1.0; +claudebot@anthropic.com)" nyssa.janainarabello.com.br 10.53.185.147
216.73.216.103 - - [20/Mar/2026:11:40:48 -0500] "GET /?edit=class-phpmailer.php&p=Ahome2Ajana5594AnyssaIjanainarabelloIcomIbrAwp-includes HTTP/2.0" 409 83 "-" "Mozilla/5.0 AppleWebKit/537.36 (KHTML, like Gecko; compatible; ClaudeBot/1.0; +claudebot@anthropic.com)" nyssa.janainarabello.com.br 10.53.185.147
216.73.216.103 - - [20/Mar/2026:11:40:53 -0500] "GET /feed?p=Ahome2Ajana5594AfabyboutiqsIcomIbrAwp-includes HTTP/2.0" 200 45271 "-" "Mozilla/5.0 AppleWebKit/537.36 (KHTML, like Gecko; compatible; ClaudeBot/1.0; +claudebot@anthropic.com)" nyssa.janainarabello.com.br 10.53.185.147
216.73.216.103 - - [20/Mar/2026:11:40:58 -0500] "GET /?edit=author-template.php&p=Ahome2Ajana5594AnyssaIjanainarabelloIcomIbrAwp-includes HTTP/2.0" 409 83 "-" "Mozilla/5.0 AppleWebKit/537.36 (KHTML, like Gecko; compatible; ClaudeBot/1.0; +claudebot@anthropic.com)" nyssa.janainarabello.com.br 10.53.185.147
216.73.216.103 - - [20/Mar/2026:11:41:03 -0500] "GET /?edit=51.php&p=Ahome2Ajana5594AnyssaIjanainarabelloIcomIbrAwp-admin HTTP/2.0" 409 83 "-" "Mozilla/5.0 AppleWebKit/537.36 (KHTML, like Gecko; compatible; ClaudeBot/1.0; +claudebot@anthropic.com)" nyssa.janainarabello.com.br 10.53.185.147
216.73.216.103 - - [20/Mar/2026:11:41:11 -0500] "GET /?edit=class-wp-duotone.php&p=Ahome2Ajana5594AnyssaIjanainarabelloIcomIbrAwp-includes HTTP/2.0" 409 83 "-" "Mozilla/5.0 AppleWebKit/537.36 (KHTML, like Gecko; compatible; ClaudeBot/1.0; +claudebot@anthropic.com)" nyssa.janainarabello.com.br 10.53.185.147
74.7.241.9 - - [20/Mar/2026:11:41:12 -0500] "GET /products/paged/hello-world-featured-768x512.jpg?edit=widget-floating-bars-base.php&p=Ahome2Ajana5594AnyssaIjanainarabelloIcomIbrAwp-contentApluginsAelementorAmodulesAfloating-buttonsAbase HTTP/2.0" 409 83 "https://nyssa.janainarabello.com.br/products/paged/hello-world-featured-768x512.jpg?p=Ahome2Ajana5594AnyssaIjanainarabelloIcomIbrAwp-contentApluginsAelementorAmodulesAfloating-buttonsAbase" "Mozilla/5.0 AppleWebKit/537.36 (KHTML, like Gecko; compatible; GPTBot/1.3; +https://openai.com/gptbot)" nyssa.janainarabello.com.br 10.53.185.147
216.73.216.103 - - [20/Mar/2026:11:41:15 -0500] "GET /?edit=uninstall.php&p=Ahome2Ajana5594AnyssaIjanainarabelloIcomIbrAwp-contentApluginsAreally-simple-ssl HTTP/2.0" 409 83 "-" "Mozilla/5.0 AppleWebKit/537.36 (KHTML, like Gecko; compatible; ClaudeBot/1.0; +claudebot@anthropic.com)" nyssa.janainarabello.com.br 10.53.185.147
216.73.216.103 - - [20/Mar/2026:11:41:20 -0500] "GET /?edit=freedoms.php&p=Ahome2Ajana5594AnyssaIjanainarabelloIcomIbrAwp-admin HTTP/2.0" 409 83 "-" "Mozilla/5.0 AppleWebKit/537.36 (KHTML, like Gecko; compatible; ClaudeBot/1.0; +claudebot@anthropic.com)" nyssa.janainarabello.com.br 10.53.185.147
216.73.216.103 - - [20/Mar/2026:11:41:25 -0500] "GET /?edit=locale.php&p=Ahome2Ajana5594AnyssaIjanainarabelloIcomIbrAwp-includes HTTP/2.0" 409 83 "-" "Mozilla/5.0 AppleWebKit/537.36 (KHTML, like Gecko; compatible; ClaudeBot/1.0; +claudebot@anthropic.com)" nyssa.janainarabello.com.br 10.53.185.147
216.73.216.103 - - [20/Mar/2026:11:41:30 -0500] "GET /?edit=media-template.php&p=Ahome2Ajana5594AnyssaIjanainarabelloIcomIbrAwp-includes HTTP/2.0" 409 83 "-" "Mozilla/5.0 AppleWebKit/537.36 (KHTML, like Gecko; compatible; ClaudeBot/1.0; +claudebot@anthropic.com)" nyssa.janainarabello.com.br 10.53.185.147
216.73.216.103 - - [20/Mar/2026:11:41:35 -0500] "GET /?edit=backuply.php&p=Ahome2Ajana5594AnyssaIjanainarabelloIcomIbrAwp-contentApluginsAbackuply HTTP/2.0" 409 83 "-" "Mozilla/5.0 AppleWebKit/537.36 (KHTML, like Gecko; compatible; ClaudeBot/1.0; +claudebot@anthropic.com)" nyssa.janainarabello.com.br 10.53.185.147
216.73.216.103 - - [20/Mar/2026:11:41:40 -0500] "GET /sample-page?edit=wp-trackback.php&p=Ahome2Ajana5594AnyssaIjanainarabelloIcomIbr HTTP/2.0" 409 83 "-" "Mozilla/5.0 AppleWebKit/537.36 (KHTML, like Gecko; compatible; ClaudeBot/1.0; +claudebot@anthropic.com)" nyssa.janainarabello.com.br 10.53.185.147
216.73.216.103 - - [20/Mar/2026:11:41:45 -0500] "GET /?edit=class-wp-tax-query.php&p=Ahome2Ajana5594AnyssaIjanainarabelloIcomIbrAwp-includes HTTP/2.0" 409 83 "-" "Mozilla/5.0 AppleWebKit/537.36 (KHTML, like Gecko; compatible; ClaudeBot/1.0; +claudebot@anthropic.com)" nyssa.janainarabello.com.br 10.53.185.147
162.241.203.47 - - [20/Mar/2026:11:41:55 -0500] "POST /wp-cron.php?doing_wp_cron=1774024914.4293498992919921875000 HTTP/2.0" 200 - "-" "WordPress/6.9.4; https://nyssa.janainarabello.com.br" nyssa.janainarabello.com.br 10.53.185.147
216.73.216.103 - - [20/Mar/2026:11:41:54 -0500] "GET /.bashrc?p=Ahome2Ajana5594AnyssaIjanainarabelloIcomIbrAwp-contentAmu-plugins HTTP/2.0" 200 26145 "-" "Mozilla/5.0 AppleWebKit/537.36 (KHTML, like Gecko; compatible; ClaudeBot/1.0; +claudebot@anthropic.com)" nyssa.janainarabello.com.br 10.53.185.147
216.73.216.103 - - [20/Mar/2026:11:41:56 -0500] "GET /?p=Ahome2Ajana5594AnyssaIjanainarabelloIcomIbrAwp-contentApluginsApagelayer-proAimages HTTP/2.0" 200 25101 "-" "Mozilla/5.0 AppleWebKit/537.36 (KHTML, like Gecko; compatible; ClaudeBot/1.0; +claudebot@anthropic.com)" nyssa.janainarabello.com.br 10.53.185.147
216.73.216.103 - - [20/Mar/2026:11:42:01 -0500] "GET /sample-page?p=Ahome2Ajana5594AnyssaIjanainarabelloIcomIbrAIwell-known HTTP/2.0" 200 1329 "-" "Mozilla/5.0 AppleWebKit/537.36 (KHTML, like Gecko; compatible; ClaudeBot/1.0; +claudebot@anthropic.com)" nyssa.janainarabello.com.br 10.53.185.147
216.73.216.103 - - [20/Mar/2026:11:42:06 -0500] "GET /.bash_logout?p=Ahome2Ajana5594AnyssaIjanainarabelloIcomIbrAwp-includes HTTP/2.0" 200 73779 "-" "Mozilla/5.0 AppleWebKit/537.36 (KHTML, like Gecko; compatible; ClaudeBot/1.0; +claudebot@anthropic.com)" nyssa.janainarabello.com.br 10.53.185.147
216.73.216.103 - - [20/Mar/2026:11:42:11 -0500] "GET /.spamassassinboxenable?p=Ahome2 HTTP/2.0" 200 25493 "-" "Mozilla/5.0 AppleWebKit/537.36 (KHTML, like Gecko; compatible; ClaudeBot/1.0; +claudebot@anthropic.com)" nyssa.janainarabello.com.br 10.53.185.147
74.7.241.9 - - [20/Mar/2026:11:42:15 -0500] "GET /products/paged/hello-world-featured-768x512.jpg?edit=class-autoloader-handler.php&p=Ahome2Ajana5594AfabyboutiqsIcomIbrAwp-contentApluginsAreally-simple-sslAcoreAvendorAjetpack-autoloader HTTP/2.0" 409 83 "https://nyssa.janainarabello.com.br/products/paged/hello-world-featured-768x512.jpg?p=Ahome2Ajana5594AfabyboutiqsIcomIbrAwp-contentApluginsAreally-simple-sslAcoreAvendorAjetpack-autoloader" "Mozilla/5.0 AppleWebKit/537.36 (KHTML, like Gecko; compatible; GPTBot/1.3; +https://openai.com/gptbot)" nyssa.janainarabello.com.br 10.53.185.147
216.73.216.103 - - [20/Mar/2026:11:42:16 -0500] "GET /?p=Ahome2Ajana5594AtmpAwebalizerftp HTTP/2.0" 200 23510 "-" "Mozilla/5.0 AppleWebKit/537.36 (KHTML, like Gecko; compatible; ClaudeBot/1.0; +claudebot@anthropic.com)" nyssa.janainarabello.com.br 10.53.185.147
216.73.216.103 - - [20/Mar/2026:11:42:21 -0500] "GET /comments/feed?p=Ahome2Ajana5594Aaccess-logs HTTP/2.0" 200 3449 "-" "Mozilla/5.0 AppleWebKit/537.36 (KHTML, like Gecko; compatible; ClaudeBot/1.0; +claudebot@anthropic.com)" nyssa.janainarabello.com.br 10.53.185.147
216.73.216.103 - - [20/Mar/2026:11:42:26 -0500] "GET /.bash_logout?p=Ahome2Ajana5594AnyssaIjanainarabelloIcomIbrAwp-admin HTTP/2.0" 200 39861 "-" "Mozilla/5.0 AppleWebKit/537.36 (KHTML, like Gecko; compatible; ClaudeBot/1.0; +claudebot@anthropic.com)" nyssa.janainarabello.com.br 10.53.185.147
216.73.216.103 - - [20/Mar/2026:11:42:31 -0500] "GET /sample-page?edit=.htaccess&p=Ahome2Ajana5594AnyssaIjanainarabelloIcomIbrAwp-content HTTP/2.0" 200 1615 "-" "Mozilla/5.0 AppleWebKit/537.36 (KHTML, like Gecko; compatible; ClaudeBot/1.0; +claudebot@anthropic.com)" nyssa.janainarabello.com.br 10.53.185.147
216.73.216.103 - - [20/Mar/2026:11:42:36 -0500] "GET /wp-json?p=Ahome2Ajana5594AlinknyssaIjanainarabelloIcomIbr HTTP/2.0" 200 73464 "-" "Mozilla/5.0 AppleWebKit/537.36 (KHTML, like Gecko; compatible; ClaudeBot/1.0; +claudebot@anthropic.com)" nyssa.janainarabello.com.br 10.53.185.147
216.73.216.103 - - [20/Mar/2026:11:42:41 -0500] "GET /comments/feed?p=Ahome2Ajana5594AnyssaIjanainarabelloIcomIbrAwp-contentAthemes HTTP/2.0" 200 1462 "-" "Mozilla/5.0 AppleWebKit/537.36 (KHTML, like Gecko; compatible; ClaudeBot/1.0; +claudebot@anthropic.com)" nyssa.janainarabello.com.br 10.53.185.147
216.73.216.103 - - [20/Mar/2026:11:42:46 -0500] "GET /?p=Ahome2Ajana5594AtmpAanalog HTTP/2.0" 200 23500 "-" "Mozilla/5.0 AppleWebKit/537.36 (KHTML, like Gecko; compatible; ClaudeBot/1.0; +claudebot@anthropic.com)" nyssa.janainarabello.com.br 10.53.185.147
216.73.216.103 - - [20/Mar/2026:11:42:51 -0500] "GET /feed?p=Ahome2Ajana5594AnyssaIjanainarabelloIcomIbrAwp-contentAupgrade HTTP/2.0" 200 985 "-" "Mozilla/5.0 AppleWebKit/537.36 (KHTML, like Gecko; compatible; ClaudeBot/1.0; +claudebot@anthropic.com)" nyssa.janainarabello.com.br 10.53.185.147
216.73.216.103 - - [20/Mar/2026:11:42:56 -0500] "GET /.bash_logout?edit=wp-settings.php&p=Ahome2Ajana5594AnyssaIjanainarabelloIcomIbr HTTP/2.0" 409 83 "-" "Mozilla/5.0 AppleWebKit/537.36 (KHTML, like Gecko; compatible; ClaudeBot/1.0; +claudebot@anthropic.com)" nyssa.janainarabello.com.br 10.53.185.147
162.241.203.47 - - [20/Mar/2026:11:43:02 -0500] "POST /wp-cron.php?doing_wp_cron=1774024981.8389539718627929687500 HTTP/2.0" 200 - "-" "WordPress/6.9.4; https://nyssa.janainarabello.com.br" nyssa.janainarabello.com.br 10.53.185.147
216.73.216.103 - - [20/Mar/2026:11:43:01 -0500] "GET /?p=Ahome2Ajana5594Aaccess-logs HTTP/2.0" 200 25874 "-" "Mozilla/5.0 AppleWebKit/537.36 (KHTML, like Gecko; compatible; ClaudeBot/1.0; +claudebot@anthropic.com)" nyssa.janainarabello.com.br 10.53.185.147
216.73.216.103 - - [20/Mar/2026:11:43:06 -0500] "GET /sample-page?p=Ahome2Ajana5594Aaccess-logs HTTP/2.0" 200 3450 "-" "Mozilla/5.0 AppleWebKit/537.36 (KHTML, like Gecko; compatible; ClaudeBot/1.0; +claudebot@anthropic.com)" nyssa.janainarabello.com.br 10.53.185.147
216.73.216.103 - - [20/Mar/2026:11:43:11 -0500] "GET /?p=Ahome2Ajana5594AnyssaIjanainarabelloIcomIbrAwp-contentApluginsAreally-simple-sslAplaceholders HTTP/2.0" 200 23906 "-" "Mozilla/5.0 AppleWebKit/537.36 (KHTML, like Gecko; compatible; ClaudeBot/1.0; +claudebot@anthropic.com)" nyssa.janainarabello.com.br 10.53.185.147
216.73.216.103 - - [20/Mar/2026:11:43:16 -0500] "GET /?edit=index.html&p=Ahome2Ajana5594AnyssaIjanainarabelloIcomIbrAwp-contentAbackuply HTTP/2.0" 200 23150 "-" "Mozilla/5.0 AppleWebKit/537.36 (KHTML, like Gecko; compatible; ClaudeBot/1.0; +claudebot@anthropic.com)" nyssa.janainarabello.com.br 10.53.185.147
74.7.241.9 - - [20/Mar/2026:11:43:19 -0500] "GET /products/paged/hello-world-featured-768x512.jpg?edit=class-autoloader.php&p=Ahome2Ajana5594AfabyboutiqsIcomIbrAwp-contentApluginsAreally-simple-sslAcoreAvendorAjetpack-autoloader HTTP/2.0" 409 83 "https://nyssa.janainarabello.com.br/products/paged/hello-world-featured-768x512.jpg?p=Ahome2Ajana5594AfabyboutiqsIcomIbrAwp-contentApluginsAreally-simple-sslAcoreAvendorAjetpack-autoloader" "Mozilla/5.0 AppleWebKit/537.36 (KHTML, like Gecko; compatible; GPTBot/1.3; +https://openai.com/gptbot)" nyssa.janainarabello.com.br 10.53.185.147
216.73.216.103 - - [20/Mar/2026:11:43:21 -0500] "GET /wp-json?p=Ahome2Ajana5594Aaccess-logs HTTP/2.0" 200 75382 "-" "Mozilla/5.0 AppleWebKit/537.36 (KHTML, like Gecko; compatible; ClaudeBot/1.0; +claudebot@anthropic.com)" nyssa.janainarabello.com.br 10.53.185.147
216.73.216.103 - - [20/Mar/2026:11:43:26 -0500] "GET /?edit=ssl.db&p=Ahome2Ajana5594Assl HTTP/2.0" 200 52399 "-" "Mozilla/5.0 AppleWebKit/537.36 (KHTML, like Gecko; compatible; ClaudeBot/1.0; +claudebot@anthropic.com)" nyssa.janainarabello.com.br 10.53.185.147
216.73.216.103 - - [20/Mar/2026:11:43:35 -0500] "GET /.bash_logout?edit=license.txt&p=Ahome2Ajana5594AnyssaIjanainarabelloIcomIbr HTTP/2.0" 200 34454 "-" "Mozilla/5.0 AppleWebKit/537.36 (KHTML, like Gecko; compatible; ClaudeBot/1.0; +claudebot@anthropic.com)" nyssa.janainarabello.com.br 10.53.185.147
216.73.216.103 - - [20/Mar/2026:11:43:39 -0500] "GET /.bash_logout?edit=robots.txt&p=Ahome2Ajana5594AnyssaIjanainarabelloIcomIbr HTTP/2.0" 200 25360 "-" "Mozilla/5.0 AppleWebKit/537.36 (KHTML, like Gecko; compatible; ClaudeBot/1.0; +claudebot@anthropic.com)" nyssa.janainarabello.com.br 10.53.185.147
216.73.216.103 - - [20/Mar/2026:11:43:44 -0500] "GET /.lastlogin?p=Ahome2Ajana5594 HTTP/2.0" 200 27498 "-" "Mozilla/5.0 AppleWebKit/537.36 (KHTML, like Gecko; compatible; ClaudeBot/1.0; +claudebot@anthropic.com)" nyssa.janainarabello.com.br 10.53.185.147
216.73.216.103 - - [20/Mar/2026:11:43:49 -0500] "GET /.lastlogin?edit=.htaccess&p=Ahome2Ajana5594AnyssaIjanainarabelloIcomIbrAwp-contentAmu-plugins HTTP/2.0" 200 25457 "-" "Mozilla/5.0 AppleWebKit/537.36 (KHTML, like Gecko; compatible; ClaudeBot/1.0; +claudebot@anthropic.com)" nyssa.janainarabello.com.br 10.53.185.147
216.73.216.103 - - [20/Mar/2026:11:43:54 -0500] "GET /.lastlogin?p=Ahome2Ajana5594AnyssaIjanainarabelloIcomIbr HTTP/2.0" 200 28121 "-" "Mozilla/5.0 AppleWebKit/537.36 (KHTML, like Gecko; compatible; ClaudeBot/1.0; +claudebot@anthropic.com)" nyssa.janainarabello.com.br 10.53.185.147
216.73.216.103 - - [20/Mar/2026:11:43:59 -0500] "GET /.bashrc?edit=.lastlogin&p=Ahome2Ajana5594 HTTP/2.0" 200 25532 "-" "Mozilla/5.0 AppleWebKit/537.36 (KHTML, like Gecko; compatible; ClaudeBot/1.0; +claudebot@anthropic.com)" nyssa.janainarabello.com.br 10.53.185.147
162.241.203.47 - - [20/Mar/2026:11:44:04 -0500] "POST /wp-cron.php?doing_wp_cron=1774025044.1678919792175292968750 HTTP/2.0" 200 - "-" "WordPress/6.9.4; https://nyssa.janainarabello.com.br" nyssa.janainarabello.com.br 10.53.185.147
216.73.216.103 - - [20/Mar/2026:11:44:04 -0500] "GET /feed?edit=robots.txt&p=Ahome2Ajana5594Awww HTTP/2.0" 200 786 "-" "Mozilla/5.0 AppleWebKit/537.36 (KHTML, like Gecko; compatible; ClaudeBot/1.0; +claudebot@anthropic.com)" nyssa.janainarabello.com.br 10.53.185.147
216.73.216.103 - - [20/Mar/2026:11:44:09 -0500] "GET /.lastlogin?p=Ahome2Ajana5594AnyssaIjanainarabelloIcomIbrAwp-content HTTP/2.0" 200 26618 "-" "Mozilla/5.0 AppleWebKit/537.36 (KHTML, like Gecko; compatible; ClaudeBot/1.0; +claudebot@anthropic.com)" nyssa.janainarabello.com.br 10.53.185.147
216.73.216.103 - - [20/Mar/2026:11:44:14 -0500] "GET /.bashrc?edit=.emacs&p=Ahome2Ajana5594 HTTP/2.0" 200 25497 "-" "Mozilla/5.0 AppleWebKit/537.36 (KHTML, like Gecko; compatible; ClaudeBot/1.0; +claudebot@anthropic.com)" nyssa.janainarabello.com.br 10.53.185.147
216.73.216.103 - - [20/Mar/2026:11:44:19 -0500] "GET /.bashrc?p=Ahome2Ajana5594ArevestebrechoIjanainarabelloIcomIbr HTTP/2.0" 200 26041 "-" "Mozilla/5.0 AppleWebKit/537.36 (KHTML, like Gecko; compatible; ClaudeBot/1.0; +claudebot@anthropic.com)" nyssa.janainarabello.com.br 10.53.185.147
216.73.216.103 - - [20/Mar/2026:11:44:24 -0500] "GET /feed?edit=license.txt&p=Ahome2Ajana5594AfabyboutiqsIcomIbr HTTP/2.0" 200 9571 "-" "Mozilla/5.0 AppleWebKit/537.36 (KHTML, like Gecko; compatible; ClaudeBot/1.0; +claudebot@anthropic.com)" nyssa.janainarabello.com.br 10.53.185.147
74.7.241.9 - - [20/Mar/2026:11:44:24 -0500] "GET /products/paged/hello-world-featured-768x512.jpg?edit=class-latest-autoloader-guard.php&p=Ahome2Ajana5594AfabyboutiqsIcomIbrAwp-contentApluginsAreally-simple-sslAcoreAvendorAautomatticAjetpack-autoloaderAsrc HTTP/2.0" 409 83 "https://nyssa.janainarabello.com.br/products/paged/hello-world-featured-768x512.jpg?p=Ahome2Ajana5594AfabyboutiqsIcomIbrAwp-contentApluginsAreally-simple-sslAcoreAvendorAautomatticAjetpack-autoloaderAsrc" "Mozilla/5.0 AppleWebKit/537.36 (KHTML, like Gecko; compatible; GPTBot/1.3; +https://openai.com/gptbot)" nyssa.janainarabello.com.br 10.53.185.147
216.73.216.103 - - [20/Mar/2026:11:44:29 -0500] "GET /feed?edit=license.txt&p=Ahome2Ajana5594AnyssaIjanainarabelloIcomIbr HTTP/2.0" 200 9581 "-" "Mozilla/5.0 AppleWebKit/537.36 (KHTML, like Gecko; compatible; ClaudeBot/1.0; +claudebot@anthropic.com)" nyssa.janainarabello.com.br 10.53.185.147
216.73.216.103 - - [20/Mar/2026:11:44:34 -0500] "GET /2025/07/22/hello-world?p=Ahome2Ajana5594 HTTP/2.0" 200 2805 "-" "Mozilla/5.0 AppleWebKit/537.36 (KHTML, like Gecko; compatible; ClaudeBot/1.0; +claudebot@anthropic.com)" nyssa.janainarabello.com.br 10.53.185.147
216.73.216.103 - - [20/Mar/2026:11:44:39 -0500] "GET /comments/feed?edit=license.txt&p=Ahome2Ajana5594AnyssaIjanainarabelloIcomIbr HTTP/2.0" 200 9581 "-" "Mozilla/5.0 AppleWebKit/537.36 (KHTML, like Gecko; compatible; ClaudeBot/1.0; +claudebot@anthropic.com)" nyssa.janainarabello.com.br 10.53.185.147
216.73.216.103 - - [20/Mar/2026:11:44:44 -0500] "GET /.bash_logout?p=Ahome2Ajana5594AnyssaIjanainarabelloIcomIbrAimages HTTP/2.0" 200 26052 "-" "Mozilla/5.0 AppleWebKit/537.36 (KHTML, like Gecko; compatible; ClaudeBot/1.0; +claudebot@anthropic.com)" nyssa.janainarabello.com.br 10.53.185.147
216.73.216.103 - - [20/Mar/2026:11:44:49 -0500] "GET /?edit=robots.txt&p=Ahome2Ajana5594Awww HTTP/2.0" 200 23115 "-" "Mozilla/5.0 AppleWebKit/537.36 (KHTML, like Gecko; compatible; ClaudeBot/1.0; +claudebot@anthropic.com)" nyssa.janainarabello.com.br 10.53.185.147
216.73.216.103 - - [20/Mar/2026:11:44:54 -0500] "GET /.bashrc?edit=.dns&p=Ahome2Ajana5594 HTTP/2.0" 200 25292 "-" "Mozilla/5.0 AppleWebKit/537.36 (KHTML, like Gecko; compatible; ClaudeBot/1.0; +claudebot@anthropic.com)" nyssa.janainarabello.com.br 10.53.185.147
216.73.216.103 - - [20/Mar/2026:11:44:59 -0500] "GET /2025/07/22/hello-world?edit=.htaccess&p=Ahome2Ajana5594AnyssaIjanainarabelloIcomIbrAwp-contentAmu-plugins HTTP/2.0" 200 844 "-" "Mozilla/5.0 AppleWebKit/537.36 (KHTML, like Gecko; compatible; ClaudeBot/1.0; +claudebot@anthropic.com)" nyssa.janainarabello.com.br 10.53.185.147
162.241.203.47 - - [20/Mar/2026:11:45:04 -0500] "POST /wp-cron.php?doing_wp_cron=1774025104.2225580215454101562500 HTTP/2.0" 200 - "-" "WordPress/6.9.4; https://nyssa.janainarabello.com.br" nyssa.janainarabello.com.br 10.53.185.147
216.73.216.103 - - [20/Mar/2026:11:45:04 -0500] "GET /.bashrc?edit=.gemrc&p=Ahome2Ajana5594 HTTP/2.0" 200 25391 "-" "Mozilla/5.0 AppleWebKit/537.36 (KHTML, like Gecko; compatible; ClaudeBot/1.0; +claudebot@anthropic.com)" nyssa.janainarabello.com.br 10.53.185.147
216.73.216.103 - - [20/Mar/2026:11:45:09 -0500] "GET /sample-page?edit=license.txt&p=Ahome2Ajana5594AnyssaIjanainarabelloIcomIbr HTTP/2.0" 200 9581 "-" "Mozilla/5.0 AppleWebKit/537.36 (KHTML, like Gecko; compatible; ClaudeBot/1.0; +claudebot@anthropic.com)" nyssa.janainarabello.com.br 10.53.185.147
216.73.216.103 - - [20/Mar/2026:11:45:14 -0500] "GET /.lastlogin?p=Ahome2Ajana5594AnyssaIjanainarabelloIcomIbrAwp-contentAmu-plugins HTTP/2.0" 200 26145 "-" "Mozilla/5.0 AppleWebKit/537.36 (KHTML, like Gecko; compatible; ClaudeBot/1.0; +claudebot@anthropic.com)" nyssa.janainarabello.com.br 10.53.185.147
216.73.216.103 - - [20/Mar/2026:11:45:19 -0500] "GET /?edit=license.txt&p=Ahome2Ajana5594AfabyboutiqsIcomIbr HTTP/2.0" 200 32184 "-" "Mozilla/5.0 AppleWebKit/537.36 (KHTML, like Gecko; compatible; ClaudeBot/1.0; +claudebot@anthropic.com)" nyssa.janainarabello.com.br 10.53.185.147
216.73.216.103 - - [20/Mar/2026:11:45:24 -0500] "GET /?edit=fabyboutiqs.com.br.janainarabello.com.br-ssl_log.bkup&p=Ahome2Ajana5594Alogs HTTP/2.0" 200 23058 "-" "Mozilla/5.0 AppleWebKit/537.36 (KHTML, like Gecko; compatible; ClaudeBot/1.0; +claudebot@anthropic.com)" nyssa.janainarabello.com.br 10.53.185.147
74.7.241.9 - - [20/Mar/2026:11:45:29 -0500] "GET /products/paged/hello-world-featured-768x512.jpg?edit=class-autoloader-locator.php&p=Ahome2Ajana5594AfabyboutiqsIcomIbrAwp-contentApluginsAreally-simple-sslAcoreAvendorAautomatticAjetpack-autoloaderAsrc HTTP/2.0" 409 83 "https://nyssa.janainarabello.com.br/products/paged/hello-world-featured-768x512.jpg?p=Ahome2Ajana5594AfabyboutiqsIcomIbrAwp-contentApluginsAreally-simple-sslAcoreAvendorAautomatticAjetpack-autoloaderAsrc" "Mozilla/5.0 AppleWebKit/537.36 (KHTML, like Gecko; compatible; GPTBot/1.3; +https://openai.com/gptbot)" nyssa.janainarabello.com.br 10.53.185.147
216.73.216.103 - - [20/Mar/2026:11:45:29 -0500] "GET /?edit=fabyboutiqs.com.br.janainarabello.com.br.bkup&p=Ahome2Ajana5594Alogs HTTP/2.0" 200 23048 "-" "Mozilla/5.0 AppleWebKit/537.36 (KHTML, like Gecko; compatible; ClaudeBot/1.0; +claudebot@anthropic.com)" nyssa.janainarabello.com.br 10.53.185.147
74.7.241.9 - - [20/Mar/2026:11:46:29 -0500] "GET /products/paged/hello-world-featured-768x512.jpg?edit=class-placeholder.php&p=Ahome2Ajana5594AnyssaIjanainarabelloIcomIbrAwp-contentApluginsAreally-simple-sslAplaceholders HTTP/2.0" 409 83 "https://nyssa.janainarabello.com.br/products/paged/hello-world-featured-768x512.jpg?p=Ahome2Ajana5594AnyssaIjanainarabelloIcomIbrAwp-contentApluginsAreally-simple-sslAplaceholders" "Mozilla/5.0 AppleWebKit/537.36 (KHTML, like Gecko; compatible; GPTBot/1.3; +https://openai.com/gptbot)" nyssa.janainarabello.com.br 10.53.185.147
74.7.241.9 - - [20/Mar/2026:11:47:29 -0500] "GET /products/paged/hello-world-featured-768x512.jpg?edit=cache.php&p=Ahome2Ajana5594AnyssaIjanainarabelloIcomIbrAwp-includesAblocksAaudioAaudio HTTP/2.0" 409 83 "https://nyssa.janainarabello.com.br/products/paged/hello-world-featured-768x512.jpg?p=Ahome2Ajana5594AnyssaIjanainarabelloIcomIbrAwp-includesAblocksAaudioAaudio" "Mozilla/5.0 AppleWebKit/537.36 (KHTML, like Gecko; compatible; GPTBot/1.3; +https://openai.com/gptbot)" nyssa.janainarabello.com.br 10.53.185.147
74.7.241.9 - - [20/Mar/2026:11:48:29 -0500] "GET /products/paged/hello-world-featured-768x512.jpg?edit=cache.php&p=Ahome2Ajana5594AnyssaIjanainarabelloIcomIbrAwp-includesAblocksAvideoAvideo HTTP/2.0" 409 83 "https://nyssa.janainarabello.com.br/products/paged/hello-world-featured-768x512.jpg?p=Ahome2Ajana5594AnyssaIjanainarabelloIcomIbrAwp-includesAblocksAvideoAvideo" "Mozilla/5.0 AppleWebKit/537.36 (KHTML, like Gecko; compatible; GPTBot/1.3; +https://openai.com/gptbot)" nyssa.janainarabello.com.br 10.53.185.147
74.7.241.9 - - [20/Mar/2026:11:49:35 -0500] "GET /products/paged/hello-world-featured-768x512.jpg?edit=cache.php&p=Ahome2Ajana5594AnyssaIjanainarabelloIcomIbrAwp-includesAblocksAverseAverse HTTP/2.0" 409 83 "https://nyssa.janainarabello.com.br/products/paged/hello-world-featured-768x512.jpg?p=Ahome2Ajana5594AnyssaIjanainarabelloIcomIbrAwp-includesAblocksAverseAverse" "Mozilla/5.0 AppleWebKit/537.36 (KHTML, like Gecko; compatible; GPTBot/1.3; +https://openai.com/gptbot)" nyssa.janainarabello.com.br 10.53.185.147
162.241.203.47 - - [20/Mar/2026:11:50:39 -0500] "POST /wp-cron.php?doing_wp_cron=1774025438.5895969867706298828125 HTTP/2.0" 200 - "-" "WordPress/6.9.4; https://nyssa.janainarabello.com.br" nyssa.janainarabello.com.br 10.53.185.147
74.7.241.9 - - [20/Mar/2026:11:50:38 -0500] "GET /products/paged/sbxZX.jpg?p=Ahome2Ajana5594Apublic_htmlAwp-contentApluginsAwordpress-seoAsrcAintroductionsAstaticsAstatics HTTP/2.0" 200 26691 "https://nyssa.janainarabello.com.br/products/paged/sbxZX.jpg?p=Ahome2Ajana5594Apublic_htmlAwp-contentApluginsAwordpress-seoAsrcAintroductionsAstatics" "Mozilla/5.0 AppleWebKit/537.36 (KHTML, like Gecko; compatible; GPTBot/1.3; +https://openai.com/gptbot)" nyssa.janainarabello.com.br 10.53.185.147
162.241.203.47 - - [20/Mar/2026:11:51:39 -0500] "POST /wp-cron.php?doing_wp_cron=1774025499.3393468856811523437500 HTTP/2.0" 200 - "-" "WordPress/6.9.4; https://nyssa.janainarabello.com.br" nyssa.janainarabello.com.br 10.53.185.147
74.7.241.9 - - [20/Mar/2026:11:51:39 -0500] "GET /products/paged/sbxZX.jpg?edit=akismet-refresh-logo%402x.png&p=Ahome2Ajana5594AnyssaIjanainarabelloIcomIbrAwp-contentApluginsAakismetA_incAimg HTTP/2.0" 200 28235 "https://nyssa.janainarabello.com.br/products/paged/sbxZX.jpg?p=Ahome2Ajana5594AnyssaIjanainarabelloIcomIbrAwp-contentApluginsAakismetA_incAimg" "Mozilla/5.0 AppleWebKit/537.36 (KHTML, like Gecko; compatible; GPTBot/1.3; +https://openai.com/gptbot)" nyssa.janainarabello.com.br 10.53.185.147
74.7.241.9 - - [20/Mar/2026:11:52:33 -0500] "GET /products/paged/sbxZX.jpg?edit=1-640x1024.png&p=Ahome2Ajana5594AnyssaIjanainarabelloIcomIbrAwp-contentAuploadsA2025A07 HTTP/2.0" 200 165784 "https://nyssa.janainarabello.com.br/products/paged/sbxZX.jpg?p=Ahome2Ajana5594AnyssaIjanainarabelloIcomIbrAwp-contentAuploadsA2025A07" "Mozilla/5.0 AppleWebKit/537.36 (KHTML, like Gecko; compatible; GPTBot/1.3; +https://openai.com/gptbot)" nyssa.janainarabello.com.br 10.53.185.147
162.241.203.47 - - [20/Mar/2026:11:53:26 -0500] "POST /wp-cron.php?doing_wp_cron=1774025605.8463840484619140625000 HTTP/2.0" 200 - "-" "WordPress/6.9.4; https://nyssa.janainarabello.com.br" nyssa.janainarabello.com.br 10.53.185.147
74.7.241.9 - - [20/Mar/2026:11:53:25 -0500] "GET /products/paged/sbxZX.jpg?edit=6-640x1024.png&p=Ahome2Ajana5594AnyssaIjanainarabelloIcomIbrAwp-contentAuploadsA2025A07 HTTP/2.0" 200 114150 "https://nyssa.janainarabello.com.br/products/paged/sbxZX.jpg?p=Ahome2Ajana5594AnyssaIjanainarabelloIcomIbrAwp-contentAuploadsA2025A07" "Mozilla/5.0 AppleWebKit/537.36 (KHTML, like Gecko; compatible; GPTBot/1.3; +https://openai.com/gptbot)" nyssa.janainarabello.com.br 10.53.185.147
74.7.241.9 - - [20/Mar/2026:11:54:12 -0500] "GET /products/paged/sbxZX.jpg?edit=4-640x1024.png&p=Ahome2Ajana5594AnyssaIjanainarabelloIcomIbrAwp-contentAuploadsA2025A07 HTTP/2.0" 200 30168 "https://nyssa.janainarabello.com.br/products/paged/sbxZX.jpg?p=Ahome2Ajana5594AnyssaIjanainarabelloIcomIbrAwp-contentAuploadsA2025A07" "Mozilla/5.0 AppleWebKit/537.36 (KHTML, like Gecko; compatible; GPTBot/1.3; +https://openai.com/gptbot)" nyssa.janainarabello.com.br 10.53.185.147
162.241.203.47 - - [20/Mar/2026:11:54:55 -0500] "POST /wp-cron.php?doing_wp_cron=1774025695.2776319980621337890625 HTTP/2.0" 200 - "-" "WordPress/6.9.4; https://nyssa.janainarabello.com.br" nyssa.janainarabello.com.br 10.53.185.147
74.7.241.9 - - [20/Mar/2026:11:54:55 -0500] "GET /products/paged/sbxZX.jpg?edit=8-640x1024.png&p=Ahome2Ajana5594AnyssaIjanainarabelloIcomIbrAwp-contentAuploadsA2025A07 HTTP/2.0" 200 137885 "https://nyssa.janainarabello.com.br/products/paged/sbxZX.jpg?p=Ahome2Ajana5594AnyssaIjanainarabelloIcomIbrAwp-contentAuploadsA2025A07" "Mozilla/5.0 AppleWebKit/537.36 (KHTML, like Gecko; compatible; GPTBot/1.3; +https://openai.com/gptbot)" nyssa.janainarabello.com.br 10.53.185.147
74.7.241.9 - - [20/Mar/2026:11:55:30 -0500] "GET /products/paged/sbxZX.jpg?edit=9-640x1024.png&p=Ahome2Ajana5594AnyssaIjanainarabelloIcomIbrAwp-contentAuploadsA2025A07 HTTP/2.0" 200 93334 "https://nyssa.janainarabello.com.br/products/paged/sbxZX.jpg?p=Ahome2Ajana5594AnyssaIjanainarabelloIcomIbrAwp-contentAuploadsA2025A07" "Mozilla/5.0 AppleWebKit/537.36 (KHTML, like Gecko; compatible; GPTBot/1.3; +https://openai.com/gptbot)" nyssa.janainarabello.com.br 10.53.185.147
162.241.203.47 - - [20/Mar/2026:11:56:06 -0500] "POST /wp-cron.php?doing_wp_cron=1774025765.7995929718017578125000 HTTP/2.0" 200 - "-" "WordPress/6.9.4; https://nyssa.janainarabello.com.br" nyssa.janainarabello.com.br 10.53.185.147
74.7.241.9 - - [20/Mar/2026:11:56:05 -0500] "GET /products/paged/sbxZX.jpg?edit=7-640x1024.png&p=Ahome2Ajana5594AnyssaIjanainarabelloIcomIbrAwp-contentAuploadsA2025A07 HTTP/2.0" 200 84005 "https://nyssa.janainarabello.com.br/products/paged/sbxZX.jpg?p=Ahome2Ajana5594AnyssaIjanainarabelloIcomIbrAwp-contentAuploadsA2025A07" "Mozilla/5.0 AppleWebKit/537.36 (KHTML, like Gecko; compatible; GPTBot/1.3; +https://openai.com/gptbot)" nyssa.janainarabello.com.br 10.53.185.147
74.7.241.9 - - [20/Mar/2026:11:56:35 -0500] "GET /products/paged/sbxZX.jpg?edit=3-640x1024.png&p=Ahome2Ajana5594AnyssaIjanainarabelloIcomIbrAwp-contentAuploadsA2025A07 HTTP/2.0" 200 147247 "https://nyssa.janainarabello.com.br/products/paged/sbxZX.jpg?p=Ahome2Ajana5594AnyssaIjanainarabelloIcomIbrAwp-contentAuploadsA2025A07" "Mozilla/5.0 AppleWebKit/537.36 (KHTML, like Gecko; compatible; GPTBot/1.3; +https://openai.com/gptbot)" nyssa.janainarabello.com.br 10.53.185.147
74.7.241.9 - - [20/Mar/2026:11:57:03 -0500] "GET /products/paged/sbxZX.jpg?edit=2-640x1024.png&p=Ahome2Ajana5594AnyssaIjanainarabelloIcomIbrAwp-contentAuploadsA2025A07 HTTP/2.0" 200 185745 "https://nyssa.janainarabello.com.br/products/paged/sbxZX.jpg?p=Ahome2Ajana5594AnyssaIjanainarabelloIcomIbrAwp-contentAuploadsA2025A07" "Mozilla/5.0 AppleWebKit/537.36 (KHTML, like Gecko; compatible; GPTBot/1.3; +https://openai.com/gptbot)" nyssa.janainarabello.com.br 10.53.185.147
162.241.203.47 - - [20/Mar/2026:11:57:27 -0500] "POST /wp-cron.php?doing_wp_cron=1774025846.7896809577941894531250 HTTP/2.0" 200 - "-" "WordPress/6.9.4; https://nyssa.janainarabello.com.br" nyssa.janainarabello.com.br 10.53.185.147
74.7.241.9 - - [20/Mar/2026:11:57:26 -0500] "GET /products/paged/sbxZX.jpg?edit=5-640x1024.png&p=Ahome2Ajana5594AnyssaIjanainarabelloIcomIbrAwp-contentAuploadsA2025A07 HTTP/2.0" 200 130867 "https://nyssa.janainarabello.com.br/products/paged/sbxZX.jpg?p=Ahome2Ajana5594AnyssaIjanainarabelloIcomIbrAwp-contentAuploadsA2025A07" "Mozilla/5.0 AppleWebKit/537.36 (KHTML, like Gecko; compatible; GPTBot/1.3; +https://openai.com/gptbot)" nyssa.janainarabello.com.br 10.53.185.147
74.7.241.9 - - [20/Mar/2026:11:57:48 -0500] "GET /products/paged/sbxZX.jpg?edit=png_69958890d11af.zip&p=Ahome2Ajana5594Apublic_htmlAwp-contentApluginsAwordpress-seoAsrcAintroductionsAstaticsAstatics HTTP/2.0" 200 30902 "https://nyssa.janainarabello.com.br/products/paged/sbxZX.jpg?p=Ahome2Ajana5594Apublic_htmlAwp-contentApluginsAwordpress-seoAsrcAintroductionsAstaticsAstatics" "Mozilla/5.0 AppleWebKit/537.36 (KHTML, like Gecko; compatible; GPTBot/1.3; +https://openai.com/gptbot)" nyssa.janainarabello.com.br 10.53.185.147
74.7.241.9 - - [20/Mar/2026:11:58:07 -0500] "GET /products/paged/sbxZX.jpg?edit=Rfc7230.php&p=Ahome2Ajana5594AwwwAwp-contentApluginsAwordpress-seoAvendor_prefixedAguzzlehttpApsr7Asrc HTTP/2.0" 409 83 "https://nyssa.janainarabello.com.br/products/paged/sbxZX.jpg?p=Ahome2Ajana5594AwwwAwp-contentApluginsAwordpress-seoAvendor_prefixedAguzzlehttpApsr7Asrc" "Mozilla/5.0 AppleWebKit/537.36 (KHTML, like Gecko; compatible; GPTBot/1.3; +https://openai.com/gptbot)" nyssa.janainarabello.com.br 10.53.185.147
74.7.241.9 - - [20/Mar/2026:11:58:26 -0500] "GET /products/paged/hello-world-featured-768x512.jpg?edit=bootstrap.php&p=Ahome2Ajana5594AnyssaIjanainarabelloIcomIbrAwp-contentApluginsAelementorAvendor_prefixedAtwigAsymfonyApolyfill-mbstring HTTP/2.0" 409 83 "https://nyssa.janainarabello.com.br/products/paged/hello-world-featured-768x512.jpg?p=Ahome2Ajana5594AnyssaIjanainarabelloIcomIbrAwp-contentApluginsAelementorAvendor_prefixedAtwigAsymfonyApolyfill-mbstring" "Mozilla/5.0 AppleWebKit/537.36 (KHTML, like Gecko; compatible; GPTBot/1.3; +https://openai.com/gptbot)" nyssa.janainarabello.com.br 10.53.185.147
216.73.216.103 - - [20/Mar/2026:11:59:08 -0500] "GET /sitemap.xml?edit=wp-comments-post.php&p=Ahome2Ajana5594AnyssaIjanainarabelloIcomIbr HTTP/2.0" 409 83 "-" "Mozilla/5.0 AppleWebKit/537.36 (KHTML, like Gecko; compatible; ClaudeBot/1.0; +claudebot@anthropic.com)" nyssa.janainarabello.com.br 10.53.185.147
216.73.216.103 - - [20/Mar/2026:11:59:13 -0500] "GET /sitemap.xml?edit=xmlrpc.php&p=Ahome2Ajana5594AnyssaIjanainarabelloIcomIbr HTTP/2.0" 409 83 "-" "Mozilla/5.0 AppleWebKit/537.36 (KHTML, like Gecko; compatible; ClaudeBot/1.0; +claudebot@anthropic.com)" nyssa.janainarabello.com.br 10.53.185.147
74.7.241.9 - - [20/Mar/2026:11:59:18 -0500] "GET /products/paged/hello-world-featured-768x512.jpg?edit=bootstrap.php&p=Ahome2Ajana5594AnyssaIjanainarabelloIcomIbrAwp-contentApluginsAelementorAvendor_prefixedAtwigAsymfonyApolyfill-ctype HTTP/2.0" 409 83 "https://nyssa.janainarabello.com.br/products/paged/hello-world-featured-768x512.jpg?p=Ahome2Ajana5594AnyssaIjanainarabelloIcomIbrAwp-contentApluginsAelementorAvendor_prefixedAtwigAsymfonyApolyfill-ctype" "Mozilla/5.0 AppleWebKit/537.36 (KHTML, like Gecko; compatible; GPTBot/1.3; +https://openai.com/gptbot)" nyssa.janainarabello.com.br 10.53.185.147
162.241.203.47 - - [20/Mar/2026:11:59:19 -0500] "POST /wp-cron.php?doing_wp_cron=1774025958.6052498817443847656250 HTTP/2.0" 200 - "-" "WordPress/6.9.4; https://nyssa.janainarabello.com.br" nyssa.janainarabello.com.br 10.53.185.147
216.73.216.103 - - [20/Mar/2026:11:59:18 -0500] "GET /sitemap.xml?p=Ahome2Ajana5594AjanainarabelloIcomIbr HTTP/2.0" 200 1351 "-" "Mozilla/5.0 AppleWebKit/537.36 (KHTML, like Gecko; compatible; ClaudeBot/1.0; +claudebot@anthropic.com)" nyssa.janainarabello.com.br 10.53.185.147
