74.7.241.9 - - [20/Mar/2026:10:12:49 -0500] "GET /products/paged/hello-world-featured-768x512.jpg?edit=Ed25519.php&p=Ahome2Ajana5594AnyssaIjanainarabelloIcomIbrAwp-includesAsodium_compatAsrcACore HTTP/2.0" 409 83 "https://nyssa.janainarabello.com.br/products/paged/hello-world-featured-768x512.jpg?p=Ahome2Ajana5594AnyssaIjanainarabelloIcomIbrAwp-includesAsodium_compatAsrcACore" "Mozilla/5.0 AppleWebKit/537.36 (KHTML, like Gecko; compatible; GPTBot/1.3; +https://openai.com/gptbot)" nyssa.janainarabello.com.br 10.53.185.147
162.241.203.47 - - [20/Mar/2026:10:13:51 -0500] "POST /wp-cron.php?doing_wp_cron=1774019630.7786850929260253906250 HTTP/2.0" 200 - "-" "WordPress/6.9.4; https://nyssa.janainarabello.com.br" nyssa.janainarabello.com.br 10.53.185.147
74.7.241.9 - - [20/Mar/2026:10:13:50 -0500] "GET /products/paged/sbxZX.jpg?edit=extendify-pt_BR-fd5706557108cb9543457c8abc570a8a.json&p=Ahome2Ajana5594AwwwAwp-contentAlanguagesAplugins HTTP/2.0" 200 25800 "https://nyssa.janainarabello.com.br/products/paged/sbxZX.jpg?p=Ahome2Ajana5594AwwwAwp-contentAlanguagesAplugins" "Mozilla/5.0 AppleWebKit/537.36 (KHTML, like Gecko; compatible; GPTBot/1.3; +https://openai.com/gptbot)" nyssa.janainarabello.com.br 10.53.185.147
74.7.241.9 - - [20/Mar/2026:10:14:55 -0500] "GET /products/paged/hello-world-featured-768x512.jpg?edit=theme-builder-menu-item.php&p=Ahome2Ajana5594AnyssaIjanainarabelloIcomIbrAwp-contentApluginsAelementorAappAadmin-menu-items HTTP/2.0" 409 83 "https://nyssa.janainarabello.com.br/products/paged/hello-world-featured-768x512.jpg?p=Ahome2Ajana5594AnyssaIjanainarabelloIcomIbrAwp-contentApluginsAelementorAappAadmin-menu-items" "Mozilla/5.0 AppleWebKit/537.36 (KHTML, like Gecko; compatible; GPTBot/1.3; +https://openai.com/gptbot)" nyssa.janainarabello.com.br 10.53.185.147
162.241.203.47 - - [20/Mar/2026:10:15:54 -0500] "POST /wp-cron.php?doing_wp_cron=1774019753.2850809097290039062500 HTTP/2.0" 200 - "-" "WordPress/6.9.4; https://nyssa.janainarabello.com.br" nyssa.janainarabello.com.br 10.53.185.147
74.7.241.9 - - [20/Mar/2026:10:15:53 -0500] "GET /products/paged/hello-world-featured-768x512.jpg?edit=composer.json&p=Ahome2Ajana5594AnyssaIjanainarabelloIcomIbrAwp-contentApluginsAspeedycacheAlibAPathConverter HTTP/2.0" 200 25839 "https://nyssa.janainarabello.com.br/products/paged/hello-world-featured-768x512.jpg?p=Ahome2Ajana5594AnyssaIjanainarabelloIcomIbrAwp-contentApluginsAspeedycacheAlibAPathConverter" "Mozilla/5.0 AppleWebKit/537.36 (KHTML, like Gecko; compatible; GPTBot/1.3; +https://openai.com/gptbot)" nyssa.janainarabello.com.br 10.53.185.147
162.241.203.47 - - [20/Mar/2026:10:16:58 -0500] "POST /wp-cron.php?doing_wp_cron=1774019817.6697039604187011718750 HTTP/2.0" 200 - "-" "WordPress/6.9.4; https://nyssa.janainarabello.com.br" nyssa.janainarabello.com.br 10.53.185.147
74.7.241.9 - - [20/Mar/2026:10:16:57 -0500] "GET /products/paged/sbxZX.jpg?edit=98500_453f3_90895af625945571586fbc58ae3aedf6.key&p=Ahome2Ajana5594AsslAkeys HTTP/2.0" 200 27023 "https://nyssa.janainarabello.com.br/products/paged/sbxZX.jpg?p=Ahome2Ajana5594AsslAkeys" "Mozilla/5.0 AppleWebKit/537.36 (KHTML, like Gecko; compatible; GPTBot/1.3; +https://openai.com/gptbot)" nyssa.janainarabello.com.br 10.53.185.147
74.7.241.9 - - [20/Mar/2026:10:17:56 -0500] "GET /products/paged/hello-world-featured-768x512.jpg?edit=media-widgets.js&p=Ahome2Ajana5594AnyssaIjanainarabelloIcomIbrAwp-adminAjsAwidgets HTTP/2.0" 200 41121 "https://nyssa.janainarabello.com.br/products/paged/hello-world-featured-768x512.jpg?p=Ahome2Ajana5594AnyssaIjanainarabelloIcomIbrAwp-adminAjsAwidgets" "Mozilla/5.0 AppleWebKit/537.36 (KHTML, like Gecko; compatible; GPTBot/1.3; +https://openai.com/gptbot)" nyssa.janainarabello.com.br 10.53.185.147
162.241.203.47 - - [20/Mar/2026:10:18:47 -0500] "POST /wp-cron.php?doing_wp_cron=1774019926.9543581008911132812500 HTTP/2.0" 200 - "-" "WordPress/6.9.4; https://nyssa.janainarabello.com.br" nyssa.janainarabello.com.br 10.53.185.147
74.7.241.9 - - [20/Mar/2026:10:18:46 -0500] "GET /products/paged/hello-world-featured-768x512.jpg?edit=plupload.min.js&p=Ahome2Ajana5594AnyssaIjanainarabelloIcomIbrAwp-includesAjsAplupload HTTP/2.0" 200 32705 "https://nyssa.janainarabello.com.br/products/paged/hello-world-featured-768x512.jpg?p=Ahome2Ajana5594AnyssaIjanainarabelloIcomIbrAwp-includesAjsAplupload" "Mozilla/5.0 AppleWebKit/537.36 (KHTML, like Gecko; compatible; GPTBot/1.3; +https://openai.com/gptbot)" nyssa.janainarabello.com.br 10.53.185.147
74.7.241.9 - - [20/Mar/2026:10:19:31 -0500] "GET /products/paged/sbxZX.jpg?edit=fa-regular-400.svg&p=Ahome2Ajana5594AfabyboutiqsIcomIbrAwp-contentApluginsApagelayerAfonts HTTP/2.0" 200 80532 "https://nyssa.janainarabello.com.br/products/paged/sbxZX.jpg?p=Ahome2Ajana5594AfabyboutiqsIcomIbrAwp-contentApluginsApagelayerAfonts" "Mozilla/5.0 AppleWebKit/537.36 (KHTML, like Gecko; compatible; GPTBot/1.3; +https://openai.com/gptbot)" nyssa.janainarabello.com.br 10.53.185.147
162.241.203.47 - - [20/Mar/2026:10:20:13 -0500] "POST /wp-cron.php?doing_wp_cron=1774020012.9372398853302001953125 HTTP/2.0" 200 - "-" "WordPress/6.9.4; https://nyssa.janainarabello.com.br" nyssa.janainarabello.com.br 10.53.185.147
74.7.241.9 - - [20/Mar/2026:10:20:12 -0500] "GET /products/paged/sbxZX.jpg?edit=fa-regular-400.woff&p=Ahome2Ajana5594AfabyboutiqsIcomIbrAwp-contentApluginsApagelayerAfonts HTTP/2.0" 200 40083 "https://nyssa.janainarabello.com.br/products/paged/sbxZX.jpg?p=Ahome2Ajana5594AfabyboutiqsIcomIbrAwp-contentApluginsApagelayerAfonts" "Mozilla/5.0 AppleWebKit/537.36 (KHTML, like Gecko; compatible; GPTBot/1.3; +https://openai.com/gptbot)" nyssa.janainarabello.com.br 10.53.185.147
74.7.241.9 - - [20/Mar/2026:10:20:48 -0500] "GET /products/paged/hello-world-featured-768x512.jpg?edit=cookieadmin-de_DE_formal.po&p=Ahome2Ajana5594AfabyboutiqsIcomIbrAwp-contentApluginsAcookieadmin-proAlanguages HTTP/2.0" 200 35377 "https://nyssa.janainarabello.com.br/products/paged/hello-world-featured-768x512.jpg?p=Ahome2Ajana5594AfabyboutiqsIcomIbrAwp-contentApluginsAcookieadmin-proAlanguages" "Mozilla/5.0 AppleWebKit/537.36 (KHTML, like Gecko; compatible; GPTBot/1.3; +https://openai.com/gptbot)" nyssa.janainarabello.com.br 10.53.185.147
74.7.241.9 - - [20/Mar/2026:10:21:20 -0500] "GET /products/paged/sbxZX.jpg?edit=class-mail-admin.php&p=Ahome2Ajana5594AfabyboutiqsIcomIbrAwp-contentApluginsAreally-simple-sslAmailer HTTP/2.0" 409 83 "https://nyssa.janainarabello.com.br/products/paged/sbxZX.jpg?p=Ahome2Ajana5594AfabyboutiqsIcomIbrAwp-contentApluginsAreally-simple-sslAmailer" "Mozilla/5.0 AppleWebKit/537.36 (KHTML, like Gecko; compatible; GPTBot/1.3; +https://openai.com/gptbot)" nyssa.janainarabello.com.br 10.53.185.147
162.241.203.47 - - [20/Mar/2026:10:21:25 -0500] "POST /wp-cron.php?doing_wp_cron=1774020084.5903611183166503906250 HTTP/2.0" 200 - "-" "WordPress/6.9.4; https://nyssa.janainarabello.com.br" nyssa.janainarabello.com.br 10.53.185.147
216.73.216.103 - - [20/Mar/2026:10:21:24 -0500] "GET /sitemap.xml?p=Ahome2Ajana5594AnyssaIjanainarabelloIcomIbr HTTP/2.0" 200 3403 "-" "Mozilla/5.0 AppleWebKit/537.36 (KHTML, like Gecko; compatible; ClaudeBot/1.0; +claudebot@anthropic.com)" nyssa.janainarabello.com.br 10.53.185.147
74.7.241.9 - - [20/Mar/2026:10:21:51 -0500] "GET /products/paged/hello-world-featured-768x512.jpg?edit=index.js&p=Ahome2Ajana5594AfabyboutiqsIcomIbrAwp-contentApluginsAsiteseo-proAassetsAjsAbreadcrumbsAbuild HTTP/2.0" 200 26946 "https://nyssa.janainarabello.com.br/products/paged/hello-world-featured-768x512.jpg?p=Ahome2Ajana5594AfabyboutiqsIcomIbrAwp-contentApluginsAsiteseo-proAassetsAjsAbreadcrumbsAbuild" "Mozilla/5.0 AppleWebKit/537.36 (KHTML, like Gecko; compatible; GPTBot/1.3; +https://openai.com/gptbot)" nyssa.janainarabello.com.br 10.53.185.147
216.73.216.103 - - [20/Mar/2026:10:22:09 -0500] "GET /sitemap.xml?p=Ahome2Ajana5594AnyssaIjanainarabelloIcomIbrAwp-content HTTP/2.0" 200 1975 "-" "Mozilla/5.0 AppleWebKit/537.36 (KHTML, like Gecko; compatible; ClaudeBot/1.0; +claudebot@anthropic.com)" nyssa.janainarabello.com.br 10.53.185.147
216.73.216.103 - - [20/Mar/2026:10:22:29 -0500] "GET /sitemap.xml?edit=51.php&p=Ahome2Ajana5594AnyssaIjanainarabelloIcomIbrAwp-contentAmu-plugins HTTP/2.0" 409 83 "-" "Mozilla/5.0 AppleWebKit/537.36 (KHTML, like Gecko; compatible; ClaudeBot/1.0; +claudebot@anthropic.com)" nyssa.janainarabello.com.br 10.53.185.147
162.241.203.47 - - [20/Mar/2026:10:22:51 -0500] "POST /wp-cron.php?doing_wp_cron=1774020170.9971539974212646484375 HTTP/2.0" 200 - "-" "WordPress/6.9.4; https://nyssa.janainarabello.com.br" nyssa.janainarabello.com.br 10.53.185.147
216.73.216.103 - - [20/Mar/2026:10:22:50 -0500] "GET /sitemap.xml?p=Ahome2 HTTP/2.0" 200 870 "-" "Mozilla/5.0 AppleWebKit/537.36 (KHTML, like Gecko; compatible; ClaudeBot/1.0; +claudebot@anthropic.com)" nyssa.janainarabello.com.br 10.53.185.147
74.7.241.9 - - [20/Mar/2026:10:22:52 -0500] "GET /products/paged/hello-world-featured-768x512.jpg?edit=functions.php&p=Ahome2Ajana5594AfabyboutiqsIcomIbrAwp-contentApluginsAbackuply-pro HTTP/2.0" 409 83 "https://nyssa.janainarabello.com.br/products/paged/hello-world-featured-768x512.jpg?p=Ahome2Ajana5594AfabyboutiqsIcomIbrAwp-contentApluginsAbackuply-pro" "Mozilla/5.0 AppleWebKit/537.36 (KHTML, like Gecko; compatible; GPTBot/1.3; +https://openai.com/gptbot)" nyssa.janainarabello.com.br 10.53.185.147
74.7.241.9 - - [20/Mar/2026:10:23:50 -0500] "GET /products/paged/hello-world-featured-768x512.jpg?edit=webdav.php&p=Ahome2Ajana5594AfabyboutiqsIcomIbrAwp-contentApluginsAbackuply-proAlib HTTP/2.0" 409 83 "https://nyssa.janainarabello.com.br/products/paged/hello-world-featured-768x512.jpg?p=Ahome2Ajana5594AfabyboutiqsIcomIbrAwp-contentApluginsAbackuply-proAlib" "Mozilla/5.0 AppleWebKit/537.36 (KHTML, like Gecko; compatible; GPTBot/1.3; +https://openai.com/gptbot)" nyssa.janainarabello.com.br 10.53.185.147
162.241.203.47 - - [20/Mar/2026:10:24:05 -0500] "POST /wp-cron.php?doing_wp_cron=1774020245.2715690135955810546875 HTTP/2.0" 200 - "-" "WordPress/6.9.4; https://nyssa.janainarabello.com.br" nyssa.janainarabello.com.br 10.53.185.147
216.73.216.103 - - [20/Mar/2026:10:24:05 -0500] "GET /sitemap.xml?edit=.htaccess&p=Ahome2Ajana5594AnyssaIjanainarabelloIcomIbrAwp-contentAmu-plugins HTTP/2.0" 200 844 "-" "Mozilla/5.0 AppleWebKit/537.36 (KHTML, like Gecko; compatible; ClaudeBot/1.0; +claudebot@anthropic.com)" nyssa.janainarabello.com.br 10.53.185.147
74.7.241.9 - - [20/Mar/2026:10:24:54 -0500] "GET /products/paged/hello-world-featured-768x512.jpg?edit=SipHash.php&p=Ahome2Ajana5594AfabyboutiqsIcomIbrAwp-includesAsodium_compatAsrcACore HTTP/2.0" 409 83 "https://nyssa.janainarabello.com.br/products/paged/hello-world-featured-768x512.jpg?p=Ahome2Ajana5594AfabyboutiqsIcomIbrAwp-includesAsodium_compatAsrcACore" "Mozilla/5.0 AppleWebKit/537.36 (KHTML, like Gecko; compatible; GPTBot/1.3; +https://openai.com/gptbot)" nyssa.janainarabello.com.br 10.53.185.147
74.7.241.9 - - [20/Mar/2026:10:25:54 -0500] "GET /products/paged/hello-world-featured-768x512.jpg?edit=BLAKE2b.php&p=Ahome2Ajana5594AfabyboutiqsIcomIbrAwp-includesAsodium_compatAsrcACore HTTP/2.0" 409 83 "https://nyssa.janainarabello.com.br/products/paged/hello-world-featured-768x512.jpg?p=Ahome2Ajana5594AfabyboutiqsIcomIbrAwp-includesAsodium_compatAsrcACore" "Mozilla/5.0 AppleWebKit/537.36 (KHTML, like Gecko; compatible; GPTBot/1.3; +https://openai.com/gptbot)" nyssa.janainarabello.com.br 10.53.185.147
162.241.203.47 - - [20/Mar/2026:10:26:51 -0500] "POST /wp-cron.php?doing_wp_cron=1774020410.7419641017913818359375 HTTP/2.0" 200 - "-" "WordPress/6.9.4; https://nyssa.janainarabello.com.br" nyssa.janainarabello.com.br 10.53.185.147
216.73.216.103 - - [20/Mar/2026:10:26:50 -0500] "GET /sitemap.xml?p=Ahome2Ajana5594AnyssaIjanainarabelloIcomIbrAwp-contentAmu-plugins HTTP/2.0" 200 1517 "-" "Mozilla/5.0 AppleWebKit/537.36 (KHTML, like Gecko; compatible; ClaudeBot/1.0; +claudebot@anthropic.com)" nyssa.janainarabello.com.br 10.53.185.147
74.7.241.9 - - [20/Mar/2026:10:26:59 -0500] "GET /products/paged/hello-world-featured-768x512.jpg?edit=File.php&p=Ahome2Ajana5594AfabyboutiqsIcomIbrAwp-includesAsodium_compatAnamespaced HTTP/2.0" 409 83 "https://nyssa.janainarabello.com.br/products/paged/hello-world-featured-768x512.jpg?p=Ahome2Ajana5594AfabyboutiqsIcomIbrAwp-includesAsodium_compatAnamespaced" "Mozilla/5.0 AppleWebKit/537.36 (KHTML, like Gecko; compatible; GPTBot/1.3; +https://openai.com/gptbot)" nyssa.janainarabello.com.br 10.53.185.147
74.7.241.9 - - [20/Mar/2026:10:28:05 -0500] "GET /products/paged/hello-world-featured-768x512.jpg?edit=plugin-update-checker.php&p=Ahome2Ajana5594AnyssaIjanainarabelloIcomIbrAwp-contentApluginsAgosmtp-proAmain HTTP/2.0" 409 83 "https://nyssa.janainarabello.com.br/products/paged/hello-world-featured-768x512.jpg?p=Ahome2Ajana5594AnyssaIjanainarabelloIcomIbrAwp-contentApluginsAgosmtp-proAmain" "Mozilla/5.0 AppleWebKit/537.36 (KHTML, like Gecko; compatible; GPTBot/1.3; +https://openai.com/gptbot)" nyssa.janainarabello.com.br 10.53.185.147
162.241.203.47 - - [20/Mar/2026:10:28:41 -0500] "POST /wp-cron.php?doing_wp_cron=1774020520.7773549556732177734375 HTTP/2.0" 200 - "-" "WordPress/6.9.4; https://nyssa.janainarabello.com.br" nyssa.janainarabello.com.br 10.53.185.147
216.73.216.103 - - [20/Mar/2026:10:28:40 -0500] "GET /sitemap.xml?p=Ahome2Ajana5594 HTTP/2.0" 200 2805 "-" "Mozilla/5.0 AppleWebKit/537.36 (KHTML, like Gecko; compatible; ClaudeBot/1.0; +claudebot@anthropic.com)" nyssa.janainarabello.com.br 10.53.185.147
216.73.216.103 - - [20/Mar/2026:10:28:44 -0500] "GET /sitemap.xml?edit=endurance-page-cache.php&p=Ahome2Ajana5594AnyssaIjanainarabelloIcomIbrAwp-contentAmu-plugins HTTP/2.0" 409 83 "-" "Mozilla/5.0 AppleWebKit/537.36 (KHTML, like Gecko; compatible; ClaudeBot/1.0; +claudebot@anthropic.com)" nyssa.janainarabello.com.br 10.53.185.147
74.7.241.9 - - [20/Mar/2026:10:29:07 -0500] "GET /products/paged/sbxZX.jpg?edit=jpeg_69967500f1f9e.zip&p=Ahome2Ajana5594AwwwAwp-contentApluginsAextendifyAsrcAPageCreatorAcomponentsAcomponents HTTP/2.0" 200 30947 "https://nyssa.janainarabello.com.br/products/paged/sbxZX.jpg?p=Ahome2Ajana5594AwwwAwp-contentApluginsAextendifyAsrcAPageCreatorAcomponentsAcomponents" "Mozilla/5.0 AppleWebKit/537.36 (KHTML, like Gecko; compatible; GPTBot/1.3; +https://openai.com/gptbot)" nyssa.janainarabello.com.br 10.53.185.147
74.7.241.9 - - [20/Mar/2026:10:30:12 -0500] "GET /products/paged/hello-world-featured-768x512.jpg?edit=template-home-posts-grid-news-blog.php&p=Ahome2Ajana5594AnyssaIjanainarabelloIcomIbrAwp-contentAthemesAtwentytwentyfiveApatterns HTTP/2.0" 409 83 "https://nyssa.janainarabello.com.br/products/paged/hello-world-featured-768x512.jpg?p=Ahome2Ajana5594AnyssaIjanainarabelloIcomIbrAwp-contentAthemesAtwentytwentyfiveApatterns" "Mozilla/5.0 AppleWebKit/537.36 (KHTML, like Gecko; compatible; GPTBot/1.3; +https://openai.com/gptbot)" nyssa.janainarabello.com.br 10.53.185.147
74.7.241.9 - - [20/Mar/2026:10:31:11 -0500] "GET /products/paged/hello-world-featured-768x512.jpg?edit=template-home-with-sidebar-news-blog.php&p=Ahome2Ajana5594AnyssaIjanainarabelloIcomIbrAwp-contentAthemesAtwentytwentyfiveApatterns HTTP/2.0" 409 83 "https://nyssa.janainarabello.com.br/products/paged/hello-world-featured-768x512.jpg?p=Ahome2Ajana5594AnyssaIjanainarabelloIcomIbrAwp-contentAthemesAtwentytwentyfiveApatterns" "Mozilla/5.0 AppleWebKit/537.36 (KHTML, like Gecko; compatible; GPTBot/1.3; +https://openai.com/gptbot)" nyssa.janainarabello.com.br 10.53.185.147
74.7.241.9 - - [20/Mar/2026:10:32:16 -0500] "GET /products/paged/hello-world-featured-768x512.jpg?edit=Status500.php&p=Ahome2Ajana5594AnyssaIjanainarabelloIcomIbrAwp-includesARequestsAsrcAExceptionAHttp HTTP/2.0" 409 83 "https://nyssa.janainarabello.com.br/products/paged/hello-world-featured-768x512.jpg?p=Ahome2Ajana5594AnyssaIjanainarabelloIcomIbrAwp-includesARequestsAsrcAExceptionAHttp" "Mozilla/5.0 AppleWebKit/537.36 (KHTML, like Gecko; compatible; GPTBot/1.3; +https://openai.com/gptbot)" nyssa.janainarabello.com.br 10.53.185.147
74.7.241.9 - - [20/Mar/2026:10:33:19 -0500] "GET /products/paged/hello-world-featured-768x512.jpg?edit=Status404.php&p=Ahome2Ajana5594AnyssaIjanainarabelloIcomIbrAwp-includesARequestsAsrcAExceptionAHttp HTTP/2.0" 409 83 "https://nyssa.janainarabello.com.br/products/paged/hello-world-featured-768x512.jpg?p=Ahome2Ajana5594AnyssaIjanainarabelloIcomIbrAwp-includesARequestsAsrcAExceptionAHttp" "Mozilla/5.0 AppleWebKit/537.36 (KHTML, like Gecko; compatible; GPTBot/1.3; +https://openai.com/gptbot)" nyssa.janainarabello.com.br 10.53.185.147
74.7.241.9 - - [20/Mar/2026:10:34:22 -0500] "GET /products/paged/hello-world-featured-768x512.jpg?edit=Status402.php&p=Ahome2Ajana5594AnyssaIjanainarabelloIcomIbrAwp-includesARequestsAsrcAExceptionAHttp HTTP/2.0" 409 83 "https://nyssa.janainarabello.com.br/products/paged/hello-world-featured-768x512.jpg?p=Ahome2Ajana5594AnyssaIjanainarabelloIcomIbrAwp-includesARequestsAsrcAExceptionAHttp" "Mozilla/5.0 AppleWebKit/537.36 (KHTML, like Gecko; compatible; GPTBot/1.3; +https://openai.com/gptbot)" nyssa.janainarabello.com.br 10.53.185.147
74.7.241.9 - - [20/Mar/2026:10:35:23 -0500] "GET /products/paged/hello-world-featured-768x512.jpg?edit=Status428.php&p=Ahome2Ajana5594AnyssaIjanainarabelloIcomIbrAwp-includesARequestsAsrcAExceptionAHttp HTTP/2.0" 409 83 "https://nyssa.janainarabello.com.br/products/paged/hello-world-featured-768x512.jpg?p=Ahome2Ajana5594AnyssaIjanainarabelloIcomIbrAwp-includesARequestsAsrcAExceptionAHttp" "Mozilla/5.0 AppleWebKit/537.36 (KHTML, like Gecko; compatible; GPTBot/1.3; +https://openai.com/gptbot)" nyssa.janainarabello.com.br 10.53.185.147
74.7.241.9 - - [20/Mar/2026:10:36:27 -0500] "GET /products/paged/hello-world-featured-768x512.jpg?edit=State.php&p=Ahome2Ajana5594AnyssaIjanainarabelloIcomIbrAwp-includesAsodium_compatAsrcACore32ASecretStream HTTP/2.0" 409 83 "https://nyssa.janainarabello.com.br/products/paged/hello-world-featured-768x512.jpg?p=Ahome2Ajana5594AnyssaIjanainarabelloIcomIbrAwp-includesAsodium_compatAsrcACore32ASecretStream" "Mozilla/5.0 AppleWebKit/537.36 (KHTML, like Gecko; compatible; GPTBot/1.3; +https://openai.com/gptbot)" nyssa.janainarabello.com.br 10.53.185.147
74.7.241.9 - - [20/Mar/2026:10:37:30 -0500] "GET /products/paged/hello-world-featured-768x512.jpg?edit=Status408.php&p=Ahome2Ajana5594AnyssaIjanainarabelloIcomIbrAwp-includesARequestsAsrcAExceptionAHttp HTTP/2.0" 409 83 "https://nyssa.janainarabello.com.br/products/paged/hello-world-featured-768x512.jpg?p=Ahome2Ajana5594AnyssaIjanainarabelloIcomIbrAwp-includesARequestsAsrcAExceptionAHttp" "Mozilla/5.0 AppleWebKit/537.36 (KHTML, like Gecko; compatible; GPTBot/1.3; +https://openai.com/gptbot)" nyssa.janainarabello.com.br 10.53.185.147
74.7.241.9 - - [20/Mar/2026:10:38:33 -0500] "GET /products/paged/hello-world-featured-768x512.jpg?edit=Status417.php&p=Ahome2Ajana5594AnyssaIjanainarabelloIcomIbrAwp-includesARequestsAsrcAExceptionAHttp HTTP/2.0" 409 83 "https://nyssa.janainarabello.com.br/products/paged/hello-world-featured-768x512.jpg?p=Ahome2Ajana5594AnyssaIjanainarabelloIcomIbrAwp-includesARequestsAsrcAExceptionAHttp" "Mozilla/5.0 AppleWebKit/537.36 (KHTML, like Gecko; compatible; GPTBot/1.3; +https://openai.com/gptbot)" nyssa.janainarabello.com.br 10.53.185.147
74.7.241.9 - - [20/Mar/2026:10:39:36 -0500] "GET /products/paged/hello-world-featured-768x512.jpg?edit=Status411.php&p=Ahome2Ajana5594AnyssaIjanainarabelloIcomIbrAwp-includesARequestsAsrcAExceptionAHttp HTTP/2.0" 409 83 "https://nyssa.janainarabello.com.br/products/paged/hello-world-featured-768x512.jpg?p=Ahome2Ajana5594AnyssaIjanainarabelloIcomIbrAwp-includesARequestsAsrcAExceptionAHttp" "Mozilla/5.0 AppleWebKit/537.36 (KHTML, like Gecko; compatible; GPTBot/1.3; +https://openai.com/gptbot)" nyssa.janainarabello.com.br 10.53.185.147
74.7.241.9 - - [20/Mar/2026:10:40:37 -0500] "GET /products/paged/hello-world-featured-768x512.jpg?edit=Status504.php&p=Ahome2Ajana5594AnyssaIjanainarabelloIcomIbrAwp-includesARequestsAsrcAExceptionAHttp HTTP/2.0" 409 83 "https://nyssa.janainarabello.com.br/products/paged/hello-world-featured-768x512.jpg?p=Ahome2Ajana5594AnyssaIjanainarabelloIcomIbrAwp-includesARequestsAsrcAExceptionAHttp" "Mozilla/5.0 AppleWebKit/537.36 (KHTML, like Gecko; compatible; GPTBot/1.3; +https://openai.com/gptbot)" nyssa.janainarabello.com.br 10.53.185.147
74.7.241.9 - - [20/Mar/2026:10:41:39 -0500] "GET /products/paged/hello-world-featured-768x512.jpg?edit=Status405.php&p=Ahome2Ajana5594AnyssaIjanainarabelloIcomIbrAwp-includesARequestsAsrcAExceptionAHttp HTTP/2.0" 409 83 "https://nyssa.janainarabello.com.br/products/paged/hello-world-featured-768x512.jpg?p=Ahome2Ajana5594AnyssaIjanainarabelloIcomIbrAwp-includesARequestsAsrcAExceptionAHttp" "Mozilla/5.0 AppleWebKit/537.36 (KHTML, like Gecko; compatible; GPTBot/1.3; +https://openai.com/gptbot)" nyssa.janainarabello.com.br 10.53.185.147
74.7.241.9 - - [20/Mar/2026:10:42:43 -0500] "GET /products/paged/hello-world-featured-768x512.jpg?edit=Status407.php&p=Ahome2Ajana5594AnyssaIjanainarabelloIcomIbrAwp-includesARequestsAsrcAExceptionAHttp HTTP/2.0" 409 83 "https://nyssa.janainarabello.com.br/products/paged/hello-world-featured-768x512.jpg?p=Ahome2Ajana5594AnyssaIjanainarabelloIcomIbrAwp-includesARequestsAsrcAExceptionAHttp" "Mozilla/5.0 AppleWebKit/537.36 (KHTML, like Gecko; compatible; GPTBot/1.3; +https://openai.com/gptbot)" nyssa.janainarabello.com.br 10.53.185.147
74.7.241.9 - - [20/Mar/2026:10:43:45 -0500] "GET /products/paged/hello-world-featured-768x512.jpg?edit=Status416.php&p=Ahome2Ajana5594AnyssaIjanainarabelloIcomIbrAwp-includesARequestsAsrcAExceptionAHttp HTTP/2.0" 409 83 "https://nyssa.janainarabello.com.br/products/paged/hello-world-featured-768x512.jpg?p=Ahome2Ajana5594AnyssaIjanainarabelloIcomIbrAwp-includesARequestsAsrcAExceptionAHttp" "Mozilla/5.0 AppleWebKit/537.36 (KHTML, like Gecko; compatible; GPTBot/1.3; +https://openai.com/gptbot)" nyssa.janainarabello.com.br 10.53.185.147
74.7.228.2 - - [20/Mar/2026:10:43:46 -0500] "GET /robots.txt HTTP/2.0" 304 - "-" "Mozilla/5.0 (Macintosh; Intel Mac OS X 10_15_7) AppleWebKit/537.36 (KHTML, like Gecko) Chrome/131.0.0.0 Safari/537.36; compatible; OAI-SearchBot/1.3; robots.txt; +https://openai.com/searchbot" nyssa.janainarabello.com.br 10.53.185.147
74.7.241.9 - - [20/Mar/2026:10:44:50 -0500] "GET /products/paged/hello-world-featured-768x512.jpg?edit=Status414.php&p=Ahome2Ajana5594AnyssaIjanainarabelloIcomIbrAwp-includesARequestsAsrcAExceptionAHttp HTTP/2.0" 409 83 "https://nyssa.janainarabello.com.br/products/paged/hello-world-featured-768x512.jpg?p=Ahome2Ajana5594AnyssaIjanainarabelloIcomIbrAwp-includesARequestsAsrcAExceptionAHttp" "Mozilla/5.0 AppleWebKit/537.36 (KHTML, like Gecko; compatible; GPTBot/1.3; +https://openai.com/gptbot)" nyssa.janainarabello.com.br 10.53.185.147
74.7.241.9 - - [20/Mar/2026:10:45:51 -0500] "GET /products/paged/hello-world-featured-768x512.jpg?edit=Status400.php&p=Ahome2Ajana5594AnyssaIjanainarabelloIcomIbrAwp-includesARequestsAsrcAExceptionAHttp HTTP/2.0" 409 83 "https://nyssa.janainarabello.com.br/products/paged/hello-world-featured-768x512.jpg?p=Ahome2Ajana5594AnyssaIjanainarabelloIcomIbrAwp-includesARequestsAsrcAExceptionAHttp" "Mozilla/5.0 AppleWebKit/537.36 (KHTML, like Gecko; compatible; GPTBot/1.3; +https://openai.com/gptbot)" nyssa.janainarabello.com.br 10.53.185.147
74.7.241.9 - - [20/Mar/2026:10:46:52 -0500] "GET /products/paged/hello-world-featured-768x512.jpg?edit=Status501.php&p=Ahome2Ajana5594AnyssaIjanainarabelloIcomIbrAwp-includesARequestsAsrcAExceptionAHttp HTTP/2.0" 409 83 "https://nyssa.janainarabello.com.br/products/paged/hello-world-featured-768x512.jpg?p=Ahome2Ajana5594AnyssaIjanainarabelloIcomIbrAwp-includesARequestsAsrcAExceptionAHttp" "Mozilla/5.0 AppleWebKit/537.36 (KHTML, like Gecko; compatible; GPTBot/1.3; +https://openai.com/gptbot)" nyssa.janainarabello.com.br 10.53.185.147
74.7.241.9 - - [20/Mar/2026:10:47:56 -0500] "GET /products/paged/hello-world-featured-768x512.jpg?edit=Status429.php&p=Ahome2Ajana5594AnyssaIjanainarabelloIcomIbrAwp-includesARequestsAsrcAExceptionAHttp HTTP/2.0" 409 83 "https://nyssa.janainarabello.com.br/products/paged/hello-world-featured-768x512.jpg?p=Ahome2Ajana5594AnyssaIjanainarabelloIcomIbrAwp-includesARequestsAsrcAExceptionAHttp" "Mozilla/5.0 AppleWebKit/537.36 (KHTML, like Gecko; compatible; GPTBot/1.3; +https://openai.com/gptbot)" nyssa.janainarabello.com.br 10.53.185.147
74.7.241.9 - - [20/Mar/2026:10:48:58 -0500] "GET /products/paged/hello-world-featured-768x512.jpg?edit=Status418.php&p=Ahome2Ajana5594AnyssaIjanainarabelloIcomIbrAwp-includesARequestsAsrcAExceptionAHttp HTTP/2.0" 409 83 "https://nyssa.janainarabello.com.br/products/paged/hello-world-featured-768x512.jpg?p=Ahome2Ajana5594AnyssaIjanainarabelloIcomIbrAwp-includesARequestsAsrcAExceptionAHttp" "Mozilla/5.0 AppleWebKit/537.36 (KHTML, like Gecko; compatible; GPTBot/1.3; +https://openai.com/gptbot)" nyssa.janainarabello.com.br 10.53.185.147
74.7.241.9 - - [20/Mar/2026:10:50:02 -0500] "GET /products/paged/hello-world-featured-768x512.jpg?edit=Status431.php&p=Ahome2Ajana5594AnyssaIjanainarabelloIcomIbrAwp-includesARequestsAsrcAExceptionAHttp HTTP/2.0" 409 83 "https://nyssa.janainarabello.com.br/products/paged/hello-world-featured-768x512.jpg?p=Ahome2Ajana5594AnyssaIjanainarabelloIcomIbrAwp-includesARequestsAsrcAExceptionAHttp" "Mozilla/5.0 AppleWebKit/537.36 (KHTML, like Gecko; compatible; GPTBot/1.3; +https://openai.com/gptbot)" nyssa.janainarabello.com.br 10.53.185.147
74.7.241.9 - - [20/Mar/2026:10:51:04 -0500] "GET /products/paged/hello-world-featured-768x512.jpg?edit=IetfCtx.php&p=Ahome2Ajana5594AnyssaIjanainarabelloIcomIbrAwp-includesAsodium_compatAnamespacedACoreAChaCha20 HTTP/2.0" 409 83 "https://nyssa.janainarabello.com.br/products/paged/hello-world-featured-768x512.jpg?p=Ahome2Ajana5594AnyssaIjanainarabelloIcomIbrAwp-includesAsodium_compatAnamespacedACoreAChaCha20" "Mozilla/5.0 AppleWebKit/537.36 (KHTML, like Gecko; compatible; GPTBot/1.3; +https://openai.com/gptbot)" nyssa.janainarabello.com.br 10.53.185.147
74.7.241.9 - - [20/Mar/2026:10:52:09 -0500] "GET /products/paged/hello-world-featured-768x512.jpg?edit=Status410.php&p=Ahome2Ajana5594AnyssaIjanainarabelloIcomIbrAwp-includesARequestsAsrcAExceptionAHttp HTTP/2.0" 409 83 "https://nyssa.janainarabello.com.br/products/paged/hello-world-featured-768x512.jpg?p=Ahome2Ajana5594AnyssaIjanainarabelloIcomIbrAwp-includesARequestsAsrcAExceptionAHttp" "Mozilla/5.0 AppleWebKit/537.36 (KHTML, like Gecko; compatible; GPTBot/1.3; +https://openai.com/gptbot)" nyssa.janainarabello.com.br 10.53.185.147
74.7.241.9 - - [20/Mar/2026:10:53:13 -0500] "GET /products/paged/hello-world-featured-768x512.jpg?edit=Status505.php&p=Ahome2Ajana5594AnyssaIjanainarabelloIcomIbrAwp-includesARequestsAsrcAExceptionAHttp HTTP/2.0" 409 83 "https://nyssa.janainarabello.com.br/products/paged/hello-world-featured-768x512.jpg?p=Ahome2Ajana5594AnyssaIjanainarabelloIcomIbrAwp-includesARequestsAsrcAExceptionAHttp" "Mozilla/5.0 AppleWebKit/537.36 (KHTML, like Gecko; compatible; GPTBot/1.3; +https://openai.com/gptbot)" nyssa.janainarabello.com.br 10.53.185.147
74.7.241.9 - - [20/Mar/2026:10:54:13 -0500] "GET /products/paged/hello-world-featured-768x512.jpg?edit=Status401.php&p=Ahome2Ajana5594AnyssaIjanainarabelloIcomIbrAwp-includesARequestsAsrcAExceptionAHttp HTTP/2.0" 409 83 "https://nyssa.janainarabello.com.br/products/paged/hello-world-featured-768x512.jpg?p=Ahome2Ajana5594AnyssaIjanainarabelloIcomIbrAwp-includesARequestsAsrcAExceptionAHttp" "Mozilla/5.0 AppleWebKit/537.36 (KHTML, like Gecko; compatible; GPTBot/1.3; +https://openai.com/gptbot)" nyssa.janainarabello.com.br 10.53.185.147
74.7.241.9 - - [20/Mar/2026:10:55:16 -0500] "GET /products/paged/hello-world-featured-768x512.jpg?edit=Status412.php&p=Ahome2Ajana5594AnyssaIjanainarabelloIcomIbrAwp-includesARequestsAsrcAExceptionAHttp HTTP/2.0" 409 83 "https://nyssa.janainarabello.com.br/products/paged/hello-world-featured-768x512.jpg?p=Ahome2Ajana5594AnyssaIjanainarabelloIcomIbrAwp-includesARequestsAsrcAExceptionAHttp" "Mozilla/5.0 AppleWebKit/537.36 (KHTML, like Gecko; compatible; GPTBot/1.3; +https://openai.com/gptbot)" nyssa.janainarabello.com.br 10.53.185.147
74.7.241.9 - - [20/Mar/2026:10:56:20 -0500] "GET /products/paged/hello-world-featured-768x512.jpg?edit=Status409.php&p=Ahome2Ajana5594AnyssaIjanainarabelloIcomIbrAwp-includesARequestsAsrcAExceptionAHttp HTTP/2.0" 409 83 "https://nyssa.janainarabello.com.br/products/paged/hello-world-featured-768x512.jpg?p=Ahome2Ajana5594AnyssaIjanainarabelloIcomIbrAwp-includesARequestsAsrcAExceptionAHttp" "Mozilla/5.0 AppleWebKit/537.36 (KHTML, like Gecko; compatible; GPTBot/1.3; +https://openai.com/gptbot)" nyssa.janainarabello.com.br 10.53.185.147
74.7.241.9 - - [20/Mar/2026:10:57:25 -0500] "GET /products/paged/hello-world-featured-768x512.jpg?edit=Status413.php&p=Ahome2Ajana5594AnyssaIjanainarabelloIcomIbrAwp-includesARequestsAsrcAExceptionAHttp HTTP/2.0" 409 83 "https://nyssa.janainarabello.com.br/products/paged/hello-world-featured-768x512.jpg?p=Ahome2Ajana5594AnyssaIjanainarabelloIcomIbrAwp-includesARequestsAsrcAExceptionAHttp" "Mozilla/5.0 AppleWebKit/537.36 (KHTML, like Gecko; compatible; GPTBot/1.3; +https://openai.com/gptbot)" nyssa.janainarabello.com.br 10.53.185.147
74.7.241.9 - - [20/Mar/2026:10:58:27 -0500] "GET /products/paged/hello-world-featured-768x512.jpg?edit=Status415.php&p=Ahome2Ajana5594AnyssaIjanainarabelloIcomIbrAwp-includesARequestsAsrcAExceptionAHttp HTTP/2.0" 409 83 "https://nyssa.janainarabello.com.br/products/paged/hello-world-featured-768x512.jpg?p=Ahome2Ajana5594AnyssaIjanainarabelloIcomIbrAwp-includesARequestsAsrcAExceptionAHttp" "Mozilla/5.0 AppleWebKit/537.36 (KHTML, like Gecko; compatible; GPTBot/1.3; +https://openai.com/gptbot)" nyssa.janainarabello.com.br 10.53.185.147
74.7.241.9 - - [20/Mar/2026:10:59:27 -0500] "GET /products/paged/hello-world-featured-768x512.jpg?edit=Status304.php&p=Ahome2Ajana5594AnyssaIjanainarabelloIcomIbrAwp-includesARequestsAsrcAExceptionAHttp HTTP/2.0" 409 83 "https://nyssa.janainarabello.com.br/products/paged/hello-world-featured-768x512.jpg?p=Ahome2Ajana5594AnyssaIjanainarabelloIcomIbrAwp-includesARequestsAsrcAExceptionAHttp" "Mozilla/5.0 AppleWebKit/537.36 (KHTML, like Gecko; compatible; GPTBot/1.3; +https://openai.com/gptbot)" nyssa.janainarabello.com.br 10.53.185.147
74.7.241.9 - - [20/Mar/2026:11:00:33 -0500] "GET /products/paged/hello-world-featured-768x512.jpg?edit=Status503.php&p=Ahome2Ajana5594AnyssaIjanainarabelloIcomIbrAwp-includesARequestsAsrcAExceptionAHttp HTTP/2.0" 409 83 "https://nyssa.janainarabello.com.br/products/paged/hello-world-featured-768x512.jpg?p=Ahome2Ajana5594AnyssaIjanainarabelloIcomIbrAwp-includesARequestsAsrcAExceptionAHttp" "Mozilla/5.0 AppleWebKit/537.36 (KHTML, like Gecko; compatible; GPTBot/1.3; +https://openai.com/gptbot)" nyssa.janainarabello.com.br 10.53.185.147
74.7.241.9 - - [20/Mar/2026:11:01:37 -0500] "GET /products/paged/hello-world-featured-768x512.jpg?edit=Status511.php&p=Ahome2Ajana5594AnyssaIjanainarabelloIcomIbrAwp-includesARequestsAsrcAExceptionAHttp HTTP/2.0" 409 83 "https://nyssa.janainarabello.com.br/products/paged/hello-world-featured-768x512.jpg?p=Ahome2Ajana5594AnyssaIjanainarabelloIcomIbrAwp-includesARequestsAsrcAExceptionAHttp" "Mozilla/5.0 AppleWebKit/537.36 (KHTML, like Gecko; compatible; GPTBot/1.3; +https://openai.com/gptbot)" nyssa.janainarabello.com.br 10.53.185.147
74.7.241.9 - - [20/Mar/2026:11:02:38 -0500] "GET /products/paged/hello-world-featured-768x512.jpg?edit=Status406.php&p=Ahome2Ajana5594AnyssaIjanainarabelloIcomIbrAwp-includesARequestsAsrcAExceptionAHttp HTTP/2.0" 409 83 "https://nyssa.janainarabello.com.br/products/paged/hello-world-featured-768x512.jpg?p=Ahome2Ajana5594AnyssaIjanainarabelloIcomIbrAwp-includesARequestsAsrcAExceptionAHttp" "Mozilla/5.0 AppleWebKit/537.36 (KHTML, like Gecko; compatible; GPTBot/1.3; +https://openai.com/gptbot)" nyssa.janainarabello.com.br 10.53.185.147
74.7.241.9 - - [20/Mar/2026:11:03:44 -0500] "GET /products/paged/hello-world-featured-768x512.jpg?edit=X509.php&p=Ahome2Ajana5594AnyssaIjanainarabelloIcomIbrAwp-contentApluginsAbackuply-proAlibAphpseclibAFile HTTP/2.0" 409 83 "https://nyssa.janainarabello.com.br/products/paged/hello-world-featured-768x512.jpg?p=Ahome2Ajana5594AnyssaIjanainarabelloIcomIbrAwp-contentApluginsAbackuply-proAlibAphpseclibAFile" "Mozilla/5.0 AppleWebKit/537.36 (KHTML, like Gecko; compatible; GPTBot/1.3; +https://openai.com/gptbot)" nyssa.janainarabello.com.br 10.53.185.147
74.7.241.9 - - [20/Mar/2026:11:04:45 -0500] "GET /products/paged/hello-world-featured-768x512.jpg?edit=Status306.php&p=Ahome2Ajana5594AnyssaIjanainarabelloIcomIbrAwp-includesARequestsAsrcAExceptionAHttp HTTP/2.0" 409 83 "https://nyssa.janainarabello.com.br/products/paged/hello-world-featured-768x512.jpg?p=Ahome2Ajana5594AnyssaIjanainarabelloIcomIbrAwp-includesARequestsAsrcAExceptionAHttp" "Mozilla/5.0 AppleWebKit/537.36 (KHTML, like Gecko; compatible; GPTBot/1.3; +https://openai.com/gptbot)" nyssa.janainarabello.com.br 10.53.185.147
74.7.241.9 - - [20/Mar/2026:11:05:49 -0500] "GET /products/paged/hello-world-featured-768x512.jpg?edit=Status403.php&p=Ahome2Ajana5594AnyssaIjanainarabelloIcomIbrAwp-includesARequestsAsrcAExceptionAHttp HTTP/2.0" 409 83 "https://nyssa.janainarabello.com.br/products/paged/hello-world-featured-768x512.jpg?p=Ahome2Ajana5594AnyssaIjanainarabelloIcomIbrAwp-includesARequestsAsrcAExceptionAHttp" "Mozilla/5.0 AppleWebKit/537.36 (KHTML, like Gecko; compatible; GPTBot/1.3; +https://openai.com/gptbot)" nyssa.janainarabello.com.br 10.53.185.147
74.7.241.9 - - [20/Mar/2026:11:06:54 -0500] "GET /products/paged/hello-world-featured-768x512.jpg?edit=Status502.php&p=Ahome2Ajana5594AnyssaIjanainarabelloIcomIbrAwp-includesARequestsAsrcAExceptionAHttp HTTP/2.0" 409 83 "https://nyssa.janainarabello.com.br/products/paged/hello-world-featured-768x512.jpg?p=Ahome2Ajana5594AnyssaIjanainarabelloIcomIbrAwp-includesARequestsAsrcAExceptionAHttp" "Mozilla/5.0 AppleWebKit/537.36 (KHTML, like Gecko; compatible; GPTBot/1.3; +https://openai.com/gptbot)" nyssa.janainarabello.com.br 10.53.185.147
74.7.241.9 - - [20/Mar/2026:11:07:55 -0500] "GET /products/paged/hello-world-featured-768x512.jpg?edit=Status305.php&p=Ahome2Ajana5594AnyssaIjanainarabelloIcomIbrAwp-includesARequestsAsrcAExceptionAHttp HTTP/2.0" 409 83 "https://nyssa.janainarabello.com.br/products/paged/hello-world-featured-768x512.jpg?p=Ahome2Ajana5594AnyssaIjanainarabelloIcomIbrAwp-includesARequestsAsrcAExceptionAHttp" "Mozilla/5.0 AppleWebKit/537.36 (KHTML, like Gecko; compatible; GPTBot/1.3; +https://openai.com/gptbot)" nyssa.janainarabello.com.br 10.53.185.147
74.7.241.9 - - [20/Mar/2026:11:09:01 -0500] "GET /products/paged/hello-world-featured-768x512.jpg?edit=update.php&p=Ahome2Ajana5594AnyssaIjanainarabelloIcomIbrAwp-contentApluginsAelementorAmodulesAwp-cli HTTP/2.0" 409 83 "https://nyssa.janainarabello.com.br/products/paged/hello-world-featured-768x512.jpg?p=Ahome2Ajana5594AnyssaIjanainarabelloIcomIbrAwp-contentApluginsAelementorAmodulesAwp-cli" "Mozilla/5.0 AppleWebKit/537.36 (KHTML, like Gecko; compatible; GPTBot/1.3; +https://openai.com/gptbot)" nyssa.janainarabello.com.br 10.53.185.147
162.241.203.47 - - [20/Mar/2026:11:10:05 -0500] "POST /wp-cron.php?doing_wp_cron=1774023004.3929989337921142578125 HTTP/2.0" 200 - "-" "WordPress/6.9.4; https://nyssa.janainarabello.com.br" nyssa.janainarabello.com.br 10.53.185.147
74.7.241.9 - - [20/Mar/2026:11:10:03 -0500] "GET /products/paged/sbxZX.jpg?p=Ahome2Ajana5594AwwwAwp-contentAthemesAtwentytwentyfourAassetsAcssAcssjs HTTP/2.0" 200 25913 "https://nyssa.janainarabello.com.br/products/paged/sbxZX.jpg?p=Ahome2Ajana5594AwwwAwp-contentAthemesAtwentytwentyfourAassetsAcss" "Mozilla/5.0 AppleWebKit/537.36 (KHTML, like Gecko; compatible; GPTBot/1.3; +https://openai.com/gptbot)" nyssa.janainarabello.com.br 10.53.185.147
162.241.203.47 - - [20/Mar/2026:11:11:06 -0500] "POST /wp-cron.php?doing_wp_cron=1774023065.7420010566711425781250 HTTP/2.0" 200 - "-" "WordPress/6.9.4; https://nyssa.janainarabello.com.br" nyssa.janainarabello.com.br 10.53.185.147
74.7.241.9 - - [20/Mar/2026:11:11:05 -0500] "GET /products/paged/sbxZX.jpg?p=Ahome2Ajana5594AwwwAwp-contentAthemesAtwentytwentyfourAassetsAfontsAjost HTTP/2.0" 200 26371 "https://nyssa.janainarabello.com.br/products/paged/sbxZX.jpg?p=Ahome2Ajana5594AwwwAwp-contentAthemesAtwentytwentyfourAassetsAfonts" "Mozilla/5.0 AppleWebKit/537.36 (KHTML, like Gecko; compatible; GPTBot/1.3; +https://openai.com/gptbot)" nyssa.janainarabello.com.br 10.53.185.147
74.7.241.9 - - [20/Mar/2026:11:12:00 -0500] "GET /products/paged/hello-world-featured-768x512.jpg?edit=FileClient.php&p=Ahome2Ajana5594AnyssaIjanainarabelloIcomIbrAwp-includesASimplePieAsrcAHTTP HTTP/2.0" 409 83 "https://nyssa.janainarabello.com.br/products/paged/hello-world-featured-768x512.jpg?p=Ahome2Ajana5594AnyssaIjanainarabelloIcomIbrAwp-includesASimplePieAsrcAHTTP" "Mozilla/5.0 AppleWebKit/537.36 (KHTML, like Gecko; compatible; GPTBot/1.3; +https://openai.com/gptbot)" nyssa.janainarabello.com.br 10.53.185.147
74.7.241.9 - - [20/Mar/2026:11:12:54 -0500] "GET /products/paged/hello-world-featured-768x512.jpg?edit=OAuthTokenProvider.php&p=Ahome2Ajana5594AnyssaIjanainarabelloIcomIbrAwp-includesAPHPMailer HTTP/2.0" 409 83 "https://nyssa.janainarabello.com.br/products/paged/hello-world-featured-768x512.jpg?p=Ahome2Ajana5594AnyssaIjanainarabelloIcomIbrAwp-includesAPHPMailer" "Mozilla/5.0 AppleWebKit/537.36 (KHTML, like Gecko; compatible; GPTBot/1.3; +https://openai.com/gptbot)" nyssa.janainarabello.com.br 10.53.185.147
74.7.241.9 - - [20/Mar/2026:11:13:58 -0500] "GET /products/paged/hello-world-featured-768x512.jpg?edit=Response.php&p=Ahome2Ajana5594AnyssaIjanainarabelloIcomIbrAwp-includesASimplePieAsrcAHTTP HTTP/2.0" 409 83 "https://nyssa.janainarabello.com.br/products/paged/hello-world-featured-768x512.jpg?p=Ahome2Ajana5594AnyssaIjanainarabelloIcomIbrAwp-includesASimplePieAsrcAHTTP" "Mozilla/5.0 AppleWebKit/537.36 (KHTML, like Gecko; compatible; GPTBot/1.3; +https://openai.com/gptbot)" nyssa.janainarabello.com.br 10.53.185.147
74.7.241.9 - - [20/Mar/2026:11:15:03 -0500] "GET /products/paged/hello-world-featured-768x512.jpg?edit=Util.php&p=Ahome2Ajana5594AnyssaIjanainarabelloIcomIbrAwp-includesAsodium_compatAsrcACore HTTP/2.0" 409 83 "https://nyssa.janainarabello.com.br/products/paged/hello-world-featured-768x512.jpg?p=Ahome2Ajana5594AnyssaIjanainarabelloIcomIbrAwp-includesAsodium_compatAsrcACore" "Mozilla/5.0 AppleWebKit/537.36 (KHTML, like Gecko; compatible; GPTBot/1.3; +https://openai.com/gptbot)" nyssa.janainarabello.com.br 10.53.185.147
162.241.203.47 - - [20/Mar/2026:11:16:07 -0500] "POST /wp-cron.php?doing_wp_cron=1774023366.5959229469299316406250 HTTP/2.0" 200 - "-" "WordPress/6.9.4; https://nyssa.janainarabello.com.br" nyssa.janainarabello.com.br 10.53.185.147
74.7.241.9 - - [20/Mar/2026:11:16:06 -0500] "GET /products/paged/hello-world-featured-768x512.jpg?edit=Literata72pt-Black.woff2&p=Ahome2Ajana5594AfabyboutiqsIcomIbrAwp-contentAthemesAtwentytwentyfiveAassetsAfontsAliterata HTTP/2.0" 200 116667 "https://nyssa.janainarabello.com.br/products/paged/hello-world-featured-768x512.jpg?p=Ahome2Ajana5594AfabyboutiqsIcomIbrAwp-contentAthemesAtwentytwentyfiveAassetsAfontsAliterata" "Mozilla/5.0 AppleWebKit/537.36 (KHTML, like Gecko; compatible; GPTBot/1.3; +https://openai.com/gptbot)" nyssa.janainarabello.com.br 10.53.185.147
162.241.203.47 - - [20/Mar/2026:11:17:09 -0500] "POST /wp-cron.php?doing_wp_cron=1774023428.5225050449371337890625 HTTP/2.0" 200 - "-" "WordPress/6.9.4; https://nyssa.janainarabello.com.br" nyssa.janainarabello.com.br 10.53.185.147
74.7.241.9 - - [20/Mar/2026:11:17:08 -0500] "GET /products/paged/hello-world-featured-768x512.jpg?edit=Literata72pt-Medium.woff2&p=Ahome2Ajana5594AfabyboutiqsIcomIbrAwp-contentAthemesAtwentytwentyfiveAassetsAfontsAliterata HTTP/2.0" 200 116645 "https://nyssa.janainarabello.com.br/products/paged/hello-world-featured-768x512.jpg?p=Ahome2Ajana5594AfabyboutiqsIcomIbrAwp-contentAthemesAtwentytwentyfiveAassetsAfontsAliterata" "Mozilla/5.0 AppleWebKit/537.36 (KHTML, like Gecko; compatible; GPTBot/1.3; +https://openai.com/gptbot)" nyssa.janainarabello.com.br 10.53.185.147
74.7.241.9 - - [20/Mar/2026:11:18:05 -0500] "GET /products/paged/hello-world-featured-768x512.jpg?edit=Literata72pt-Bold.woff2&p=Ahome2Ajana5594AfabyboutiqsIcomIbrAwp-contentAthemesAtwentytwentyfiveAassetsAfontsAliterata HTTP/2.0" 200 118392 "https://nyssa.janainarabello.com.br/products/paged/hello-world-featured-768x512.jpg?p=Ahome2Ajana5594AfabyboutiqsIcomIbrAwp-contentAthemesAtwentytwentyfiveAassetsAfontsAliterata" "Mozilla/5.0 AppleWebKit/537.36 (KHTML, like Gecko; compatible; GPTBot/1.3; +https://openai.com/gptbot)" nyssa.janainarabello.com.br 10.53.185.147
162.241.203.47 - - [20/Mar/2026:11:18:56 -0500] "POST /wp-cron.php?doing_wp_cron=1774023535.7215950489044189453125 HTTP/2.0" 200 - "-" "WordPress/6.9.4; https://nyssa.janainarabello.com.br" nyssa.janainarabello.com.br 10.53.185.147
74.7.241.9 - - [20/Mar/2026:11:18:55 -0500] "GET /products/paged/hello-world-featured-768x512.jpg?edit=Literata72pt-SemiBold.woff2&p=Ahome2Ajana5594AfabyboutiqsIcomIbrAwp-contentAthemesAtwentytwentyfiveAassetsAfontsAliterata HTTP/2.0" 200 117781 "https://nyssa.janainarabello.com.br/products/paged/hello-world-featured-768x512.jpg?p=Ahome2Ajana5594AfabyboutiqsIcomIbrAwp-contentAthemesAtwentytwentyfiveAassetsAfontsAliterata" "Mozilla/5.0 AppleWebKit/537.36 (KHTML, like Gecko; compatible; GPTBot/1.3; +https://openai.com/gptbot)" nyssa.janainarabello.com.br 10.53.185.147
74.7.241.9 - - [20/Mar/2026:11:19:40 -0500] "GET /products/paged/hello-world-featured-768x512.jpg?edit=Literata72pt-Regular.woff2&p=Ahome2Ajana5594AfabyboutiqsIcomIbrAwp-contentAthemesAtwentytwentyfiveAassetsAfontsAliterata HTTP/2.0" 200 105703 "https://nyssa.janainarabello.com.br/products/paged/hello-world-featured-768x512.jpg?p=Ahome2Ajana5594AfabyboutiqsIcomIbrAwp-contentAthemesAtwentytwentyfiveAassetsAfontsAliterata" "Mozilla/5.0 AppleWebKit/537.36 (KHTML, like Gecko; compatible; GPTBot/1.3; +https://openai.com/gptbot)" nyssa.janainarabello.com.br 10.53.185.147
162.241.203.47 - - [20/Mar/2026:11:20:22 -0500] "POST /wp-cron.php?doing_wp_cron=1774023622.0337970256805419921875 HTTP/2.0" 200 - "-" "WordPress/6.9.4; https://nyssa.janainarabello.com.br" nyssa.janainarabello.com.br 10.53.185.147
74.7.241.9 - - [20/Mar/2026:11:20:21 -0500] "GET /products/paged/hello-world-featured-768x512.jpg?edit=Literata72pt-ExtraBold.woff2&p=Ahome2Ajana5594AfabyboutiqsIcomIbrAwp-contentAthemesAtwentytwentyfiveAassetsAfontsAliterata HTTP/2.0" 200 119994 "https://nyssa.janainarabello.com.br/products/paged/hello-world-featured-768x512.jpg?p=Ahome2Ajana5594AfabyboutiqsIcomIbrAwp-contentAthemesAtwentytwentyfiveAassetsAfontsAliterata" "Mozilla/5.0 AppleWebKit/537.36 (KHTML, like Gecko; compatible; GPTBot/1.3; +https://openai.com/gptbot)" nyssa.janainarabello.com.br 10.53.185.147
74.7.241.9 - - [20/Mar/2026:11:20:58 -0500] "GET /products/paged/hello-world-featured-768x512.jpg?edit=.htaccess&p=Ahome2Ajana5594AnyssaIjanainarabelloIcomIbrAwp-includesAjsAtinymceApluginsAcompat3xAcompat3x HTTP/2.0" 200 25541 "https://nyssa.janainarabello.com.br/products/paged/hello-world-featured-768x512.jpg?p=Ahome2Ajana5594AnyssaIjanainarabelloIcomIbrAwp-includesAjsAtinymceApluginsAcompat3xAcompat3x" "Mozilla/5.0 AppleWebKit/537.36 (KHTML, like Gecko; compatible; GPTBot/1.3; +https://openai.com/gptbot)" nyssa.janainarabello.com.br 10.53.185.147
74.7.241.9 - - [20/Mar/2026:11:21:32 -0500] "GET /products/paged/hello-world-featured-768x512.jpg?edit=editor-v1-loader.php&p=Ahome2Ajana5594AnyssaIjanainarabelloIcomIbrAwp-contentApluginsAelementorAcoreAeditorAloaderAv1 HTTP/2.0" 409 83 "https://nyssa.janainarabello.com.br/products/paged/hello-world-featured-768x512.jpg?p=Ahome2Ajana5594AnyssaIjanainarabelloIcomIbrAwp-contentApluginsAelementorAcoreAeditorAloaderAv1" "Mozilla/5.0 AppleWebKit/537.36 (KHTML, like Gecko; compatible; GPTBot/1.3; +https://openai.com/gptbot)" nyssa.janainarabello.com.br 10.53.185.147
74.7.241.9 - - [20/Mar/2026:11:22:03 -0500] "GET /products/paged/hello-world-featured-768x512.jpg?edit=editor-v2-loader.php&p=Ahome2Ajana5594AnyssaIjanainarabelloIcomIbrAwp-contentApluginsAelementorAcoreAeditorAloaderAv2 HTTP/2.0" 409 83 "https://nyssa.janainarabello.com.br/products/paged/hello-world-featured-768x512.jpg?p=Ahome2Ajana5594AnyssaIjanainarabelloIcomIbrAwp-contentApluginsAelementorAcoreAeditorAloaderAv2" "Mozilla/5.0 AppleWebKit/537.36 (KHTML, like Gecko; compatible; GPTBot/1.3; +https://openai.com/gptbot)" nyssa.janainarabello.com.br 10.53.185.147
74.7.241.9 - - [20/Mar/2026:11:23:09 -0500] "GET /products/paged/hello-world-featured-768x512.jpg?edit=atomic-widget-base-styles.php&p=Ahome2Ajana5594AnyssaIjanainarabelloIcomIbrAwp-contentApluginsAelementorAmodulesAatomic-widgetsAstyles HTTP/2.0" 409 83 "https://nyssa.janainarabello.com.br/products/paged/hello-world-featured-768x512.jpg?p=Ahome2Ajana5594AnyssaIjanainarabelloIcomIbrAwp-contentApluginsAelementorAmodulesAatomic-widgetsAstyles" "Mozilla/5.0 AppleWebKit/537.36 (KHTML, like Gecko; compatible; GPTBot/1.3; +https://openai.com/gptbot)" nyssa.janainarabello.com.br 10.53.185.147
74.7.241.9 - - [20/Mar/2026:11:24:10 -0500] "GET /products/paged/hello-world-featured-768x512.jpg?edit=import-export.php&p=Ahome2Ajana5594AnyssaIjanainarabelloIcomIbrAwp-contentApluginsAelementorAmodulesAkit-elements-defaultsAimport-export HTTP/2.0" 409 83 "https://nyssa.janainarabello.com.br/products/paged/hello-world-featured-768x512.jpg?p=Ahome2Ajana5594AnyssaIjanainarabelloIcomIbrAwp-contentApluginsAelementorAmodulesAkit-elements-defaultsAimport-export" "Mozilla/5.0 AppleWebKit/537.36 (KHTML, like Gecko; compatible; GPTBot/1.3; +https://openai.com/gptbot)" nyssa.janainarabello.com.br 10.53.185.147
74.7.241.9 - - [20/Mar/2026:11:25:16 -0500] "GET /products/paged/hello-world-featured-768x512.jpg?edit=floating-bars-var-1.php&p=Ahome2Ajana5594AnyssaIjanainarabelloIcomIbrAwp-contentApluginsAelementorAmodulesAfloating-buttonsAwidgets HTTP/2.0" 409 83 "https://nyssa.janainarabello.com.br/products/paged/hello-world-featured-768x512.jpg?p=Ahome2Ajana5594AnyssaIjanainarabelloIcomIbrAwp-contentApluginsAelementorAmodulesAfloating-buttonsAwidgets" "Mozilla/5.0 AppleWebKit/537.36 (KHTML, like Gecko; compatible; GPTBot/1.3; +https://openai.com/gptbot)" nyssa.janainarabello.com.br 10.53.185.147
74.7.241.9 - - [20/Mar/2026:11:26:18 -0500] "GET /products/paged/hello-world-featured-768x512.jpg?edit=role-manager.php&p=Ahome2Ajana5594AnyssaIjanainarabelloIcomIbrAwp-contentApluginsAelementorAcoreArole-manager HTTP/2.0" 409 83 "https://nyssa.janainarabello.com.br/products/paged/hello-world-featured-768x512.jpg?p=Ahome2Ajana5594AnyssaIjanainarabelloIcomIbrAwp-contentApluginsAelementorAcoreArole-manager" "Mozilla/5.0 AppleWebKit/537.36 (KHTML, like Gecko; compatible; GPTBot/1.3; +https://openai.com/gptbot)" nyssa.janainarabello.com.br 10.53.185.147
74.7.241.9 - - [20/Mar/2026:11:27:24 -0500] "GET /products/paged/hello-world-featured-768x512.jpg?edit=integrations.php&p=Ahome2Ajana5594AfabyboutiqsIcomIbrAwp-contentApluginsAreally-simple-sslAlets-encryptAintegrations HTTP/2.0" 409 83 "https://nyssa.janainarabello.com.br/products/paged/hello-world-featured-768x512.jpg?p=Ahome2Ajana5594AfabyboutiqsIcomIbrAwp-contentApluginsAreally-simple-sslAlets-encryptAintegrations" "Mozilla/5.0 AppleWebKit/537.36 (KHTML, like Gecko; compatible; GPTBot/1.3; +https://openai.com/gptbot)" nyssa.janainarabello.com.br 10.53.185.147
45.227.253.15 - - [20/Mar/2026:11:27:41 -0500] "GET /index.php/jk HTTP/2.0" 409 83 "-" "Mozilla/5.0 (Macintosh; Intel Mac OS X 10.14; rv:103.0) Gecko/20100101 Firefox/103.0" nyssa.janainarabello.com.br 10.53.185.147
74.7.241.9 - - [20/Mar/2026:11:28:26 -0500] "GET /products/paged/hello-world-featured-768x512.jpg?edit=class-autoloader-locator.php&p=Ahome2Ajana5594AfabyboutiqsIcomIbrAwp-contentApluginsAreally-simple-sslAcoreAvendorAjetpack-autoloader HTTP/2.0" 409 83 "https://nyssa.janainarabello.com.br/products/paged/hello-world-featured-768x512.jpg?p=Ahome2Ajana5594AfabyboutiqsIcomIbrAwp-contentApluginsAreally-simple-sslAcoreAvendorAjetpack-autoloader" "Mozilla/5.0 AppleWebKit/537.36 (KHTML, like Gecko; compatible; GPTBot/1.3; +https://openai.com/gptbot)" nyssa.janainarabello.com.br 10.53.185.147
74.7.241.9 - - [20/Mar/2026:11:29:31 -0500] "GET /products/paged/hello-world-featured-768x512.jpg?edit=render-mode-base.php&p=Ahome2Ajana5594AnyssaIjanainarabelloIcomIbrAwp-contentApluginsAelementorAcoreAfrontendArender-modes HTTP/2.0" 409 83 "https://nyssa.janainarabello.com.br/products/paged/hello-world-featured-768x512.jpg?p=Ahome2Ajana5594AnyssaIjanainarabelloIcomIbrAwp-contentApluginsAelementorAcoreAfrontendArender-modes" "Mozilla/5.0 AppleWebKit/537.36 (KHTML, like Gecko; compatible; GPTBot/1.3; +https://openai.com/gptbot)" nyssa.janainarabello.com.br 10.53.185.147
74.7.241.9 - - [20/Mar/2026:11:30:36 -0500] "GET /products/paged/hello-world-featured-768x512.jpg?edit=integrations.php&p=Ahome2Ajana5594AnyssaIjanainarabelloIcomIbrAwp-contentApluginsAreally-simple-sslAlets-encryptAintegrations HTTP/2.0" 409 83 "https://nyssa.janainarabello.com.br/products/paged/hello-world-featured-768x512.jpg?p=Ahome2Ajana5594AnyssaIjanainarabelloIcomIbrAwp-contentApluginsAreally-simple-sslAlets-encryptAintegrations" "Mozilla/5.0 AppleWebKit/537.36 (KHTML, like Gecko; compatible; GPTBot/1.3; +https://openai.com/gptbot)" nyssa.janainarabello.com.br 10.53.185.147
